{"id":960,"date":"2013-07-10T18:40:01","date_gmt":"2013-07-10T16:40:01","guid":{"rendered":"http:\/\/www.slovensky-kras.eu\/info\/?page_id=960"},"modified":"2017-05-17T13:33:08","modified_gmt":"2017-05-17T11:33:08","slug":"gemersko-turniansky-festiva","status":"publish","type":"page","link":"https:\/\/www.slovensky-kras.eu\/info\/muzea-kutlura-a-umenie\/gemersko-turniansky-festiva\/","title":{"rendered":"Gemersko-Turniansky festival"},"content":{"rendered":"<p><strong>Menu: <\/strong><a href=\"http:\/\/www.slovensky-kras.eu\/info\/\" class=\"su-button su-button-style-default\" style=\"color:#000000;background-color:#FFCF2F;border-color:#cca626;border-radius:5px\" target=\"_self\"><span style=\"color:#000000;padding:6px 16px;font-size:13px;line-height:20px;border-color:#ffde6e;border-radius:5px;text-shadow:none\"><i class=\"sui sui-arrow-right\" style=\"font-size:13px;color:#000000\"><\/i>  \u00davod \/ Aktuality <\/span><\/a>\n<a href=\"http:\/\/www.slovensky-kras.eu\/info\/muzea-kutlura-a-umenie\/\" class=\"su-button su-button-style-default\" style=\"color:#000000;background-color:#FFCF2F;border-color:#cca626;border-radius:5px\" target=\"_self\"><span style=\"color:#000000;padding:6px 16px;font-size:13px;line-height:20px;border-color:#ffde6e;border-radius:5px;text-shadow:none\"><i class=\"sui sui-arrow-right\" style=\"font-size:13px;color:#000000\"><\/i>  M\u00faze\u00e1, kutl\u00fara a &#8230; <\/span><\/a>\n<div class=\"su-divider su-divider-style-default\" style=\"margin:15px 0;border-width:2px;border-color:#000000\"><\/div>\n<div class=\"su-divider su-divider-style-default\" style=\"margin:15px 0;border-width:2px;border-color:#000000\"><\/div>\n<strong>Pravideln\u00e9 kulturn\u00e9 a hudobn\u00e9 podujatia<\/strong><br \/>\n<div class=\"su-divider su-divider-style-default\" style=\"margin:15px 0;border-width:2px;border-color:#000000\"><\/div>\n<p><span style=\"color: #808000;\"><strong>V\u0161eobecn\u00e9 inform\u00e1cie<\/strong><\/span><\/p>\n<p>Jeden\u00e1s\u0165 dn\u00ed, takmer dvadsa\u0165 obc\u00ed dvoch kraj\u00edn, pribli\u017ene sto festivalov\u00fdch programov \u2013 takto by sa dal zhrn\u00fa\u0165 Gemersko-turniansky festival v \u010d\u00edslach.<\/p>\n<figure id=\"attachment_7763\" aria-describedby=\"caption-attachment-7763\" style=\"width: 480px\" class=\"wp-caption aligncenter\"><img loading=\"lazy\" decoding=\"async\" class=\"wp-image-7763\" style=\"border: 2px solid black; margin: 10px;\" src=\"http:\/\/www.slovensky-kras.eu\/info\/wp-content\/uploads\/2013\/07\/turnanskymadarsky.jpg\" alt=\"turnanskymadarsky\" width=\"480\" height=\"341\" \/><figcaption id=\"caption-attachment-7763\" class=\"wp-caption-text\">Gemersko-Turniansky festival<\/figcaption><\/figure>\n<p>Podstata tohto podujatia v\u0161ak nespo\u010d\u00edva v \u010d\u00edslach.<\/p>\n<p>Ale v duchu, z ktor\u00e9ho sa zrodil tento z\u00e1bavn\u00fd, tradicion\u00e1lny, umeleck\u00fd festival, ktor\u00fd sp\u00e1ja mnoho \u017e\u00e1nrov a zohr\u00e1va d\u00f4le\u017eit\u00fa \u00falohu aj v o\u017eiven\u00ed a posilnen\u00ed historicky zakorenen\u00fdch region\u00e1lnych vz\u0165ahov.<\/p>\n<p>V r\u00e1mci s\u00e9ri\u00ed podujat\u00ed vyst\u00fapia alebo prezentuj\u00fa svoju tvorbu v\u00fdznamn\u00fd predstavitelia najr\u00f4znej\u0161\u00edch umeleck\u00fdch odvetv\u00ed.<\/p>\n<p>Od jarmo\u010dnej kom\u00e9die po operu, od tvorivej dielne po v\u00fdstavu remeseln\u00edckych diel, od autentickej ma\u010farskej folkl\u00f3rnej hudby po muziku \u00c1nd, od prezent\u00e1cie miestnych v\u00fdrobkov po \u017eivotn\u00fd program dediny s trvalo udr\u017eate\u013en\u00fdm rozvojom tu sa d\u00e1 spozna\u0165 v\u0161etko.<\/p>\n<p>D\u00f4le\u017eitou s\u00fa\u010das\u0165ou produkcii festivalu je samotn\u00e1 gemersko-turnianska oblas\u0165 \u2013 dedinsk\u00e9 kostoly s ma\u013eovan\u00fdm stropom takisto, ako tr\u00e1vnat\u00e9 svahy, miestne m\u00fazea, stodoly, starod\u00e1vne hrady a ka\u0161tiele \u2013 a samozrejme najv\u00e4\u010d\u0161ie poklady Aggteleksk\u00e9ho a Slovensk\u00e9ho krasu, jaskyne patriace k svetov\u00e9mu dedi\u010dstvu.<\/p>\n<p>Je to festival, kde je v\u017edy \u010do robi\u0165.<\/p>\n<p>Pre n\u00e1v\u0161tevn\u00edkov pon\u00fakaj\u00fa z\u00e1bavu nielen popolud\u0148aj\u0161ie a ve\u010dern\u00e9 hlavn\u00e9 programy \u2013 predpoludn\u00ed mo\u017eno nav\u0161t\u00edvi\u0165, poprezera\u0165 remeseln\u00edcke aktivity, jarmok, ochutn\u00e1vky.<\/p>\n<p>Alebo m\u00f4\u017eeme urobi\u0165 v\u00fdlet v bl\u00edzkom, \u010di \u0161ir\u0161om okol\u00ed, ve\u010f v okruhu p\u00e4\u0165desiatich kilometrov sa nach\u00e1dzaj\u00fa tak\u00e9 pam\u00e4tihodnosti, ako jasky\u0148a Baradla, ktor\u00e1 sp\u00e1ja obce Aggtelek a J\u00f3svaf\u0151, hrad Kr\u00e1sna H\u00f4rka, Betliarsky ka\u0161tie\u013e alebo Z\u00e1dielska ties\u0148ava.<\/p>\n<p>A m\u00f4\u017eme osta\u0165 aj v mieste ubytovania \u2013 sadn\u00fa\u0165 si pod orech, pozera\u0165 okolit\u00e9 hory a po\u010d\u00fava\u0165 ticho\u2026<\/p>\n<p><span style=\"color: #808000;\"><strong>Kontakt : <\/strong><\/span><\/p>\n<p><strong>Turistick\u00e9 informa\u010dn\u00e9 centrum v Ro\u017e\u0148ave<\/strong><br \/>\nN\u00e1m. Ban\u00edkov 32<br \/>\nRo\u017e\u0148ava 048 01<br \/>\n<strong>E-mail:<\/strong> <a href=\"mailto:tic.roznava@stonline.sk\" target=\"_blank\" rel=\"noopener noreferrer\">tic.roznava@stonline.sk<\/a><br \/>\n<strong>Telef\u00f3n:<\/strong> +421 58\/732-8101 , +421 58\/732-8101<br \/>\n<strong>Fax:<\/strong> +421 58\/732-4837 , +421 58\/732-4837<br \/>\n<strong>Web:<\/strong> <a href=\"http:\/\/www.ticroznava.sk\" target=\"_blank\" rel=\"noopener noreferrer\">www.ticroznava.sk<\/a><\/p>\n<p><strong>Zdroj inform\u00e1ci\u00ed + foto : <\/strong><a href=\"http:\/\/www.gomortornaifesztival.hu\" target=\"_blank\" rel=\"noopener noreferrer\">www.gomortornaifesztival.hu<\/a><\/p>\n","protected":false},"excerpt":{"rendered":"<p>Menu: Pravideln\u00e9 kulturn\u00e9 a hudobn\u00e9 podujatia V\u0161eobecn\u00e9 inform\u00e1cie Jeden\u00e1s\u0165 dn\u00ed, takmer dvadsa\u0165 obc\u00ed dvoch kraj\u00edn, pribli\u017ene sto festivalov\u00fdch programov \u2013 takto by sa dal zhrn\u00fa\u0165 Gemersko-turniansky festival v \u010d\u00edslach. Podstata [&hellip;]<\/p>\n","protected":false},"author":1,"featured_media":0,"parent":30,"menu_order":0,"comment_status":"closed","ping_status":"open","template":"","meta":{"_uag_custom_page_level_css":"","footnotes":""},"class_list":["post-960","page","type-page","status-publish","hentry"],"featured_image_src":"","featured_image_src_square":false,"rbea_author_info":{"display_name":"admin","author_link":"https:\/\/www.slovensky-kras.eu\/info\/author\/admin\/"},"rbea_excerpt_info":"Menu: Pravideln\u00e9 kulturn\u00e9 a hudobn\u00e9 podujatia V\u0161eobecn\u00e9 inform\u00e1cie Jeden\u00e1s\u0165 dn\u00ed, takmer dvadsa\u0165 obc\u00ed dvoch kraj\u00edn, pribli\u017ene sto festivalov\u00fdch programov \u2013 takto by sa dal zhrn\u00fa\u0165 Gemersko-turniansky festival v \u010d\u00edslach. Podstata [&hellip;]","uagb_featured_image_src":{"full":false,"thumbnail":false,"medium":false,"medium_large":false,"large":false,"1536x1536":false,"2048x2048":false},"uagb_author_info":{"display_name":"admin","author_link":"https:\/\/www.slovensky-kras.eu\/info\/author\/admin\/"},"uagb_comment_info":0,"uagb_excerpt":"Menu: Pravideln\u00e9 kulturn\u00e9 a hudobn\u00e9 podujatia V\u0161eobecn\u00e9 inform\u00e1cie Jeden\u00e1s\u0165 dn\u00ed, takmer dvadsa\u0165 obc\u00ed dvoch kraj\u00edn, pribli\u017ene sto festivalov\u00fdch programov \u2013 takto by sa dal zhrn\u00fa\u0165 Gemersko-turniansky festival v \u010d\u00edslach. Podstata [&hellip;]","_links":{"self":[{"href":"https:\/\/www.slovensky-kras.eu\/info\/wp-json\/wp\/v2\/pages\/960","targetHints":{"allow":["GET"]}}],"collection":[{"href":"https:\/\/www.slovensky-kras.eu\/info\/wp-json\/wp\/v2\/pages"}],"about":[{"href":"https:\/\/www.slovensky-kras.eu\/info\/wp-json\/wp\/v2\/types\/page"}],"author":[{"embeddable":true,"href":"https:\/\/www.slovensky-kras.eu\/info\/wp-json\/wp\/v2\/users\/1"}],"replies":[{"embeddable":true,"href":"https:\/\/www.slovensky-kras.eu\/info\/wp-json\/wp\/v2\/comments?post=960"}],"version-history":[{"count":0,"href":"https:\/\/www.slovensky-kras.eu\/info\/wp-json\/wp\/v2\/pages\/960\/revisions"}],"up":[{"embeddable":true,"href":"https:\/\/www.slovensky-kras.eu\/info\/wp-json\/wp\/v2\/pages\/30"}],"wp:attachment":[{"href":"https:\/\/www.slovensky-kras.eu\/info\/wp-json\/wp\/v2\/media?parent=960"}],"curies":[{"name":"wp","href":"https:\/\/api.w.org\/{rel}","templated":true}]}}

<p><strong>Menu: </strong><a href="http://www.slovensky-kras.eu/info/" class="su-button su-button-style-default" style="color:#000000;background-color:#FFCF2F;border-color:#cca626;border-radius:5px" target="_self"><span style="color:#000000;padding:6px 16px;font-size:13px;line-height:20px;border-color:#ffde6e;border-radius:5px;text-shadow:none"><i class="sui sui-arrow-right" style="font-size:13px;color:#000000"></i>  Úvod / Aktuality </span></a>
<a href="http://www.slovensky-kras.eu/info/muzea-kutlura-a-umenie/" class="su-button su-button-style-default" style="color:#000000;background-color:#FFCF2F;border-color:#cca626;border-radius:5px" target="_self"><span style="color:#000000;padding:6px 16px;font-size:13px;line-height:20px;border-color:#ffde6e;border-radius:5px;text-shadow:none"><i class="sui sui-arrow-right" style="font-size:13px;color:#000000"></i>  Múzeá, kutlúra a &#8230; </span></a>
<div class="su-divider su-divider-style-default" style="margin:15px 0;border-width:2px;border-color:#000000"></div>
<div class="su-divider su-divider-style-default" style="margin:15px 0;border-width:2px;border-color:#000000"></div>
<strong>Pravidelné kulturné a hudobné podujatia</strong><br />
<div class="su-divider su-divider-style-default" style="margin:15px 0;border-width:2px;border-color:#000000"></div>
<p><span style="color: #808000;"><strong>Všeobecné informácie</strong></span></p>
<p>Jedenásť dní, takmer dvadsať obcí dvoch krajín, približne sto festivalových programov – takto by sa dal zhrnúť Gemersko-turniansky festival v číslach.</p>
<figure id="attachment_7763" aria-describedby="caption-attachment-7763" style="width: 480px" class="wp-caption aligncenter"><img loading="lazy" decoding="async" class="wp-image-7763" style="border: 2px solid black; margin: 10px;" src="http://www.slovensky-kras.eu/info/wp-content/uploads/2013/07/turnanskymadarsky.jpg" alt="turnanskymadarsky" width="480" height="341" /><figcaption id="caption-attachment-7763" class="wp-caption-text">Gemersko-Turniansky festival</figcaption></figure>
<p>Podstata tohto podujatia však nespočíva v číslach.</p>
<p>Ale v duchu, z ktorého sa zrodil tento zábavný, tradicionálny, umelecký festival, ktorý spája mnoho žánrov a zohráva dôležitú úlohu aj v oživení a posilnení historicky zakorenených regionálnych vzťahov.</p>
<p>V rámci sérií podujatí vystúpia alebo prezentujú svoju tvorbu významný predstavitelia najrôznejších umeleckých odvetví.</p>
<p>Od jarmočnej komédie po operu, od tvorivej dielne po výstavu remeselníckych diel, od autentickej maďarskej folklórnej hudby po muziku Ánd, od prezentácie miestnych výrobkov po životný program dediny s trvalo udržateľným rozvojom tu sa dá spoznať všetko.</p>
<p>Dôležitou súčasťou produkcii festivalu je samotná gemersko-turnianska oblasť – dedinské kostoly s maľovaným stropom takisto, ako trávnaté svahy, miestne múzea, stodoly, starodávne hrady a kaštiele – a samozrejme najväčšie poklady Aggtelekského a Slovenského krasu, jaskyne patriace k svetovému dedičstvu.</p>
<p>Je to festival, kde je vždy čo robiť.</p>
<p>Pre návštevníkov ponúkajú zábavu nielen popoludňajšie a večerné hlavné programy – predpoludní možno navštíviť, poprezerať remeselnícke aktivity, jarmok, ochutnávky.</p>
<p>Alebo môžeme urobiť výlet v blízkom, či širšom okolí, veď v okruhu päťdesiatich kilometrov sa nachádzajú také pamätihodnosti, ako jaskyňa Baradla, ktorá spája obce Aggtelek a Jósvafő, hrad Krásna Hôrka, Betliarsky kaštieľ alebo Zádielska tiesňava.</p>
<p>A môžme ostať aj v mieste ubytovania – sadnúť si pod orech, pozerať okolité hory a počúvať ticho…</p>
<p><span style="color: #808000;"><strong>Kontakt : </strong></span></p>
<p><strong>Turistické informačné centrum v Rožňave</strong><br />
Nám. Baníkov 32<br />
Rožňava 048 01<br />
<strong>E-mail:</strong> <a href="mailto:tic.roznava@stonline.sk" target="_blank" rel="noopener noreferrer">tic.roznava@stonline.sk</a><br />
<strong>Telefón:</strong> +421 58/732-8101 , +421 58/732-8101<br />
<strong>Fax:</strong> +421 58/732-4837 , +421 58/732-4837<br />
<strong>Web:</strong> <a href="http://www.ticroznava.sk" target="_blank" rel="noopener noreferrer">www.ticroznava.sk</a></p>
<p><strong>Zdroj informácií + foto : </strong><a href="http://www.gomortornaifesztival.hu" target="_blank" rel="noopener noreferrer">www.gomortornaifesztival.hu</a></p>

<p>Menu: Pravidelné kulturné a hudobné podujatia Všeobecné informácie Jedenásť dní, takmer dvadsať obcí dvoch krajín, približne sto festivalových programov – takto by sa dal zhrnúť Gemersko-turniansky festival v číslach. Podstata [&hellip;]</p>

Menu: Pravidelné kulturné a hudobné podujatia Všeobecné informácie Jedenásť dní, takmer dvadsať obcí dvoch krajín, približne sto festivalových programov – takto by sa dal zhrnúť Gemersko-turniansky festival v číslach. Podstata [&hellip;]
