{"id":950,"date":"2013-07-10T17:40:47","date_gmt":"2013-07-10T15:40:47","guid":{"rendered":"http:\/\/www.slovensky-kras.eu\/info\/?page_id=950"},"modified":"2025-11-29T08:10:53","modified_gmt":"2025-11-29T07:10:53","slug":"zdruzenie-gemerskych-remeselnikov","status":"publish","type":"page","link":"https:\/\/www.slovensky-kras.eu\/info\/muzea-kutlura-a-umenie\/zdruzenie-gemerskych-remeselnikov\/","title":{"rendered":"Zdru\u017eenie gemersk\u00fdch remeseln\u00edkov"},"content":{"rendered":"<p><strong>Menu: <\/strong><a href=\"http:\/\/www.slovensky-kras.eu\/info\/\" class=\"su-button su-button-style-default\" style=\"color:#000000;background-color:#FFCF2F;border-color:#cca626;border-radius:5px\" target=\"_self\"><span style=\"color:#000000;padding:6px 16px;font-size:13px;line-height:20px;border-color:#ffde6e;border-radius:5px;text-shadow:none\"><i class=\"sui sui-arrow-right\" style=\"font-size:13px;color:#000000\"><\/i>  \u00davod \/ Aktuality <\/span><\/a>\n<a href=\"http:\/\/www.slovensky-kras.eu\/info\/nositelia-tradicii\/\" class=\"su-button su-button-style-default\" style=\"color:#000000;background-color:#FFCF2F;border-color:#cca626;border-radius:5px\" target=\"_self\"><span style=\"color:#000000;padding:6px 16px;font-size:13px;line-height:20px;border-color:#ffde6e;border-radius:5px;text-shadow:none\"><i class=\"sui sui-arrow-right\" style=\"font-size:13px;color:#000000\"><\/i>  Nositelia trad\u00edci\u00ed <\/span><\/a>\n<div class=\"su-divider su-divider-style-default\" style=\"margin:15px 0;border-width:2px;border-color:#000000\"><\/div>\n<figure id=\"attachment_28975\" aria-describedby=\"caption-attachment-28975\" style=\"width: 900px\" class=\"wp-caption aligncenter\"><a href=\"https:\/\/www.slovensky-kras.eu\/info\/wp-content\/uploads\/2025\/11\/remeselnicky-dom.jpg\"><img loading=\"lazy\" decoding=\"async\" class=\"wp-image-28975\" src=\"https:\/\/www.slovensky-kras.eu\/info\/wp-content\/uploads\/2025\/11\/remeselnicky-dom.jpg\" alt=\"Zdru\u017eenie gemersk\u00fdch remeseln\u00edkov\" width=\"900\" height=\"506\" srcset=\"https:\/\/www.slovensky-kras.eu\/info\/wp-content\/uploads\/2025\/11\/remeselnicky-dom.jpg 960w, https:\/\/www.slovensky-kras.eu\/info\/wp-content\/uploads\/2025\/11\/remeselnicky-dom-800x450.jpg 800w, https:\/\/www.slovensky-kras.eu\/info\/wp-content\/uploads\/2025\/11\/remeselnicky-dom-768x432.jpg 768w\" sizes=\"auto, (max-width: 900px) 100vw, 900px\" \/><\/a><figcaption id=\"caption-attachment-28975\" class=\"wp-caption-text\">Zdru\u017eenie gemersk\u00fdch remeseln\u00edkov<\/figcaption><\/figure>\n<div class=\"su-divider su-divider-style-default\" style=\"margin:15px 0;border-width:2px;border-color:#000000\"><\/div>\n<h2 dir=\"auto\"><span style=\"color: #800000;\">\u010co v\u0161etko za\u017eijete v <strong>Zdru\u017een\u00ed gemersk\u00fdch remeseln\u00edkov<\/strong> v Kr\u00e1snohorskej Dlhej L\u00fake?<\/span><\/h2>\n<p dir=\"auto\"><strong>Zdru\u017eenie gemersk\u00fdch remeseln\u00edkov<\/strong> v\u00e1s poz\u00fdva do autentick\u00e9ho sveta \u017eiv\u00fdch gemersk\u00fdch trad\u00edci\u00ed. Objavte \u010daro remesiel na vlastn\u00e9 o\u010di a ruky priamo v historickom prostred\u00ed.<\/p>\n<h2 dir=\"auto\"><span style=\"color: #800000;\">Kde sa nach\u00e1dza Remeseln\u00edcky dom <strong>Zdru\u017eenia gemersk\u00fdch remeseln\u00edkov<\/strong>?<\/span><\/h2>\n<p dir=\"auto\"><strong>Remeseln\u00edcky dom<\/strong> stoj\u00ed v are\u00e1li p\u00f4vodn\u00e9ho klasicistick\u00e9ho <strong>ka\u0161tie\u013ea Andr\u00e1ssyovcov z 19. storo\u010dia<\/strong> v Kr\u00e1snohorskej Dlhej L\u00fake. Obec je bohat\u00e1 na hist\u00f3riu a trad\u00edcie, le\u017e\u00ed bl\u00edzko <strong>Kr\u00e1snohorskej jaskyne<\/strong> a \u010fal\u0161\u00edch kult\u00farnych i pr\u00edrodn\u00fdch pamiatok. Pr\u00e1ve tu sa historick\u00e9 dedi\u010dstvo sp\u00e1ja s modern\u00fdm <strong>remeseln\u00edckym centrom<\/strong>.<\/p>\n<h3><span style=\"color: #808000;\">Ka\u0161tie\u013e v Kr\u00e1snohorskej Dlhej L\u00fake<\/span><\/h3>\n<p>Ka\u0161tie\u013e v Kr\u00e1snohorskej Dlhej L\u00fake vznikol na mieste star\u0161ieho mal\u00e9ho ka\u0161tie\u013ea, ktor\u00fd pravdepodobne postavili u\u017e za\u010diatkom 18. storo\u010dia. Nov\u00fd klasicistick\u00fd ka\u0161tie\u013e v tvare U dal postavi\u0165 gr\u00f3f <strong>Juraj IV. Andr\u00e1\u0161i<\/strong> (ma\u010f. Count Gy\u00f6rgy Andr\u00e1ssy de Cs\u00edkszentkir\u00e1ly et Krasznahorka *1797 \u2013 \u20201872) z mlad\u0161ej dlhol\u00fackej vetvy sl\u00e1vneho rodu Andr\u00e1\u0161iovcov (Andr\u00e1ssyovcov).<\/p>\n<ul>\n<li><a href=\"https:\/\/www.slovensky-kras.eu\/info\/kam-za-pamiatkami\/kastiel-andrassyovcov-v-krasnohorskej-dlhej-luke\/\" target=\"_blank\" rel=\"noopener\">Ka\u0161tie\u013e v Kr\u00e1snohorskej Dlhej L\u00fake (\u010d\u00edtaj viac &#8230;)<\/a><\/li>\n<\/ul>\n<h2 dir=\"auto\"><span style=\"color: #800000;\">Kedy a ako vzniklo <strong>Zdru\u017eenie gemersk\u00fdch remeseln\u00edkov<\/strong>?<\/span><\/h2>\n<p dir=\"auto\"><strong>Zdru\u017eenie gemersk\u00fdch remeseln\u00edkov<\/strong> vzniklo v roku 2002 ako ob\u010dianske zdru\u017eenie priamo v Kr\u00e1snohorskej Dlhej L\u00fake.<\/p>\n<p dir=\"auto\">Dnes m\u00e1 vy\u0161e 100 \u010dlenov zo Slovenska aj zo zahrani\u010dia, ktor\u00ed sa pravidelne vzdel\u00e1vaj\u00fa, z\u00fa\u010dast\u0148uj\u00fa \u0161kolen\u00ed a medzin\u00e1rodn\u00fdch konferenci\u00ed zameran\u00fdch na tradi\u010dn\u00e9 remesl\u00e1. Ich poslan\u00edm je o\u017eivi\u0165 a akt\u00edvne u\u010di\u0165 <strong>gemersk\u00e9 remesl\u00e1<\/strong>, zachova\u0165 ich \u013eudovoumeleck\u00fa \u010distotu, vytvori\u0165 tvoriv\u00fa umeleck\u00fa diel\u0148u, vyh\u013eada\u0165 a evidova\u0165 remeseln\u00edkov a nadv\u00e4zova\u0165 vz\u00e1jomn\u00fa spolupr\u00e1cu.<\/p>\n<h2 dir=\"auto\"><span style=\"color: #800000;\">Ako sa Remeseln\u00edcky dom rozv\u00edjal a \u010do dnes pon\u00faka?<\/span><\/h2>\n<p dir=\"auto\">Za \u00fa\u010delom zdru\u017eenia bol p\u00f4vodne zrekon\u0161truovan\u00fd klasick\u00fd sedliacky dom, ktor\u00fd sa postupne roz\u0161iroval a zve\u013ea\u010foval \u2013 pribudol upraven\u00fd dvor, podkrovie a \u010fal\u0161ie priestory. Dnes sl\u00fa\u017ei ako plnohodnotn\u00e1 tvoriv\u00e1 diel\u0148a a v\u00fdstavn\u00fd priestor pre prezent\u00e1ciu a predaj origin\u00e1lnych remeseln\u00fdch v\u00fdrobkov.<\/p>\n<h2 dir=\"auto\"><span style=\"color: #800000;\">\u010co v\u0161etko m\u00f4\u017eete vidie\u0165 a vysk\u00fa\u0161a\u0165 v Remeseln\u00edckom dome?<\/span><\/h2>\n<p dir=\"auto\"><strong>N\u00e1v\u0161tevn\u00edkov \u010dakaj\u00fa \u017eiv\u00e9 uk\u00e1\u017eky tradi\u010dn\u00fdch remesiel:<\/strong><\/p>\n<ul dir=\"auto\">\n<li><strong>ko\u0161ik\u00e1rstvo<\/strong><\/li>\n<li><strong>tkanie na tradi\u010dn\u00fdch krosn\u00e1ch<\/strong><\/li>\n<li><strong>v\u00fdroba papiera<\/strong><\/li>\n<li><strong>hrn\u010diarska pr\u00e1ca<\/strong> na kruhu<\/li>\n<\/ul>\n<p dir=\"auto\">\u010clenovia zdru\u017eenia v\u00e1m radi umo\u017enia nahliadnu\u0165 do tajomstiev v\u00fdroby a spoja remeseln\u00fa pr\u00e1cu s kult\u00farnym a historick\u00fdm kontextom Gemera. V\u0161etky v\u00fdrobky si m\u00f4\u017eete zak\u00fapi\u0165 ako origin\u00e1lne suven\u00edry.<\/p>\n<h2 dir=\"auto\"><span style=\"color: #800000;\">Kedy sa pe\u010die chlieb v tradi\u010dnej vonkaj\u0161ej peci?<\/span><\/h2>\n<p dir=\"auto\">Po\u010das\u0165 leta (j\u00fal \u2013 august) sa raz t\u00fd\u017edenne kon\u00e1 ob\u013e\u00faben\u00e9 uk\u00e1\u017ekov\u00e9 <strong>pe\u010denie chleba<\/strong> v historickej vonkaj\u0161ej peci. V\u00f4\u0148a \u010derstv\u00e9ho dom\u00e1ceho chleba a atmosf\u00e9ra star\u00fdch \u010dias s\u00fa nezabudnute\u013en\u00e9.<\/p>\n<h2 dir=\"auto\"><span style=\"color: #800000;\">Ak\u00e9 pravideln\u00e9 podujatia a trhy organizuje <strong>Zdru\u017eenie gemersk\u00fdch remeseln\u00edkov<\/strong>?<\/span><\/h2>\n<ul dir=\"auto\">\n<li>Ka\u017ed\u00fa \u0161tvrt\u00fa nede\u013eu od apr\u00edla do okt\u00f3bra: <strong>Burza staro\u017eitnost\u00ed a remeseln\u00edcky trh<\/strong><\/li>\n<li>Pravideln\u00e9 <strong>gemersk\u00e9 trhy ru\u010dn\u00e9ho remesla<\/strong> \u2013 d\u00f4le\u017eit\u00e9 stretnutie remeseln\u00edkov a n\u00e1v\u0161tevn\u00edkov regi\u00f3nu<\/li>\n<li>V\u00edkendov\u00e9 tvoriv\u00e9 dielne pre dospel\u00fdch v ko\u0161ik\u00e1rstvo a hrn\u010diarstvo<\/li>\n<li>Najv\u00e4\u010d\u0161ie podujatie roka: <strong>Gemersk\u00fd remeseln\u00edcky jarmok<\/strong> s \u00fa\u010das\u0165ou vy\u0161e 100 remeseln\u00edkov a staro\u017eitn\u00edkov, gastronomickou prezent\u00e1ciou a s\u00fa\u0165a\u017eou vo varen\u00ed<\/li>\n<\/ul>\n<h2 dir=\"auto\"><span style=\"color: #800000;\">Ak\u00e9 aktivity s\u00fa pripraven\u00e9 pre deti a ml\u00e1de\u017e?<\/span><\/h2>\n<p dir=\"auto\">Zdru\u017eenie ka\u017edoro\u010dne organizuje letn\u00e9 <strong>detsk\u00e9 t\u00e1bory ru\u010dn\u00fdch remesiel<\/strong>. Najzn\u00e1mej\u0161\u00ed a najob\u013e\u00fabenej\u0161\u00ed je <strong>Remeseln\u00edcky t\u00e1bor pre deti<\/strong>, kde si najmen\u0161\u00ed vysk\u00fa\u0161aj\u00fa pr\u00e1cu s hlinou, pr\u00fat\u00edm, tkan\u00edm \u010di pe\u010den\u00edm.<\/p>\n<h2 dir=\"auto\"><span style=\"color: #800000;\">S k\u00fdm v\u0161etk\u00fdm spolupracuje <strong>Zdru\u017eenie gemersk\u00fdch remeseln\u00edkov<\/strong>?<\/span><\/h2>\n<p dir=\"auto\">Zdru\u017eenie akt\u00edvne spolupracuje s ma\u010farsk\u00fdmi \u013eudov\u00fdmi umeleck\u00fdmi spolkami v regi\u00f3ne a pravidelne sa zap\u00e1ja do medzin\u00e1rodn\u00fdch projektov na zachovanie tradi\u010dn\u00fdch remesiel.<\/p>\n<h2 dir=\"auto\"><span style=\"color: #800000;\">Ako kontaktova\u0165 <strong>Zdru\u017eenie gemersk\u00fdch remeseln\u00edkov<\/strong>?<\/span><\/h2>\n<p dir=\"auto\"><strong>Zdru\u017eenie gemersk\u00fdch remeseln\u00edkov<\/strong> Kr\u00e1snohorsk\u00e1 Dlh\u00e1 L\u00faka 2 049 45 Kr\u00e1snohorsk\u00e1 Dlh\u00e1 L\u00faka<\/p>\n<p dir=\"auto\">Web: <a href=\"http:\/\/www.gomorikezmuvesek.sk\/\" target=\"_blank\" rel=\"noopener noreferrer nofollow\">http:\/\/www.gomorikezmuvesek.sk\/<\/a> E-mail: <a href=\"mailto:gkezmuvesek@pobox.sk\" target=\"_blank\" rel=\"noopener noreferrer nofollow\">gkezmuvesek@pobox.sk<\/a> | <a href=\"mailto:gremeselnici@pobox.sk\" target=\"_blank\" rel=\"noopener noreferrer nofollow\">gremeselnici@pobox.sk<\/a> <strong>Mobil:<\/strong> +421 907 234 314<\/p>\n<p dir=\"auto\">Zdru\u017eenie funguje v\u00fdhradne na dobrovo\u013en\u00edckej b\u00e1ze bez in\u0161titu\u010dn\u00e9ho z\u00e1zemia a v\u0161etky aktivity podporuj\u00fa zachovanie gemersk\u00e9ho kult\u00farneho dedi\u010dstva.<\/p>\n<h2><span style=\"color: #800000;\">Fotogal\u00e9ria<\/span><\/h2>\n<style type=\"text\/css\">\n#foogallery-gallery-28973 .fg-image { width: 200px; }<\/style>\n\t\t\t<div class=\"foogallery foogallery-container foogallery-carousel foogallery-lightbox-foogallery fg-carousel fg-ready fg-light fg-border-medium fg-round-small fg-shadow-medium fg-loading-default fg-loaded-fade-in fg-hover-semi-zoomed fg-hover-fade fg-hover-circle-plus2\" id=\"foogallery-gallery-28973\" data-foogallery=\"{&quot;item&quot;:{&quot;showCaptionTitle&quot;:true,&quot;showCaptionDescription&quot;:true},&quot;lazy&quot;:true,&quot;template&quot;:{&quot;maxItems&quot;:5,&quot;scale&quot;:0.11999999999999999555910790149937383830547332763671875,&quot;gutter&quot;:{&quot;min&quot;:-40,&quot;max&quot;:-20,&quot;unit&quot;:&quot;%&quot;},&quot;autoplay&quot;:{&quot;time&quot;:0,&quot;interaction&quot;:&quot;pause&quot;},&quot;centerOnClick&quot;:true,&quot;align&quot;:&quot;center&quot;,&quot;activePosition&quot;:&quot;center&quot;}}\" data-foogallery-lightbox=\"{&quot;thumbs&quot;:&quot;bottom&quot;,&quot;thumbsCaptions&quot;:false,&quot;thumbsBestFit&quot;:false,&quot;thumbsSmall&quot;:false,&quot;thumbsCaptionsAlign&quot;:&quot;default&quot;,&quot;info&quot;:&quot;bottom&quot;,&quot;infoVisible&quot;:true,&quot;infoOverlay&quot;:true,&quot;infoAlign&quot;:&quot;default&quot;,&quot;transition&quot;:&quot;fade&quot;,&quot;hoverButtons&quot;:false,&quot;fitMedia&quot;:false,&quot;noScrollbars&quot;:true,&quot;preserveButtonSpace&quot;:true,&quot;buttons&quot;:{&quot;fullscreen&quot;:true,&quot;info&quot;:true,&quot;thumbs&quot;:false},&quot;video&quot;:{&quot;autoPlay&quot;:true}}\" style=\"--fg-title-line-clamp: 1; --fg-description-line-clamp: 2;\" >\n\t<button type=\"button\" class=\"fg-carousel-prev\" title=\"Previous\"><\/button>\n\t<div class=\"fg-carousel-inner\">\n\t\t<div class=\"fg-carousel-center\"><\/div>\n\t\t<div class=\"fg-item fg-type-image fg-idle\"><figure class=\"fg-item-inner\"><a href=\"https:\/\/www.slovensky-kras.eu\/info\/wp-content\/uploads\/2021\/01\/remesel111.jpg\" data-caption-title=\"Ka\u0161tie\u013e v Kr\u00e1snohorskej Dlhej L\u00fake\" data-caption-desc=\"Remeseln\u00edcky dom\" data-attachment-id=\"19671\" data-type=\"image\" class=\"fg-thumb\"><span class=\"fg-image-wrap\"><img decoding=\"async\" alt=\"Remeseln\u00edcky dom v Kr\u00e1snohorskej Dlhej L\u00fake\" title=\"Ka\u0161tie\u013e v Kr\u00e1snohorskej Dlhej L\u00fake\" width=\"200\" height=\"200\" class=\"skip-lazy fg-image\" data-src-fg=\"https:\/\/www.slovensky-kras.eu\/info\/wp-content\/uploads\/cache\/2021\/01\/remesel111\/463822705.jpg\" src=\"data:image\/svg+xml,%3Csvg%20xmlns%3D%22http%3A%2F%2Fwww.w3.org%2F2000%2Fsvg%22%20width%3D%22200%22%20height%3D%22200%22%20viewBox%3D%220%200%20200%20200%22%3E%3C%2Fsvg%3E\" loading=\"eager\"><\/span><span class=\"fg-image-overlay\"><\/span><\/a><figcaption class=\"fg-caption\"><div class=\"fg-caption-inner\"><div class=\"fg-caption-title\">Ka\u0161tie\u013e v Kr\u00e1snohorskej Dlhej L\u00fake<\/div><div class=\"fg-caption-desc\">Remeseln\u00edcky dom<\/div><\/div><\/figcaption><\/figure><div class=\"fg-loader\"><\/div><\/div><div class=\"fg-item fg-type-image fg-idle\"><figure class=\"fg-item-inner\"><a href=\"https:\/\/www.slovensky-kras.eu\/info\/wp-content\/uploads\/2021\/12\/remeselnici3.jpg\" data-attachment-id=\"21878\" data-type=\"image\" class=\"fg-thumb\"><span class=\"fg-image-wrap\"><img decoding=\"async\" width=\"200\" height=\"200\" class=\"skip-lazy fg-image\" data-src-fg=\"https:\/\/www.slovensky-kras.eu\/info\/wp-content\/uploads\/cache\/2021\/12\/remeselnici3\/352990497.jpg\" src=\"data:image\/svg+xml,%3Csvg%20xmlns%3D%22http%3A%2F%2Fwww.w3.org%2F2000%2Fsvg%22%20width%3D%22200%22%20height%3D%22200%22%20viewBox%3D%220%200%20200%20200%22%3E%3C%2Fsvg%3E\" loading=\"eager\"><\/span><span class=\"fg-image-overlay\"><\/span><\/a><\/figure><div class=\"fg-loader\"><\/div><\/div><div class=\"fg-item fg-type-image fg-idle\"><figure class=\"fg-item-inner\"><a href=\"https:\/\/www.slovensky-kras.eu\/info\/wp-content\/uploads\/2021\/12\/remeselnici1.jpg\" data-attachment-id=\"21877\" data-type=\"image\" class=\"fg-thumb\"><span class=\"fg-image-wrap\"><img decoding=\"async\" width=\"200\" height=\"200\" class=\"skip-lazy fg-image\" data-src-fg=\"https:\/\/www.slovensky-kras.eu\/info\/wp-content\/uploads\/cache\/2021\/12\/remeselnici1\/1440178711.jpg\" src=\"data:image\/svg+xml,%3Csvg%20xmlns%3D%22http%3A%2F%2Fwww.w3.org%2F2000%2Fsvg%22%20width%3D%22200%22%20height%3D%22200%22%20viewBox%3D%220%200%20200%20200%22%3E%3C%2Fsvg%3E\" loading=\"eager\"><\/span><span class=\"fg-image-overlay\"><\/span><\/a><\/figure><div class=\"fg-loader\"><\/div><\/div><div class=\"fg-item fg-type-image fg-idle\"><figure class=\"fg-item-inner\"><a href=\"https:\/\/www.slovensky-kras.eu\/info\/wp-content\/uploads\/2025\/11\/remeselnicky-dom.jpg\" data-attachment-id=\"28975\" data-type=\"image\" class=\"fg-thumb\"><span class=\"fg-image-wrap\"><img decoding=\"async\" width=\"200\" height=\"200\" class=\"skip-lazy fg-image\" data-src-fg=\"https:\/\/www.slovensky-kras.eu\/info\/wp-content\/uploads\/cache\/2025\/11\/remeselnicky-dom\/1654240036.jpg\" src=\"data:image\/svg+xml,%3Csvg%20xmlns%3D%22http%3A%2F%2Fwww.w3.org%2F2000%2Fsvg%22%20width%3D%22200%22%20height%3D%22200%22%20viewBox%3D%220%200%20200%20200%22%3E%3C%2Fsvg%3E\" loading=\"eager\"><\/span><span class=\"fg-image-overlay\"><\/span><\/a><\/figure><div class=\"fg-loader\"><\/div><\/div>\t<\/div>\n\t<div class=\"fg-carousel-bottom\"><\/div>\n\t<div class=\"fg-carousel-progress\"><\/div>\n\t<button type=\"button\" class=\"fg-carousel-next\" title=\"Next\"><\/button>\n<\/div>\n<h3><span style=\"color: #808000;\">Bl\u00edzke stredisko, turistick\u00e9 centrum, obec alebo mesto:<\/span><\/h3>\n<ul>\n<li><a href=\"http:\/\/www.slovensky-kras.eu\/info\/strediska-a-centra\/obec-krasnohorska-dlha-luka\/\">Obec Kr\u00e1snohorsk\u00e1 Dlh\u00e1 L\u00faka (\u010d\u00edtaj viac&#8230;)<\/a><\/li>\n<\/ul>\n<h2><span style=\"color: #800000;\">Mapy<\/span><\/h2>\n<p><strong>Vrstvy: <\/strong>Turistick\u00e1 mapa, Automapa, Cyklomapa, Ly\u017eiarska mapa, Satelitn\u00e1 mapa a OpenStreetMap.<\/p>\n<p><strong>Kliknut\u00edm na logo &#8222;Freemap.sk&#8220; sa V\u00e1m mapa zobraz\u00ed na celej ploche obrazovky.<\/strong><\/p>\n<p><iframe style=\"width: 900px; height: 600px; border: 0;\" src=\"https:\/\/www.freemap.sk\/?map=14\/48.624087\/20.577607&amp;info-point=48.624087\/20.577607,Obec Obec Krasnohorsk\u00e1 Dlh\u00e1 L\u00faka&amp;layers=X&amp;embed=search\" allowfullscreen=\"allowfullscreen\"><\/iframe><\/p>\n<h2><span style=\"color: #808000;\"><span style=\"color: #800000;\">Po\u010dasie<\/span><strong><br \/>\n<\/strong><\/span><br \/>\n<iframe style=\"width: 900px; height: 610px;\" src=\"https:\/\/www.meteoblue.com\/sk\/po%C4%8Dasie\/widget\/three\/kr%c3%a1snohorsk%c3%a1-dlh%c3%a1-l%c3%baka_slovensk%c3%a1-republika_724408?geoloc=fixed&amp;nocurrent=0&amp;noforecast=0&amp;days=6&amp;tempunit=CELSIUS&amp;windunit=KILOMETER_PER_HOUR&amp;layout=image\" frameborder=\"0\" scrolling=\"NO\" sandbox=\"allow-same-origin allow-scripts allow-popups allow-popups-to-escape-sandbox\"><\/iframe><\/h2>\n<div><!-- DO NOT REMOVE THIS LINK --><a href=\"https:\/\/www.meteoblue.com\/sk\/po%C4%8Dasie\/predpove%C4%8F\/t%C3%BD%C5%BEde%C5%88\/kr%c3%a1snohorsk%c3%a1-dlh%c3%a1-l%c3%baka_slovensk%c3%a1-republika_724408?utm_source=weather_widget&amp;utm_medium=linkus&amp;utm_content=three&amp;utm_campaign=Weather%2BWidget\" target=\"_blank\" rel=\"noopener noreferrer\">meteoblue<\/a><\/div>\n<p>&nbsp;<\/p>\n","protected":false},"excerpt":{"rendered":"<p>Menu: \u010co v\u0161etko za\u017eijete v Zdru\u017een\u00ed gemersk\u00fdch remeseln\u00edkov v Kr\u00e1snohorskej Dlhej L\u00fake? Zdru\u017eenie gemersk\u00fdch remeseln\u00edkov v\u00e1s poz\u00fdva do autentick\u00e9ho sveta \u017eiv\u00fdch gemersk\u00fdch trad\u00edci\u00ed. Objavte \u010daro remesiel na vlastn\u00e9 o\u010di a [&hellip;]<\/p>\n","protected":false},"author":1,"featured_media":19671,"parent":30,"menu_order":0,"comment_status":"closed","ping_status":"open","template":"","meta":{"_uag_custom_page_level_css":"","footnotes":""},"class_list":["post-950","page","type-page","status-publish","has-post-thumbnail","hentry"],"featured_image_src":"https:\/\/www.slovensky-kras.eu\/info\/wp-content\/uploads\/2021\/01\/remesel111.jpg","featured_image_src_square":"https:\/\/www.slovensky-kras.eu\/info\/wp-content\/uploads\/2021\/01\/remesel111.jpg","rbea_author_info":{"display_name":"admin","author_link":"https:\/\/www.slovensky-kras.eu\/info\/author\/admin\/"},"rbea_excerpt_info":"Menu: \u010co v\u0161etko za\u017eijete v Zdru\u017een\u00ed gemersk\u00fdch remeseln\u00edkov v Kr\u00e1snohorskej Dlhej L\u00fake? Zdru\u017eenie gemersk\u00fdch remeseln\u00edkov v\u00e1s poz\u00fdva do autentick\u00e9ho sveta \u017eiv\u00fdch gemersk\u00fdch trad\u00edci\u00ed. Objavte \u010daro remesiel na vlastn\u00e9 o\u010di a [&hellip;]","uagb_featured_image_src":{"full":["https:\/\/www.slovensky-kras.eu\/info\/wp-content\/uploads\/2021\/01\/remesel111.jpg",800,533,false],"thumbnail":["https:\/\/www.slovensky-kras.eu\/info\/wp-content\/uploads\/2021\/01\/remesel111-150x150.jpg",150,150,true],"medium":["https:\/\/www.slovensky-kras.eu\/info\/wp-content\/uploads\/2021\/01\/remesel111.jpg",800,533,false],"medium_large":["https:\/\/www.slovensky-kras.eu\/info\/wp-content\/uploads\/2021\/01\/remesel111-768x512.jpg",768,512,true],"large":["https:\/\/www.slovensky-kras.eu\/info\/wp-content\/uploads\/2021\/01\/remesel111.jpg",800,533,false],"1536x1536":["https:\/\/www.slovensky-kras.eu\/info\/wp-content\/uploads\/2021\/01\/remesel111.jpg",800,533,false],"2048x2048":["https:\/\/www.slovensky-kras.eu\/info\/wp-content\/uploads\/2021\/01\/remesel111.jpg",800,533,false]},"uagb_author_info":{"display_name":"admin","author_link":"https:\/\/www.slovensky-kras.eu\/info\/author\/admin\/"},"uagb_comment_info":0,"uagb_excerpt":"Menu: \u010co v\u0161etko za\u017eijete v Zdru\u017een\u00ed gemersk\u00fdch remeseln\u00edkov v Kr\u00e1snohorskej Dlhej L\u00fake? Zdru\u017eenie gemersk\u00fdch remeseln\u00edkov v\u00e1s poz\u00fdva do autentick\u00e9ho sveta \u017eiv\u00fdch gemersk\u00fdch trad\u00edci\u00ed. Objavte \u010daro remesiel na vlastn\u00e9 o\u010di a [&hellip;]","_links":{"self":[{"href":"https:\/\/www.slovensky-kras.eu\/info\/wp-json\/wp\/v2\/pages\/950","targetHints":{"allow":["GET"]}}],"collection":[{"href":"https:\/\/www.slovensky-kras.eu\/info\/wp-json\/wp\/v2\/pages"}],"about":[{"href":"https:\/\/www.slovensky-kras.eu\/info\/wp-json\/wp\/v2\/types\/page"}],"author":[{"embeddable":true,"href":"https:\/\/www.slovensky-kras.eu\/info\/wp-json\/wp\/v2\/users\/1"}],"replies":[{"embeddable":true,"href":"https:\/\/www.slovensky-kras.eu\/info\/wp-json\/wp\/v2\/comments?post=950"}],"version-history":[{"count":8,"href":"https:\/\/www.slovensky-kras.eu\/info\/wp-json\/wp\/v2\/pages\/950\/revisions"}],"predecessor-version":[{"id":29082,"href":"https:\/\/www.slovensky-kras.eu\/info\/wp-json\/wp\/v2\/pages\/950\/revisions\/29082"}],"up":[{"embeddable":true,"href":"https:\/\/www.slovensky-kras.eu\/info\/wp-json\/wp\/v2\/pages\/30"}],"wp:featuredmedia":[{"embeddable":true,"href":"https:\/\/www.slovensky-kras.eu\/info\/wp-json\/wp\/v2\/media\/19671"}],"wp:attachment":[{"href":"https:\/\/www.slovensky-kras.eu\/info\/wp-json\/wp\/v2\/media?parent=950"}],"curies":[{"name":"wp","href":"https:\/\/api.w.org\/{rel}","templated":true}]}}