{"id":919,"date":"2013-07-09T17:56:29","date_gmt":"2013-07-09T15:56:29","guid":{"rendered":"http:\/\/www.slovensky-kras.eu\/info\/?page_id=919"},"modified":"2025-11-25T08:51:48","modified_gmt":"2025-11-25T07:51:48","slug":"vidiecke-muzea-v-hrusove","status":"publish","type":"page","link":"https:\/\/www.slovensky-kras.eu\/info\/muzea-kutlura-a-umenie\/vidiecke-muzea-v-hrusove\/","title":{"rendered":"Vidiecke m\u00fazeum v Hru\u0161ove &#8211; zaniknut\u00e9"},"content":{"rendered":"<p><strong>Menu: <\/strong><a href=\"http:\/\/www.slovensky-kras.eu\/info\/\" class=\"su-button su-button-style-default\" style=\"color:#000000;background-color:#FFCF2F;border-color:#cca626;border-radius:5px\" target=\"_self\"><span style=\"color:#000000;padding:6px 16px;font-size:13px;line-height:20px;border-color:#ffde6e;border-radius:5px;text-shadow:none\"><i class=\"sui sui-arrow-right\" style=\"font-size:13px;color:#000000\"><\/i>  \u00davod \/ Aktuality <\/span><\/a>\n<a href=\"http:\/\/www.slovensky-kras.eu\/info\/muzea-kutlura-a-umenie\/\" class=\"su-button su-button-style-default\" style=\"color:#000000;background-color:#FFCF2F;border-color:#cca626;border-radius:5px\" target=\"_self\"><span style=\"color:#000000;padding:6px 16px;font-size:13px;line-height:20px;border-color:#ffde6e;border-radius:5px;text-shadow:none\"><i class=\"sui sui-arrow-right\" style=\"font-size:13px;color:#000000\"><\/i>  M\u00faze\u00e1, kutl\u00fara a &#8230; <\/span><\/a>\n<div class=\"su-divider su-divider-style-default\" style=\"margin:15px 0;border-width:2px;border-color:#000000\"><\/div>\n<div class=\"su-divider su-divider-style-default\" style=\"margin:15px 0;border-width:2px;border-color:#000000\"><\/div>\n<strong>M\u00faze\u00e1 a obraz\u00e1rne<\/strong><br \/>\n<div class=\"su-divider su-divider-style-default\" style=\"margin:15px 0;border-width:2px;border-color:#000000\"><\/div>\n<h3><span style=\"color: #808000;\">V\u0161eobecn\u00e9 inform\u00e1cie<\/span><\/h3>\n<p>V obci <a href=\"http:\/\/www.slovensky-kras.eu\/info\/strediska-a-centra\/obec-hrusov\/\">Hru\u0161ov<\/a> sa nach\u00e1dalo m\u00fazeom, ktor\u00e9 poukazuvlo na kult\u00farnu rozmanitos\u0165 vidieka a jeho trad\u00edcie.<\/p>\n<p><span style=\"color: #ff0000;\"><strong>M\u00fazeum obce Hru\u0161ov <\/strong><\/span>zriadil p\u00e1n J\u00falius Seb\u0151 so svojim synom.<\/p>\n<p>Nach\u00e1dzalo sa v obci <a href=\"http:\/\/www.slovensky-kras.eu\/info\/strediska-a-centra\/obec-hrusov\/\">Hru\u0161ov<\/a> v dome \u010d\u00edslo 76.<\/p>\n<figure id=\"attachment_21809\" aria-describedby=\"caption-attachment-21809\" style=\"width: 800px\" class=\"wp-caption aligncenter\"><a href=\"https:\/\/www.slovensky-kras.eu\/info\/wp-content\/uploads\/2021\/12\/hrusov-muzeum.jpg\"><img loading=\"lazy\" decoding=\"async\" class=\"wp-image-21809 size-full\" src=\"https:\/\/www.slovensky-kras.eu\/info\/wp-content\/uploads\/2021\/12\/hrusov-muzeum.jpg\" alt=\"\" width=\"800\" height=\"533\" srcset=\"https:\/\/www.slovensky-kras.eu\/info\/wp-content\/uploads\/2021\/12\/hrusov-muzeum.jpg 800w, https:\/\/www.slovensky-kras.eu\/info\/wp-content\/uploads\/2021\/12\/hrusov-muzeum-768x512.jpg 768w\" sizes=\"auto, (max-width: 800px) 100vw, 800px\" \/><\/a><figcaption id=\"caption-attachment-21809\" class=\"wp-caption-text\">M\u00fazeum obce Hru\u0161ov &#8211; p\u00e1n J\u00falius Seb\u0151<\/figcaption><\/figure>\n<p>Tento v\u00e1\u013ekov\u00fd podlhovast\u00fd vidiecky dom zo za\u010diatku 20.storo\u010dia patril dvom sestr\u00e1m mn\u00ed\u0161kam.<\/p>\n<p>Dom m\u00e1 va\u013ebov\u00fa strechu a pokryt\u00fd je \u0161ind\u013eom.<\/p>\n<figure id=\"attachment_19644\" aria-describedby=\"caption-attachment-19644\" style=\"width: 800px\" class=\"wp-caption aligncenter\"><a href=\"http:\/\/www.slovensky-kras.eu\/info\/wp-content\/uploads\/2021\/01\/hrusov29.jpg\"><img loading=\"lazy\" decoding=\"async\" class=\"wp-image-19644 size-full\" src=\"http:\/\/www.slovensky-kras.eu\/info\/wp-content\/uploads\/2021\/01\/hrusov29.jpg\" alt=\"\" width=\"800\" height=\"600\" srcset=\"https:\/\/www.slovensky-kras.eu\/info\/wp-content\/uploads\/2021\/01\/hrusov29.jpg 800w, https:\/\/www.slovensky-kras.eu\/info\/wp-content\/uploads\/2021\/01\/hrusov29-768x576.jpg 768w\" sizes=\"auto, (max-width: 800px) 100vw, 800px\" \/><\/a><figcaption id=\"caption-attachment-19644\" class=\"wp-caption-text\">M\u00fazeum obce Hru\u0161ov<\/figcaption><\/figure>\n<p>Po rokoch ch\u00e1trania tento dom nakoniec odk\u00fapili a zriadili v \u0148om vidiecke m\u00fazeum, v ktorom za pomoci miestneho obyvate\u013estva nahromadili star\u00e9 vz\u00e1cne predmety zo svojich pov\u00e1l, pivn\u00edc a stod\u00f4l.<\/p>\n<p>M\u00fazeum pozost\u00e1va z dvoch miestnost\u00ed &#8211; predizba s kuchynkou a izba.<\/p>\n<p>V\u0161etky s\u00fa zariaden\u00e9 star\u00fdm n\u00e1bytkom a obsahuj\u00fa predmety, ktor\u00e9 pou\u017e\u00edvali miestny obyvatelia v minulosti v dom\u00e1cnosti a pri pr\u00e1cach na poli a s dom\u00e1cimi zvieratami (o\u0161atenie, v\u00fd\u0161ivky, hlinen\u00fd riad, funk\u010dn\u00e9 krosn\u00e1, kolovr\u00e1tky, \u0161ustrovsk\u00e9 pom\u00f4cky a mnoh\u00e9 \u010fal\u0161ie).<\/p>\n<p>Cie\u013eom tohto m\u00fazea je uk\u00e1za\u0165 zachoval\u00fa \u013eudov\u00fa architekt\u00faru zo za\u010diatku 20. storo\u010dia, kult\u00faru b\u00fdvania, sp\u00f4soby hospod\u00e1renia a \u017eivotn\u00fd \u0161t\u00fdl, ktor\u00fdm \u017eili obyvatelia v obci v minulosti.<\/p>\n<h3><span style=\"color: #808000;\">Bl\u00edzke stredisko, turistick\u00e9 centrum, obec alebo mesto:<\/span><\/h3>\n<ul>\n<li><a href=\"http:\/\/www.slovensky-kras.eu\/info\/strediska-a-centra\/obec-hrusov\/\">Obec Hru\u0161ov (\u010d\u00edtaj viac&#8230;)<\/a><\/li>\n<\/ul>\n<h3><span style=\"color: #808000;\">Mapy<\/span><\/h3>\n<p><strong>Vrstvy: <\/strong>Turistick\u00e1 mapa, Automapa, Cyklomapa, Ly\u017eiarska mapa, Satelitn\u00e1 mapa a OpenStreetMap.<\/p>\n<p><strong>Kliknut\u00edm na logo &#8222;Freemap.sk&#8220; sa V\u00e1m mapa zobraz\u00ed na celej ploche obrazovky.<\/strong><\/p>\n<p><iframe style=\"width: 800px; height: 600px; border: 0;\" src=\"https:\/\/www.freemap.sk\/?map=14\/48.583762\/20.634770&amp;info-point=48.583762\/20.634770,Obec Hru\u0161ov&amp;layers=T&amp;embed=search\" allowfullscreen=\"allowfullscreen\"><\/iframe><\/p>\n<h3><span style=\"color: #808000;\">Po\u010dasie<\/span><strong><br \/>\n<\/strong><br \/>\n<iframe style=\"width: 800px; height: 609px;\" src=\"https:\/\/www.meteoblue.com\/sk\/po%C4%8Dasie\/widget\/three\/hru%c5%a1ov_slovensk%c3%a1-republika_724635?geoloc=fixed&amp;nocurrent=0&amp;noforecast=0&amp;days=6&amp;tempunit=CELSIUS&amp;windunit=KILOMETER_PER_HOUR&amp;layout=image\" frameborder=\"0\" scrolling=\"NO\" sandbox=\"allow-same-origin allow-scripts allow-popups allow-popups-to-escape-sandbox\"><span data-mce-type=\"bookmark\" style=\"display: inline-block; width: 0px; overflow: hidden; line-height: 0;\" class=\"mce_SELRES_start\">\ufeff<\/span><\/iframe><\/h3>\n<div><!-- DO NOT REMOVE THIS LINK --><a href=\"https:\/\/www.meteoblue.com\/sk\/po%C4%8Dasie\/predpove%C4%8F\/t%C3%BD%C5%BEde%C5%88\/hru%c5%a1ov_slovensk%c3%a1-republika_724635?utm_source=weather_widget&amp;utm_medium=linkus&amp;utm_content=three&amp;utm_campaign=Weather%2BWidget\" target=\"_blank\" rel=\"noopener noreferrer\">meteoblue<\/a><\/div>\n<h3><span style=\"color: #808000;\">Vide\u00e1<\/span><\/h3>\n<p><iframe loading=\"lazy\" src=\"\/\/www.youtube-nocookie.com\/embed\/mUo3giq5nyk\" width=\"800\" height=\"490\" frameborder=\"0\" allowfullscreen=\"allowfullscreen\"><\/iframe><\/p>\n<p>&nbsp;<\/p>\n","protected":false},"excerpt":{"rendered":"<p>Menu: M\u00faze\u00e1 a obraz\u00e1rne V\u0161eobecn\u00e9 inform\u00e1cie V obci Hru\u0161ov sa nach\u00e1dalo m\u00fazeom, ktor\u00e9 poukazuvlo na kult\u00farnu rozmanitos\u0165 vidieka a jeho trad\u00edcie. M\u00fazeum obce Hru\u0161ov zriadil p\u00e1n J\u00falius Seb\u0151 so svojim [&hellip;]<\/p>\n","protected":false},"author":1,"featured_media":0,"parent":30,"menu_order":0,"comment_status":"closed","ping_status":"open","template":"","meta":{"_uag_custom_page_level_css":"","footnotes":""},"class_list":["post-919","page","type-page","status-publish","hentry"],"featured_image_src":"","featured_image_src_square":false,"rbea_author_info":{"display_name":"admin","author_link":"https:\/\/www.slovensky-kras.eu\/info\/author\/admin\/"},"rbea_excerpt_info":"Menu: M\u00faze\u00e1 a obraz\u00e1rne V\u0161eobecn\u00e9 inform\u00e1cie V obci Hru\u0161ov sa nach\u00e1dalo m\u00fazeom, ktor\u00e9 poukazuvlo na kult\u00farnu rozmanitos\u0165 vidieka a jeho trad\u00edcie. M\u00fazeum obce Hru\u0161ov zriadil p\u00e1n J\u00falius Seb\u0151 so svojim [&hellip;]","uagb_featured_image_src":{"full":false,"thumbnail":false,"medium":false,"medium_large":false,"large":false,"1536x1536":false,"2048x2048":false},"uagb_author_info":{"display_name":"admin","author_link":"https:\/\/www.slovensky-kras.eu\/info\/author\/admin\/"},"uagb_comment_info":0,"uagb_excerpt":"Menu: M\u00faze\u00e1 a obraz\u00e1rne V\u0161eobecn\u00e9 inform\u00e1cie V obci Hru\u0161ov sa nach\u00e1dalo m\u00fazeom, ktor\u00e9 poukazuvlo na kult\u00farnu rozmanitos\u0165 vidieka a jeho trad\u00edcie. M\u00fazeum obce Hru\u0161ov zriadil p\u00e1n J\u00falius Seb\u0151 so svojim [&hellip;]","_links":{"self":[{"href":"https:\/\/www.slovensky-kras.eu\/info\/wp-json\/wp\/v2\/pages\/919","targetHints":{"allow":["GET"]}}],"collection":[{"href":"https:\/\/www.slovensky-kras.eu\/info\/wp-json\/wp\/v2\/pages"}],"about":[{"href":"https:\/\/www.slovensky-kras.eu\/info\/wp-json\/wp\/v2\/types\/page"}],"author":[{"embeddable":true,"href":"https:\/\/www.slovensky-kras.eu\/info\/wp-json\/wp\/v2\/users\/1"}],"replies":[{"embeddable":true,"href":"https:\/\/www.slovensky-kras.eu\/info\/wp-json\/wp\/v2\/comments?post=919"}],"version-history":[{"count":4,"href":"https:\/\/www.slovensky-kras.eu\/info\/wp-json\/wp\/v2\/pages\/919\/revisions"}],"predecessor-version":[{"id":29030,"href":"https:\/\/www.slovensky-kras.eu\/info\/wp-json\/wp\/v2\/pages\/919\/revisions\/29030"}],"up":[{"embeddable":true,"href":"https:\/\/www.slovensky-kras.eu\/info\/wp-json\/wp\/v2\/pages\/30"}],"wp:attachment":[{"href":"https:\/\/www.slovensky-kras.eu\/info\/wp-json\/wp\/v2\/media?parent=919"}],"curies":[{"name":"wp","href":"https:\/\/api.w.org\/{rel}","templated":true}]}}

Vidiecke múzeum v Hrušove &#8211; zaniknuté

<p><strong>Menu: </strong><a href="http://www.slovensky-kras.eu/info/" class="su-button su-button-style-default" style="color:#000000;background-color:#FFCF2F;border-color:#cca626;border-radius:5px" target="_self"><span style="color:#000000;padding:6px 16px;font-size:13px;line-height:20px;border-color:#ffde6e;border-radius:5px;text-shadow:none"><i class="sui sui-arrow-right" style="font-size:13px;color:#000000"></i>  Úvod / Aktuality </span></a>
<a href="http://www.slovensky-kras.eu/info/muzea-kutlura-a-umenie/" class="su-button su-button-style-default" style="color:#000000;background-color:#FFCF2F;border-color:#cca626;border-radius:5px" target="_self"><span style="color:#000000;padding:6px 16px;font-size:13px;line-height:20px;border-color:#ffde6e;border-radius:5px;text-shadow:none"><i class="sui sui-arrow-right" style="font-size:13px;color:#000000"></i>  Múzeá, kutlúra a &#8230; </span></a>
<div class="su-divider su-divider-style-default" style="margin:15px 0;border-width:2px;border-color:#000000"></div>
<div class="su-divider su-divider-style-default" style="margin:15px 0;border-width:2px;border-color:#000000"></div>
<strong>Múzeá a obrazárne</strong><br />
<div class="su-divider su-divider-style-default" style="margin:15px 0;border-width:2px;border-color:#000000"></div>
<h3><span style="color: #808000;">Všeobecné informácie</span></h3>
<p>V obci <a href="http://www.slovensky-kras.eu/info/strediska-a-centra/obec-hrusov/">Hrušov</a> sa nachádalo múzeom, ktoré poukazuvlo na kultúrnu rozmanitosť vidieka a jeho tradície.</p>
<p><span style="color: #ff0000;"><strong>Múzeum obce Hrušov </strong></span>zriadil pán Július Sebő so svojim synom.</p>
<p>Nachádzalo sa v obci <a href="http://www.slovensky-kras.eu/info/strediska-a-centra/obec-hrusov/">Hrušov</a> v dome číslo 76.</p>
<figure id="attachment_21809" aria-describedby="caption-attachment-21809" style="width: 800px" class="wp-caption aligncenter"><a href="https://www.slovensky-kras.eu/info/wp-content/uploads/2021/12/hrusov-muzeum.jpg"><img loading="lazy" decoding="async" class="wp-image-21809 size-full" src="https://www.slovensky-kras.eu/info/wp-content/uploads/2021/12/hrusov-muzeum.jpg" alt="" width="800" height="533" srcset="https://www.slovensky-kras.eu/info/wp-content/uploads/2021/12/hrusov-muzeum.jpg 800w, https://www.slovensky-kras.eu/info/wp-content/uploads/2021/12/hrusov-muzeum-768x512.jpg 768w" sizes="auto, (max-width: 800px) 100vw, 800px" /></a><figcaption id="caption-attachment-21809" class="wp-caption-text">Múzeum obce Hrušov &#8211; pán Július Sebő</figcaption></figure>
<p>Tento váľkový podlhovastý vidiecky dom zo začiatku 20.storočia patril dvom sestrám mníškam.</p>
<p>Dom má vaľbovú strechu a pokrytý je šindľom.</p>
<figure id="attachment_19644" aria-describedby="caption-attachment-19644" style="width: 800px" class="wp-caption aligncenter"><a href="http://www.slovensky-kras.eu/info/wp-content/uploads/2021/01/hrusov29.jpg"><img loading="lazy" decoding="async" class="wp-image-19644 size-full" src="http://www.slovensky-kras.eu/info/wp-content/uploads/2021/01/hrusov29.jpg" alt="" width="800" height="600" srcset="https://www.slovensky-kras.eu/info/wp-content/uploads/2021/01/hrusov29.jpg 800w, https://www.slovensky-kras.eu/info/wp-content/uploads/2021/01/hrusov29-768x576.jpg 768w" sizes="auto, (max-width: 800px) 100vw, 800px" /></a><figcaption id="caption-attachment-19644" class="wp-caption-text">Múzeum obce Hrušov</figcaption></figure>
<p>Po rokoch chátrania tento dom nakoniec odkúpili a zriadili v ňom vidiecke múzeum, v ktorom za pomoci miestneho obyvateľstva nahromadili staré vzácne predmety zo svojich povál, pivníc a stodôl.</p>
<p>Múzeum pozostáva z dvoch miestností &#8211; predizba s kuchynkou a izba.</p>
<p>Všetky sú zariadené starým nábytkom a obsahujú predmety, ktoré používali miestny obyvatelia v minulosti v domácnosti a pri prácach na poli a s domácimi zvieratami (ošatenie, výšivky, hlinený riad, funkčné krosná, kolovrátky, šustrovské pomôcky a mnohé ďalšie).</p>
<p>Cieľom tohto múzea je ukázať zachovalú ľudovú architektúru zo začiatku 20. storočia, kultúru bývania, spôsoby hospodárenia a životný štýl, ktorým žili obyvatelia v obci v minulosti.</p>
<h3><span style="color: #808000;">Blízke stredisko, turistické centrum, obec alebo mesto:</span></h3>
<ul>
<li><a href="http://www.slovensky-kras.eu/info/strediska-a-centra/obec-hrusov/">Obec Hrušov (čítaj viac&#8230;)</a></li>
</ul>
<h3><span style="color: #808000;">Mapy</span></h3>
<p><strong>Vrstvy: </strong>Turistická mapa, Automapa, Cyklomapa, Lyžiarska mapa, Satelitná mapa a OpenStreetMap.</p>
<p><strong>Kliknutím na logo &#8222;Freemap.sk&#8220; sa Vám mapa zobrazí na celej ploche obrazovky.</strong></p>
<p><iframe style="width: 800px; height: 600px; border: 0;" src="https://www.freemap.sk/?map=14/48.583762/20.634770&amp;info-point=48.583762/20.634770,Obec Hrušov&amp;layers=T&amp;embed=search" allowfullscreen="allowfullscreen"></iframe></p>
<h3><span style="color: #808000;">Počasie</span><strong><br />
</strong><br />
<iframe style="width: 800px; height: 609px;" src="https://www.meteoblue.com/sk/po%C4%8Dasie/widget/three/hru%c5%a1ov_slovensk%c3%a1-republika_724635?geoloc=fixed&amp;nocurrent=0&amp;noforecast=0&amp;days=6&amp;tempunit=CELSIUS&amp;windunit=KILOMETER_PER_HOUR&amp;layout=image" frameborder="0" scrolling="NO" sandbox="allow-same-origin allow-scripts allow-popups allow-popups-to-escape-sandbox"><span data-mce-type="bookmark" style="display: inline-block; width: 0px; overflow: hidden; line-height: 0;" class="mce_SELRES_start">﻿</span></iframe></h3>
<div><!-- DO NOT REMOVE THIS LINK --><a href="https://www.meteoblue.com/sk/po%C4%8Dasie/predpove%C4%8F/t%C3%BD%C5%BEde%C5%88/hru%c5%a1ov_slovensk%c3%a1-republika_724635?utm_source=weather_widget&amp;utm_medium=linkus&amp;utm_content=three&amp;utm_campaign=Weather%2BWidget" target="_blank" rel="noopener noreferrer">meteoblue</a></div>
<h3><span style="color: #808000;">Videá</span></h3>
<p><iframe loading="lazy" src="//www.youtube-nocookie.com/embed/mUo3giq5nyk" width="800" height="490" frameborder="0" allowfullscreen="allowfullscreen"></iframe></p>
<p>&nbsp;</p>

<p>Menu: Múzeá a obrazárne Všeobecné informácie V obci Hrušov sa nachádalo múzeom, ktoré poukazuvlo na kultúrnu rozmanitosť vidieka a jeho tradície. Múzeum obce Hrušov zriadil pán Július Sebő so svojim [&hellip;]</p>

Menu: Múzeá a obrazárne Všeobecné informácie V obci Hrušov sa nachádalo múzeom, ktoré poukazuvlo na kultúrnu rozmanitosť vidieka a jeho tradície. Múzeum obce Hrušov zriadil pán Július Sebő so svojim [&hellip;]
