{"id":9012,"date":"2016-11-01T17:31:25","date_gmt":"2016-11-01T16:31:25","guid":{"rendered":"http:\/\/www.slovensky-kras.eu\/info\/?page_id=9012"},"modified":"2016-11-01T17:34:10","modified_gmt":"2016-11-01T16:34:10","slug":"narodne-prirodne-rezervacie","status":"publish","type":"page","link":"https:\/\/www.slovensky-kras.eu\/info\/kam-do-prirody\/narodne-prirodne-rezervacie\/","title":{"rendered":"N\u00e1rodn\u00e9 pr\u00edrodn\u00e9 rezerv\u00e1cie"},"content":{"rendered":"<p><strong>Menu: <\/strong> <a href=\"http:\/\/www.slovensky-kras.eu\/info\/\" class=\"su-button su-button-style-default\" style=\"color:#000000;background-color:#FFCF2F;border-color:#cca626;border-radius:5px\" target=\"_self\"><span style=\"color:#000000;padding:6px 16px;font-size:13px;line-height:20px;border-color:#ffde6e;border-radius:5px;text-shadow:none\"><i class=\"sui sui-arrow-right\" style=\"font-size:13px;color:#000000\"><\/i>  \u00davod \/ Aktuality <\/span><\/a>\n<a href=\"http:\/\/www.slovensky-kras.eu\/info\/kam-do-prirody\/\" class=\"su-button su-button-style-default\" style=\"color:#000000;background-color:#FFCF2F;border-color:#cca626;border-radius:5px\" target=\"_self\"><span style=\"color:#000000;padding:6px 16px;font-size:13px;line-height:20px;border-color:#ffde6e;border-radius:5px;text-shadow:none\"><i class=\"sui sui-arrow-right\" style=\"font-size:13px;color:#000000\"><\/i>  Kam do pr\u00edrody <\/span><\/a>\n&nbsp;<br \/>\n&nbsp;<br \/>\n<strong>Podkateg\u00f3ria: <\/strong> <a href=\"http:\/\/www.slovensky-kras.eu\/info\/kam-do-prirody\/narodne-prirodne-rezervacie\/\" class=\"su-button su-button-style-default\" style=\"color:#000000;background-color:#C5ED2C;border-color:#9ebe24;border-radius:5px\" target=\"_self\"><span style=\"color:#000000;padding:6px 16px;font-size:13px;line-height:20px;border-color:#d7f36c;border-radius:5px;text-shadow:none\"><i class=\"sui sui-arrow-right\" style=\"font-size:13px;color:#000000\"><\/i>  N\u00e1rodn\u00e9 pr\u00edrodn\u00e9 rezerv\u00e1cie <\/span><\/a>\n<div class=\"su-divider su-divider-style-default\" style=\"margin:15px 0;border-width:3px;border-color:#000000\"><\/div>\n<div id=\"metaslider-id-5802\" style=\"max-width: 800px; margin: 0 auto;\" class=\"ml-slider-3-108-0 metaslider metaslider-flex metaslider-5802 ml-slider ms-theme-default nav-hidden\" role=\"region\" aria-label=\"NPR Domick\u00e9 \u0161krapy\" data-height=\"250\" data-width=\"800\">\n    <div id=\"metaslider_container_5802\">\n        <div id=\"metaslider_5802\" class=\"flexslider\">\n            <ul class='slides'>\n                <li style=\"display: block; width: 100%;\" class=\"slide-21645 ms-image \" aria-roledescription=\"slide\" data-date=\"2021-12-17 18:06:35\" data-filename=\"domicke-skrapy-800x250.jpg\" data-slide-type=\"image\"><a href=\"https:\/\/www.slovensky-kras.eu\/info\/kam-do-prirody\/npr-domicke-skrapy\/\" target=\"_self\" aria-label=\"View Slide Details\" class=\"metaslider_image_link\"><img loading=\"lazy\" decoding=\"async\" src=\"https:\/\/www.slovensky-kras.eu\/info\/wp-content\/uploads\/2021\/12\/domicke-skrapy-800x250.jpg\" height=\"250\" width=\"800\" alt=\"NPR Domick\u00e9 \u0161krapy\" class=\"slider-5802 slide-21645 msDefaultImage\" title=\"NPR Domick\u00e9 \u0161krapy\" \/><\/a><div class=\"caption-wrap\"><div class=\"caption\"><b><a href=\"https:\/\/www.slovensky-kras.eu\/info\/kam-do-prirody\/npr-domicke-skrapy\/\"><span style=\"color:#FFFF00;\">NPR Domick\u00e9 \u0161krapy<\/span><\/a><\/b><\/div><\/div><\/li>\n            <\/ul>\n        <\/div>\n        \n    <\/div>\n<\/div>\n<div id=\"metaslider-id-5867\" style=\"max-width: 800px; margin: 0 auto;\" class=\"ml-slider-3-108-0 metaslider metaslider-flex metaslider-5867 ml-slider ms-theme-default nav-hidden nav-hidden\" role=\"region\" aria-label=\"NPR Brzot\u00ednske skaly\" data-height=\"250\" data-width=\"800\">\n    <div id=\"metaslider_container_5867\">\n        <div id=\"metaslider_5867\" class=\"flexslider\">\n            <ul class='slides'>\n                <li style=\"display: block; width: 100%;\" class=\"slide-29779 ms-image \" aria-roledescription=\"slide\" data-date=\"2026-04-02 00:27:44\" data-filename=\"brzotinske-skaly-800x250.jpeg\" data-slide-type=\"image\"><a href=\"https:\/\/www.slovensky-kras.eu\/info\/kam-do-prirody\/npr-brzotinske-skaly\/\" target=\"_self\" aria-label=\"View Slide Details\" class=\"metaslider_image_link\"><img loading=\"lazy\" decoding=\"async\" src=\"https:\/\/www.slovensky-kras.eu\/info\/wp-content\/uploads\/2026\/03\/brzotinske-skaly-800x250.jpeg\" height=\"250\" width=\"800\" alt=\"Brzot\u00ednske skaly\" class=\"slider-5867 slide-29779 msDefaultImage\" title=\"Brzot\u00ednske skaly\" \/><\/a><div class=\"caption-wrap\"><div class=\"caption\"><div><strong><a href=\"https:\/\/www.slovensky-kras.eu\/info\/kam-do-prirody\/npr-brzotinske-skaly\/\"><span style=\"color:#ffff00;\">NPR Brzot\u00ednske skaly<\/span><\/a><\/strong><\/div><\/div><\/div><\/li>\n            <\/ul>\n        <\/div>\n        \n    <\/div>\n<\/div>\n<div id=\"metaslider-id-5739\" style=\"max-width: 800px; margin: 0 auto;\" class=\"ml-slider-3-108-0 metaslider metaslider-flex metaslider-5739 ml-slider ms-theme-default nav-hidden nav-hidden nav-hidden\" role=\"region\" aria-label=\"NPR Drie\u0148ovec\" data-height=\"250\" data-width=\"800\">\n    <div id=\"metaslider_container_5739\">\n        <div id=\"metaslider_5739\" class=\"flexslider\">\n            <ul class='slides'>\n                <li style=\"display: block; width: 100%;\" class=\"slide-28612 ms-image \" aria-roledescription=\"slide\" data-date=\"2025-11-15 19:40:09\" data-filename=\"drienovec-2-800x250.jpg\" data-slide-type=\"image\"><a href=\"https:\/\/www.slovensky-kras.eu\/info\/kam-do-prirody\/npr-drienovec\/\" target=\"_self\" aria-label=\"View Slide Details\" class=\"metaslider_image_link\"><img loading=\"lazy\" decoding=\"async\" src=\"https:\/\/www.slovensky-kras.eu\/info\/wp-content\/uploads\/2025\/11\/drienovec-2-800x250.jpg\" height=\"250\" width=\"800\" alt=\"NPR Drie\u0148ovec\" class=\"slider-5739 slide-28612 msDefaultImage\" title=\"Poh\u013ead na vrch Drie\u0148ovec (804 m n.m.)\" \/><\/a><div class=\"caption-wrap\"><div class=\"caption\"><div><strong><a href=\"http:\/\/www.slovensky-kras.eu\/info\/kam-do-prirody\/npr-drienovec\/\"><span style=\"color:#ffff00;\">NPR Drie\u0148ovec<\/span><\/a><\/strong><\/div><\/div><\/div><\/li>\n            <\/ul>\n        <\/div>\n        \n    <\/div>\n<\/div>\n<div id=\"metaslider-id-5863\" style=\"max-width: 800px; margin: 0 auto;\" class=\"ml-slider-3-108-0 metaslider metaslider-flex metaslider-5863 ml-slider ms-theme-default nav-hidden nav-hidden nav-hidden nav-hidden\" role=\"region\" aria-label=\"NPR Havrania skala\" data-height=\"250\" data-width=\"800\">\n    <div id=\"metaslider_container_5863\">\n        <div id=\"metaslider_5863\" class=\"flexslider\">\n            <ul class='slides'>\n                <li style=\"display: block; width: 100%;\" class=\"slide-29910 ms-image \" aria-roledescription=\"slide\" data-date=\"2026-04-05 07:11:45\" data-filename=\"havrania-skala-leto-800x250.jpeg\" data-slide-type=\"image\"><a href=\"http:\/\/www.slovensky-kras.eu\/info\/kam-do-prirody\/npr-havrania-skala\/\" target=\"_self\" aria-label=\"View Slide Details\" class=\"metaslider_image_link\"><img loading=\"lazy\" decoding=\"async\" src=\"https:\/\/www.slovensky-kras.eu\/info\/wp-content\/uploads\/2026\/04\/havrania-skala-leto-800x250.jpeg\" height=\"250\" width=\"800\" alt=\"Havrania skala\" class=\"slider-5863 slide-29910 msDefaultImage\" title=\"Havrania skala\" \/><\/a><div class=\"caption-wrap\"><div class=\"caption\"><div><strong><a href=\"http:\/\/www.slovensky-kras.eu\/info\/kam-do-prirody\/npr-havrania-skala\/\"><span style=\"color:#ffff00;\">NPR Havrania skala<\/span><\/a><\/strong><\/div><\/div><\/div><\/li>\n            <\/ul>\n        <\/div>\n        \n    <\/div>\n<\/div>\n<div id=\"metaslider-id-5876\" style=\"max-width: 800px; margin: 0 auto;\" class=\"ml-slider-3-108-0 metaslider metaslider-flex metaslider-5876 ml-slider ms-theme-default nav-hidden nav-hidden nav-hidden nav-hidden nav-hidden\" role=\"region\" aria-label=\"NPR Jasovsk\u00e9 dubiny\" data-height=\"250\" data-width=\"800\">\n    <div id=\"metaslider_container_5876\">\n        <div id=\"metaslider_5876\" class=\"flexslider\">\n            <ul class='slides'>\n                <li style=\"display: block; width: 100%;\" class=\"slide-21492 ms-image \" aria-roledescription=\"slide\" data-date=\"2021-12-16 07:53:03\" data-filename=\"jasovske-dubiny2-800x250.jpg\" data-slide-type=\"image\"><a href=\"http:\/\/www.slovensky-kras.eu\/info\/kam-do-prirody\/narodna-prirodna-rezervacia-jasovske-dubiny\/\" target=\"_self\" aria-label=\"View Slide Details\" class=\"metaslider_image_link\"><img loading=\"lazy\" decoding=\"async\" src=\"https:\/\/www.slovensky-kras.eu\/info\/wp-content\/uploads\/2021\/12\/jasovske-dubiny2-800x250.jpg\" height=\"250\" width=\"800\" alt=\"\" class=\"slider-5876 slide-21492 msDefaultImage\" title=\"NPR Jasovsk\u00e9 dubiny\" \/><\/a><div class=\"caption-wrap\"><div class=\"caption\"><b><a href=\"http:\/\/www.slovensky-kras.eu\/info\/kam-do-prirody\/narodna-prirodna-rezervacia-jasovske-dubiny\/\"><span style=\"color:#FFFF00;\">NPR Jasovsk\u00e9 dubiny<\/span><\/a><\/b><\/div><\/div><\/li>\n            <\/ul>\n        <\/div>\n        \n    <\/div>\n<\/div>\n<div id=\"metaslider-id-5726\" style=\"max-width: 800px; margin: 0 auto;\" class=\"ml-slider-3-108-0 metaslider metaslider-flex metaslider-5726 ml-slider ms-theme-default nav-hidden nav-hidden nav-hidden nav-hidden nav-hidden nav-hidden\" role=\"region\" aria-label=\"Ke\u010dovsk\u00e9 \u0161krapy\" data-height=\"250\" data-width=\"800\">\n    <div id=\"metaslider_container_5726\">\n        <div id=\"metaslider_5726\" class=\"flexslider\">\n            <ul class='slides'>\n                <li style=\"display: block; width: 100%;\" class=\"slide-5727 ms-image \" aria-roledescription=\"slide\" data-date=\"2015-03-15 07:10:33\" data-filename=\"dsc00054-800x250.jpg\" data-slide-type=\"image\"><a href=\"http:\/\/www.slovensky-kras.eu\/info\/kam-do-prirody\/kecovske-skrapy\/\" target=\"_self\" aria-label=\"View Slide Details\" class=\"metaslider_image_link\"><img loading=\"lazy\" decoding=\"async\" src=\"https:\/\/www.slovensky-kras.eu\/info\/wp-content\/uploads\/2015\/03\/dsc00054-800x250.jpg\" height=\"250\" width=\"800\" alt=\"\" class=\"slider-5726 slide-5727 msDefaultImage\" \/><\/a><div class=\"caption-wrap\"><div class=\"caption\"><b><a href=\"http:\/\/www.slovensky-kras.eu\/info\/kam-do-prirody\/kecovske-skrapy\/\"><span style=\"color:#FFFF00;\">NPR Ke\u010dovsk\u00e9 \u0161krapy<\/span><\/a><\/b><\/div><\/div><\/li>\n            <\/ul>\n        <\/div>\n        \n    <\/div>\n<\/div>\n<div id=\"metaslider-id-5735\" style=\"max-width: 800px; margin: 0 auto;\" class=\"ml-slider-3-108-0 metaslider metaslider-flex metaslider-5735 ml-slider ms-theme-default nav-hidden nav-hidden nav-hidden nav-hidden nav-hidden nav-hidden nav-hidden\" role=\"region\" aria-label=\"NPR Turniansky hradn\u00fd vrch\" data-height=\"250\" data-width=\"800\">\n    <div id=\"metaslider_container_5735\">\n        <div id=\"metaslider_5735\" class=\"flexslider\">\n            <ul class='slides'>\n                <li style=\"display: block; width: 100%;\" class=\"slide-21651 ms-image \" aria-roledescription=\"slide\" data-date=\"2021-12-17 18:22:43\" data-filename=\"sk-kras-turna-800x250.png\" data-slide-type=\"image\"><a href=\"http:\/\/www.slovensky-kras.eu\/info\/kam-do-prirody\/npr-turniansky-hradny-vrch\/\" target=\"_self\" aria-label=\"View Slide Details\" class=\"metaslider_image_link\"><img loading=\"lazy\" decoding=\"async\" src=\"https:\/\/www.slovensky-kras.eu\/info\/wp-content\/uploads\/2020\/12\/sk-kras-turna-800x250.png\" height=\"250\" width=\"800\" alt=\"Turniansky hrad\" class=\"slider-5735 slide-21651 msDefaultImage\" title=\"Turniansky hrad\" \/><\/a><div class=\"caption-wrap\"><div class=\"caption\"><b><a href=\"http:\/\/www.slovensky-kras.eu\/info\/kam-do-prirody\/npr-turniansky-hradny-vrch\/\"><span style=\"color:#FFFF00;\">NPR Turniansky hradn\u00fd vrch\n\n<\/span><\/a><\/b><\/div><\/div><\/li>\n            <\/ul>\n        <\/div>\n        \n    <\/div>\n<\/div>\n<div id=\"metaslider-id-5704\" style=\"max-width: 800px; margin: 0 auto;\" class=\"ml-slider-3-108-0 metaslider metaslider-flex metaslider-5704 ml-slider ms-theme-default nav-hidden nav-hidden nav-hidden nav-hidden nav-hidden nav-hidden nav-hidden nav-hidden\" role=\"region\" aria-label=\"NPR Z\u00e1dielska ties\u0148ava\" data-height=\"250\" data-width=\"800\">\n    <div id=\"metaslider_container_5704\">\n        <div id=\"metaslider_5704\" class=\"flexslider\">\n            <ul class='slides'>\n                <li style=\"display: block; width: 100%;\" class=\"slide-21537 ms-image \" aria-roledescription=\"slide\" data-date=\"2021-12-16 13:17:18\" data-filename=\"zadielska-dolina2-800x250.png\" data-slide-type=\"image\"><a href=\"https:\/\/www.slovensky-kras.eu\/info\/kam-do-prirody\/npr-zadielska-tiesnava\/\" target=\"_self\" aria-label=\"View Slide Details\" class=\"metaslider_image_link\"><img loading=\"lazy\" decoding=\"async\" src=\"https:\/\/www.slovensky-kras.eu\/info\/wp-content\/uploads\/2021\/12\/zadielska-dolina2-800x250.png\" height=\"250\" width=\"800\" alt=\"Z\u00e1dielska ties\u0148ava\" class=\"slider-5704 slide-21537 msDefaultImage\" title=\"zadielska dolina2\" \/><\/a><div class=\"caption-wrap\"><div class=\"caption\"><b><a href=\"https:\/\/www.slovensky-kras.eu\/info\/kam-do-prirody\/npr-zadielska-tiesnava\/\"><span style=\"color:#FFFF00;\">NPR Z\u00e1dielska ties\u0148ava\n<\/span><\/a><\/b><\/div><\/div><\/li>\n            <\/ul>\n        <\/div>\n        \n    <\/div>\n<\/div>\n<div id=\"metaslider-id-6248\" style=\"max-width: 800px; margin: 0 auto;\" class=\"ml-slider-3-108-0 metaslider metaslider-flex metaslider-6248 ml-slider ms-theme-default nav-hidden nav-hidden nav-hidden nav-hidden nav-hidden nav-hidden nav-hidden nav-hidden nav-hidden\" role=\"region\" aria-label=\"NPR Hru\u0161ovsk\u00e1 lesostep\" data-height=\"250\" data-width=\"800\">\n    <div id=\"metaslider_container_6248\">\n        <div id=\"metaslider_6248\" class=\"flexslider\">\n            <ul class='slides'>\n                <li style=\"display: block; width: 100%;\" class=\"slide-19493 ms-image \" aria-roledescription=\"slide\" data-date=\"2020-12-17 19:19:08\" data-filename=\"Hrusovska-lesostep-a-vinice-pod-nou-800x250.jpg\" data-slide-type=\"image\"><a href=\"http:\/\/www.slovensky-kras.eu\/info\/kam-do-prirody\/npr-hrusovska-lesostep\/\" target=\"_self\" aria-label=\"View Slide Details\" class=\"metaslider_image_link\"><img loading=\"lazy\" decoding=\"async\" src=\"https:\/\/www.slovensky-kras.eu\/info\/wp-content\/uploads\/2020\/12\/Hrusovska-lesostep-a-vinice-pod-nou-800x250.jpg\" height=\"250\" width=\"800\" alt=\"Hru\u0161ovsk\u00e1 lesostep\" class=\"slider-6248 slide-19493 msDefaultImage\" title=\"Hru\u0161ovsk\u00e1-lesostep-a-vinice-pod-\u0148ou\" \/><\/a><div class=\"caption-wrap\"><div class=\"caption\"><b><a href=\"http:\/\/www.slovensky-kras.eu\/info\/kam-do-prirody\/npr-hrusovska-lesostep\/\"><span style=\"color:#FFFF00;\">NPR Hru\u0161ovsk\u00e1 lesostep<\/span><\/a><\/b><\/div><\/div><\/li>\n            <\/ul>\n        <\/div>\n        \n    <\/div>\n<\/div>\n<div id=\"metaslider-id-6245\" style=\"max-width: 800px; margin: 0 auto;\" class=\"ml-slider-3-108-0 metaslider metaslider-flex metaslider-6245 ml-slider ms-theme-default nav-hidden nav-hidden nav-hidden nav-hidden nav-hidden nav-hidden nav-hidden nav-hidden nav-hidden nav-hidden\" role=\"region\" aria-label=\"NPR Pod str\u00e1\u017enym hrebe\u0148om\" data-height=\"250\" data-width=\"800\">\n    <div id=\"metaslider_container_6245\">\n        <div id=\"metaslider_6245\" class=\"flexslider\">\n            <ul class='slides'>\n                <li style=\"display: block; width: 100%;\" class=\"slide-19484 ms-image \" aria-roledescription=\"slide\" data-date=\"2020-12-17 18:25:19\" data-filename=\"25-800x250.jpeg\" data-slide-type=\"image\"><a href=\"http:\/\/www.slovensky-kras.eu\/info\/kam-do-prirody\/npr-pod-straznym-hrebenom\/\" target=\"_self\" aria-label=\"View Slide Details\" class=\"metaslider_image_link\"><img loading=\"lazy\" decoding=\"async\" src=\"https:\/\/www.slovensky-kras.eu\/info\/wp-content\/uploads\/2013\/06\/25-800x250.jpeg\" height=\"250\" width=\"800\" alt=\"Pod str\u00e1\u017enym hrebe\u0148om\" class=\"slider-6245 slide-19484 msDefaultImage\" title=\"Pod str\u00e1\u017enym hrebe\u0148om\" \/><\/a><div class=\"caption-wrap\"><div class=\"caption\"><b><a href=\"http:\/\/www.slovensky-kras.eu\/info\/kam-do-prirody\/npr-pod-straznym-hrebenom\/\"><span style=\"color:#FFFF00;\">NPR Pod str\u00e1\u017enym hrebe\u0148om<\/span><\/a><\/b><\/div><\/div><\/li>\n            <\/ul>\n        <\/div>\n        \n    <\/div>\n<\/div>\n<div class=\"su-divider su-divider-style-default\" style=\"margin:15px 0;border-width:3px;border-color:#000000\"><\/div>\n","protected":false},"excerpt":{"rendered":"<p>Menu: &nbsp; &nbsp; Podkateg\u00f3ria:<\/p>\n","protected":false},"author":1,"featured_media":0,"parent":13,"menu_order":0,"comment_status":"closed","ping_status":"closed","template":"","meta":{"_uag_custom_page_level_css":"","footnotes":""},"class_list":["post-9012","page","type-page","status-publish","hentry"],"featured_image_src":"","featured_image_src_square":false,"rbea_author_info":{"display_name":"admin","author_link":"https:\/\/www.slovensky-kras.eu\/info\/author\/admin\/"},"rbea_excerpt_info":"Menu: &nbsp; &nbsp; Podkateg\u00f3ria:","uagb_featured_image_src":{"full":false,"thumbnail":false,"medium":false,"medium_large":false,"large":false,"1536x1536":false,"2048x2048":false},"uagb_author_info":{"display_name":"admin","author_link":"https:\/\/www.slovensky-kras.eu\/info\/author\/admin\/"},"uagb_comment_info":0,"uagb_excerpt":"Menu: &nbsp; &nbsp; Podkateg\u00f3ria:","_links":{"self":[{"href":"https:\/\/www.slovensky-kras.eu\/info\/wp-json\/wp\/v2\/pages\/9012","targetHints":{"allow":["GET"]}}],"collection":[{"href":"https:\/\/www.slovensky-kras.eu\/info\/wp-json\/wp\/v2\/pages"}],"about":[{"href":"https:\/\/www.slovensky-kras.eu\/info\/wp-json\/wp\/v2\/types\/page"}],"author":[{"embeddable":true,"href":"https:\/\/www.slovensky-kras.eu\/info\/wp-json\/wp\/v2\/users\/1"}],"replies":[{"embeddable":true,"href":"https:\/\/www.slovensky-kras.eu\/info\/wp-json\/wp\/v2\/comments?post=9012"}],"version-history":[{"count":0,"href":"https:\/\/www.slovensky-kras.eu\/info\/wp-json\/wp\/v2\/pages\/9012\/revisions"}],"up":[{"embeddable":true,"href":"https:\/\/www.slovensky-kras.eu\/info\/wp-json\/wp\/v2\/pages\/13"}],"wp:attachment":[{"href":"https:\/\/www.slovensky-kras.eu\/info\/wp-json\/wp\/v2\/media?parent=9012"}],"curies":[{"name":"wp","href":"https:\/\/api.w.org\/{rel}","templated":true}]}}