{"id":834,"date":"2013-07-07T10:25:08","date_gmt":"2013-07-07T08:25:08","guid":{"rendered":"http:\/\/www.slovensky-kras.eu\/info\/?page_id=834"},"modified":"2025-12-05T06:52:18","modified_gmt":"2025-12-05T05:52:18","slug":"naucny-chodnik-jaskyne-slovenskeho-krasu-svetove-prirodne-dedicstvo","status":"publish","type":"page","link":"https:\/\/www.slovensky-kras.eu\/info\/aktivity-a-sport\/naucny-chodnik-jaskyne-slovenskeho-krasu-svetove-prirodne-dedicstvo\/","title":{"rendered":"N\u00e1u\u010dn\u00fd chodn\u00edk Jaskyne Slovensk\u00e9ho krasu \u2013 svetov\u00e9 pr\u00edrodn\u00e9 dedi\u010dstvo"},"content":{"rendered":"<p><strong>Menu: <\/strong><a href=\"http:\/\/www.slovensky-kras.eu\/info\/\" class=\"su-button su-button-style-default\" style=\"color:#000000;background-color:#FFCF2F;border-color:#cca626;border-radius:5px\" target=\"_self\"><span style=\"color:#000000;padding:6px 16px;font-size:13px;line-height:20px;border-color:#ffde6e;border-radius:5px;text-shadow:none\"><i class=\"sui sui-arrow-right\" style=\"font-size:13px;color:#000000\"><\/i>  \u00davod \/ Aktuality <\/span><\/a>\n<a href=\"http:\/\/www.slovensky-kras.eu\/info\/aktivity-a-sport\/\" class=\"su-button su-button-style-default\" style=\"color:#000000;background-color:#FFCF2F;border-color:#cca626;border-radius:5px\" target=\"_self\"><span style=\"color:#000000;padding:6px 16px;font-size:13px;line-height:20px;border-color:#ffde6e;border-radius:5px;text-shadow:none\"><i class=\"sui sui-arrow-right\" style=\"font-size:13px;color:#000000\"><\/i>  Aktivity a \u0161port <\/span><\/a>\n<div class=\"su-divider su-divider-style-default\" style=\"margin:15px 0;border-width:3px;border-color:#000000\"><\/div>\n<strong>N\u00e1u\u010dn\u00e9 chodn\u00edky<\/strong><br \/>\n<div class=\"su-divider su-divider-style-default\" style=\"margin:15px 0;border-width:3px;border-color:#000000\"><\/div>\n<figure id=\"attachment_21922\" aria-describedby=\"caption-attachment-21922\" style=\"width: 900px\" class=\"wp-caption aligncenter\"><a href=\"https:\/\/www.slovensky-kras.eu\/info\/wp-content\/uploads\/2021\/12\/jaskyne-slovenskeho-krasu1.jpg\"><img loading=\"lazy\" decoding=\"async\" class=\"wp-image-21922\" src=\"https:\/\/www.slovensky-kras.eu\/info\/wp-content\/uploads\/2021\/12\/jaskyne-slovenskeho-krasu1.jpg\" alt=\"N\u00e1u\u010dn\u00fd chodn\u00edk Jaskyne Slovensk\u00e9ho krasu \u2013 svetov\u00e9 pr\u00edrodn\u00e9 dedi\u010dstvo\" width=\"900\" height=\"600\" srcset=\"https:\/\/www.slovensky-kras.eu\/info\/wp-content\/uploads\/2021\/12\/jaskyne-slovenskeho-krasu1.jpg 800w, https:\/\/www.slovensky-kras.eu\/info\/wp-content\/uploads\/2021\/12\/jaskyne-slovenskeho-krasu1-768x512.jpg 768w\" sizes=\"auto, (max-width: 900px) 100vw, 900px\" \/><\/a><figcaption id=\"caption-attachment-21922\" class=\"wp-caption-text\">N\u00e1u\u010dn\u00fd chodn\u00edk Jaskyne Slovensk\u00e9ho krasu \u2013 svetov\u00e9 pr\u00edrodn\u00e9 dedi\u010dstvo<\/figcaption><\/figure>\n<div class=\"su-divider su-divider-style-default\" style=\"margin:15px 0;border-width:3px;border-color:#000000\"><\/div>\n<p dir=\"auto\"><strong>N\u00e1u\u010dn\u00fd chodn\u00edk Jaskyne Slovensk\u00e9ho krasu \u2013 svetov\u00e9 pr\u00edrodn\u00e9 dedi\u010dstvo<\/strong> je ide\u00e1lnym sp\u00f4sobom, ako spozna\u0165 jedno z najkraj\u0161\u00edch a najvz\u00e1cnej\u0161\u00edch pr\u00edrodn\u00fdch pokladov Slovenska. Za necel\u00fa hodinu sa ponor\u00edte do sveta UNESCO, n\u00e1dhernej pr\u00edrody a fascinuj\u00facej hist\u00f3rie.<\/p>\n<h2 dir=\"auto\"><span style=\"color: #800000;\">Pre\u010do s\u00fa <strong>jaskyne Slovensk\u00e9ho krasu<\/strong> zap\u00edsan\u00e9 do svetov\u00e9ho pr\u00edrodn\u00e9ho dedi\u010dstva UNESCO?<\/span><\/h2>\n<p dir=\"auto\"><strong>Jaskyne Slovensk\u00e9ho krasu<\/strong> ako <strong>svetov\u00e9 pr\u00edrodn\u00e9 dedi\u010dstvo<\/strong> predstavuj\u00fa unik\u00e1tny kult\u00farny a pr\u00edrodn\u00fd odkaz, ktor\u00fd svojou v\u00fdnimo\u010dnou hodnotou prech\u00e1dza z gener\u00e1cie na gener\u00e1ciu.<\/p>\n<h2 dir=\"auto\"><span style=\"color: #800000;\">Kde za\u010d\u00edna <strong>n\u00e1u\u010dn\u00fd chodn\u00edk Jaskyne Slovensk\u00e9ho krasu \u2013 svetov\u00e9 pr\u00edrodn\u00e9 dedi\u010dstvo<\/strong> a kam vedie?<\/span><\/h2>\n<p dir=\"auto\">Vybudovan\u00fd <strong>n\u00e1u\u010dn\u00fd chodn\u00edk<\/strong> za\u010d\u00edna v obci Kr\u00e1snohorsk\u00e1 Dlh\u00e1 L\u00faka a kon\u010d\u00ed pri vstupe do Kr\u00e1snohorskej jaskyne (mo\u017enos\u0165 pred\u013a\u017eenia a\u017e od hradu Kr\u00e1sna H\u00f4rka \u2013 4 km). Tento chodn\u00edk ide\u00e1lnym sp\u00f4sobom nap\u013a\u0148a ciele prezent\u00e1cie <strong>svetov\u00e9ho pr\u00edrodn\u00e9ho dedi\u010dstva<\/strong>.<\/p>\n<h2 dir=\"auto\"><span style=\"color: #800000;\">Kto naj\u010dastej\u0161ie nav\u0161tevuje tento <strong>n\u00e1u\u010dn\u00fd chodn\u00edk<\/strong>?<\/span><\/h2>\n<p dir=\"auto\"><strong>N\u00e1u\u010dn\u00fd chodn\u00edk<\/strong> je ob\u013e\u00faben\u00fd medzi miestnymi obyvate\u013emi aj turistami, ktor\u00ed prich\u00e1dzaj\u00fa obdivova\u0165 Kr\u00e1snohorsk\u00fa jasky\u0148u a okolit\u00fa pr\u00edrodu.<\/p>\n<h2 dir=\"auto\"><span style=\"color: #800000;\">Na \u010do sa zameriava <strong>n\u00e1u\u010dn\u00fd chodn\u00edk Jaskyne Slovensk\u00e9ho krasu<\/strong>?<\/span><\/h2>\n<p dir=\"auto\"><strong>N\u00e1u\u010dn\u00fd chodn\u00edk<\/strong> je zameran\u00fd na pr\u00edrodovedn\u00e9, environment\u00e1lne a historick\u00e9 inform\u00e1cie celej oblasti <strong>Slovensk\u00e9ho krasu<\/strong>.<\/p>\n<h2 dir=\"auto\"><span style=\"color: #800000;\">Ak\u00fdm prostred\u00edm prech\u00e1dza tento <strong>n\u00e1u\u010dn\u00fd chodn\u00edk<\/strong>?<\/span><\/h2>\n<p dir=\"auto\">Trasa je situovan\u00e1 v n\u00e1dhernom prostred\u00ed s v\u00fdh\u013eadom na <strong>hrad Kr\u00e1sna H\u00f4rka<\/strong> a vedie popri Kaplnke Sv\u00e4tej Panny M\u00e1rie a historickom Vodnom mlyne.<\/p>\n<h2 dir=\"auto\"><span style=\"color: #800000;\">Ak\u00e9 pr\u00edrodn\u00e9 unik\u00e1ty uvid\u00edte priamo na trase?<\/span><\/h2>\n<p dir=\"auto\">\u010eal\u0161ou pr\u00edrodnou zauj\u00edmavos\u0165ou a vz\u00e1cnos\u0165ou, popri ktorej vedie <strong>n\u00e1u\u010dn\u00fd chodn\u00edk<\/strong>, s\u00fa krasov\u00e9 priehradky \u2013 penovce na potoku Buzg\u00f3.<\/p>\n<h2 dir=\"auto\"><span style=\"color: #800000;\">Ko\u013eko \u010dasu potrebujete a \u010do v\u0161etko spozn\u00e1te?<\/span><\/h2>\n<p dir=\"auto\">Po\u010das pr\u00edjemnej prech\u00e1dzky v \u010dasovom intervale pribli\u017ene 60 min\u00fat sa n\u00e1v\u0161tevn\u00edk obozn\u00e1mi s kr\u00e1sami <strong>N\u00e1rodn\u00e9ho parku Slovensk\u00fd kras<\/strong>, <strong>jasky\u0148ami Slovensk\u00e9ho krasu<\/strong> zap\u00edsan\u00fdmi do <strong>svetov\u00e9ho pr\u00edrodn\u00e9ho dedi\u010dstva<\/strong> a hist\u00f3riou prieskumu podzemn\u00e9ho krasu.<\/p>\n<h2 dir=\"auto\"><span style=\"color: #800000;\">Ak\u00e9 s\u00fa z\u00e1kladn\u00e9 parametre <strong>n\u00e1u\u010dn\u00e9ho chodn\u00edka<\/strong>?<\/span><\/h2>\n<ul dir=\"auto\">\n<li>D\u013a\u017eka chodn\u00edka: <strong>800 m<\/strong> (trasa a\u017e od hradu 4 km)<\/li>\n<li>Relat\u00edvne prev\u00fd\u0161enie: <strong>20 m<\/strong><\/li>\n<li>Po\u010det zast\u00e1vok: <strong>5 informa\u010dn\u00fdch panelov<\/strong> + \u00favodn\u00fd panel na hrade<\/li>\n<\/ul>\n<h2 dir=\"auto\"><span style=\"color: #800000;\">\u010co sa dozviete na jednotliv\u00fdch paneloch?<\/span><\/h2>\n<p dir=\"auto\"><span style=\"color: #808000;\"><strong>Panel 0<\/strong><\/span> (na Hrade Kr\u00e1sna H\u00f4rka) Z\u00e1kladn\u00e9 inform\u00e1cie o <strong>svetovom pr\u00edrodnom dedi\u010dstve<\/strong> \u2013 <strong>Jaskyne Slovensk\u00e9ho krasu<\/strong> a preh\u013ead spr\u00edstupnen\u00fdch jask\u00fd\u0148 regi\u00f3nu.<\/p>\n<p dir=\"auto\"><span style=\"color: #808000;\"><strong>Panel 1<\/strong> <\/span>(v obci Kr\u00e1snohorsk\u00e1 Dlh\u00e1 L\u00faka) <strong>Svetov\u00e9 pr\u00edrodn\u00e9 dedi\u010dstvo UNESCO<\/strong>, aktivity, ktor\u00e9 viedli k z\u00e1pisu do zoznamu, a preh\u013eadn\u00e1 mapa trasy chodn\u00edka.<\/p>\n<p dir=\"auto\"><span style=\"color: #808000;\"><strong>Panel 2<\/strong><\/span> (pred mostom pri futbalovom ihrisku) Kult\u00farne a pr\u00edrodn\u00e9 hodnoty lokality Buzg\u00f3 \u2013 Vodn\u00fd mlyn, Kaplnka Sv\u00e4tej Panny M\u00e1rie a vz\u00e1cne mokra\u010fov\u00e9 rastlinn\u00e9 spolo\u010denstv\u00e1.<\/p>\n<p dir=\"auto\"><span style=\"color: #808000;\"><strong>Panel 3<\/strong><\/span> (pri chodn\u00edku pozd\u013a\u017e penov\u00e9ho telesa jazierok) Penovce <strong>Slovensk\u00e9ho krasu<\/strong> \u2013 pr\u00edrodn\u00e9 pamiatky tvoren\u00e9 sladkovodn\u00fdmi v\u00e1pencami, ich v\u00fdznam a potreba ochrany.<\/p>\n<p dir=\"auto\"><span style=\"color: #808000;\"><strong>Panel 4<\/strong><\/span> (v alt\u00e1nku pri Kr\u00e1snohorskej jaskyni) Hist\u00f3ria prieskumu <strong>Kr\u00e1snohorskej jaskyne<\/strong>, mapa jaskyne a inform\u00e1cie o jej nespr\u00edstupnen\u00fdch \u010dastiach.<\/p>\n<p dir=\"auto\"><span style=\"color: #808000;\"><strong>Panel 5<\/strong><\/span> Hist\u00f3ria prieskumu a rozsah podzemn\u00e9ho krasu. Cesta, ktorou pre\u0161li <strong>jaskyne Slovensk\u00e9ho krasu<\/strong> k z\u00e1pisu do <strong>svetov\u00e9ho pr\u00edrodn\u00e9ho dedi\u010dstva<\/strong>.<\/p>\n<p dir=\"auto\"><span style=\"color: #808000;\"><strong>Panel 6<\/strong><\/span> Hlavn\u00e9 hodnoty <strong>jask\u00fd\u0148 Slovensk\u00e9ho krasu<\/strong> \u2013 druhotn\u00e9 v\u00fdplne, unik\u00e1tny georeli\u00e9f a \u017eivo\u010d\u00ed\u0161stvo.<\/p>\n<h2 dir=\"auto\"><span style=\"color: #800000;\">Ak\u00e9 s\u00fa z\u00e1sady spr\u00e1vania sa v N\u00e1rodnom parku Slovensk\u00fd kras?<\/span><\/h2>\n<ul dir=\"auto\">\n<li>Z\u00e1kaz zakladania oh\u0148a<\/li>\n<li>Z\u00e1kaz trhania chr\u00e1nen\u00fdch rastl\u00edn<\/li>\n<li>Z\u00e1kaz odhadzovania odpadkov a vytv\u00e1rania skl\u00e1dok odpadu<\/li>\n<li>Z\u00e1kaz t\u00e1borenia a kempovania<\/li>\n<li>Dodr\u017eiavajte ticho a nepla\u0161te vt\u00e1kov ani lesn\u00fa zver<\/li>\n<\/ul>\n<h2><span style=\"color: #800000;\">Fotogal\u00e9ria<\/span><\/h2>\n<style type=\"text\/css\">\n#foogallery-gallery-29143 .fg-image { width: 200px; }<\/style>\n\t\t\t<div class=\"foogallery foogallery-container foogallery-carousel foogallery-lightbox-foogallery fg-carousel fg-ready fg-light fg-border-medium fg-round-small fg-shadow-medium fg-loading-default fg-loaded-fade-in fg-hover-semi-zoomed fg-hover-fade fg-hover-circle-plus2\" id=\"foogallery-gallery-29143\" data-foogallery=\"{&quot;item&quot;:{&quot;showCaptionTitle&quot;:true,&quot;showCaptionDescription&quot;:true},&quot;lazy&quot;:true,&quot;template&quot;:{&quot;maxItems&quot;:5,&quot;scale&quot;:0.11999999999999999555910790149937383830547332763671875,&quot;gutter&quot;:{&quot;min&quot;:-40,&quot;max&quot;:-20,&quot;unit&quot;:&quot;%&quot;},&quot;autoplay&quot;:{&quot;time&quot;:0,&quot;interaction&quot;:&quot;pause&quot;},&quot;centerOnClick&quot;:true,&quot;align&quot;:&quot;center&quot;,&quot;activePosition&quot;:&quot;center&quot;}}\" data-foogallery-lightbox=\"{&quot;thumbs&quot;:&quot;bottom&quot;,&quot;thumbsCaptions&quot;:false,&quot;thumbsBestFit&quot;:false,&quot;thumbsSmall&quot;:false,&quot;thumbsCaptionsAlign&quot;:&quot;default&quot;,&quot;info&quot;:&quot;bottom&quot;,&quot;infoVisible&quot;:true,&quot;infoOverlay&quot;:true,&quot;infoAlign&quot;:&quot;default&quot;,&quot;transition&quot;:&quot;fade&quot;,&quot;hoverButtons&quot;:false,&quot;fitMedia&quot;:false,&quot;noScrollbars&quot;:true,&quot;preserveButtonSpace&quot;:true,&quot;buttons&quot;:{&quot;fullscreen&quot;:true,&quot;info&quot;:true,&quot;thumbs&quot;:false},&quot;video&quot;:{&quot;autoPlay&quot;:true}}\" style=\"--fg-title-line-clamp: 1; --fg-description-line-clamp: 2;\" >\n\t<button type=\"button\" class=\"fg-carousel-prev\" title=\"Previous\"><\/button>\n\t<div class=\"fg-carousel-inner\">\n\t\t<div class=\"fg-carousel-center\"><\/div>\n\t\t<div class=\"fg-item fg-type-image fg-idle\"><figure class=\"fg-item-inner\"><a href=\"https:\/\/www.slovensky-kras.eu\/info\/wp-content\/uploads\/2021\/12\/jaskyne-slovenskeho-krasu1.jpg\" data-attachment-id=\"21922\" data-type=\"image\" class=\"fg-thumb\"><span class=\"fg-image-wrap\"><img decoding=\"async\" alt=\"N\u00e1u\u010dn\u00fd chodn\u00edk Jaskyne Slovensk\u00e9ho krasu \u2013 svetov\u00e9 pr\u00edrodn\u00e9 dedi\u010dstvo\" width=\"200\" height=\"200\" class=\"skip-lazy fg-image\" data-src-fg=\"https:\/\/www.slovensky-kras.eu\/info\/wp-content\/uploads\/cache\/2021\/12\/jaskyne-slovenskeho-krasu1\/2079769661.jpg\" src=\"data:image\/svg+xml,%3Csvg%20xmlns%3D%22http%3A%2F%2Fwww.w3.org%2F2000%2Fsvg%22%20width%3D%22200%22%20height%3D%22200%22%20viewBox%3D%220%200%20200%20200%22%3E%3C%2Fsvg%3E\" loading=\"eager\"><\/span><span class=\"fg-image-overlay\"><\/span><\/a><\/figure><div class=\"fg-loader\"><\/div><\/div><div class=\"fg-item fg-type-image fg-idle\"><figure class=\"fg-item-inner\"><a href=\"https:\/\/www.slovensky-kras.eu\/info\/wp-content\/uploads\/2021\/12\/priehrady-buzgo3.jpg\" data-attachment-id=\"21565\" data-type=\"image\" class=\"fg-thumb\"><span class=\"fg-image-wrap\"><img decoding=\"async\" alt=\"Krasov\u00e9 priehradky a penovcov\u00e9 jazierka na potoku Buzg\u00f3\" width=\"200\" height=\"200\" class=\"skip-lazy fg-image\" data-src-fg=\"https:\/\/www.slovensky-kras.eu\/info\/wp-content\/uploads\/cache\/2021\/12\/priehrady-buzgo3\/2388086271.jpg\" src=\"data:image\/svg+xml,%3Csvg%20xmlns%3D%22http%3A%2F%2Fwww.w3.org%2F2000%2Fsvg%22%20width%3D%22200%22%20height%3D%22200%22%20viewBox%3D%220%200%20200%20200%22%3E%3C%2Fsvg%3E\" loading=\"eager\"><\/span><span class=\"fg-image-overlay\"><\/span><\/a><\/figure><div class=\"fg-loader\"><\/div><\/div><div class=\"fg-item fg-type-image fg-idle\"><figure class=\"fg-item-inner\"><a href=\"https:\/\/www.slovensky-kras.eu\/info\/wp-content\/uploads\/2021\/12\/priehrady-buzgo2.jpg\" data-attachment-id=\"21564\" data-type=\"image\" class=\"fg-thumb\"><span class=\"fg-image-wrap\"><img decoding=\"async\" width=\"200\" height=\"200\" class=\"skip-lazy fg-image\" data-src-fg=\"https:\/\/www.slovensky-kras.eu\/info\/wp-content\/uploads\/cache\/2021\/12\/priehrady-buzgo2\/1697450333.jpg\" src=\"data:image\/svg+xml,%3Csvg%20xmlns%3D%22http%3A%2F%2Fwww.w3.org%2F2000%2Fsvg%22%20width%3D%22200%22%20height%3D%22200%22%20viewBox%3D%220%200%20200%20200%22%3E%3C%2Fsvg%3E\" loading=\"eager\"><\/span><span class=\"fg-image-overlay\"><\/span><\/a><\/figure><div class=\"fg-loader\"><\/div><\/div><div class=\"fg-item fg-type-image fg-idle\"><figure class=\"fg-item-inner\"><a href=\"https:\/\/www.slovensky-kras.eu\/info\/wp-content\/uploads\/2021\/12\/priehrady-buzgo1.jpg\" data-attachment-id=\"21563\" data-type=\"image\" class=\"fg-thumb\"><span class=\"fg-image-wrap\"><img decoding=\"async\" width=\"200\" height=\"200\" class=\"skip-lazy fg-image\" data-src-fg=\"https:\/\/www.slovensky-kras.eu\/info\/wp-content\/uploads\/cache\/2021\/12\/priehrady-buzgo1\/479449610.jpg\" src=\"data:image\/svg+xml,%3Csvg%20xmlns%3D%22http%3A%2F%2Fwww.w3.org%2F2000%2Fsvg%22%20width%3D%22200%22%20height%3D%22200%22%20viewBox%3D%220%200%20200%20200%22%3E%3C%2Fsvg%3E\" loading=\"eager\"><\/span><span class=\"fg-image-overlay\"><\/span><\/a><\/figure><div class=\"fg-loader\"><\/div><\/div><div class=\"fg-item fg-type-image fg-idle\"><figure class=\"fg-item-inner\"><a href=\"https:\/\/www.slovensky-kras.eu\/info\/wp-content\/uploads\/2022\/01\/mlyn-dlha-luka.jpg\" data-attachment-id=\"22752\" data-type=\"image\" class=\"fg-thumb\"><span class=\"fg-image-wrap\"><img decoding=\"async\" width=\"200\" height=\"200\" class=\"skip-lazy fg-image\" data-src-fg=\"https:\/\/www.slovensky-kras.eu\/info\/wp-content\/uploads\/cache\/2022\/01\/mlyn-dlha-luka\/3811536534.jpg\" src=\"data:image\/svg+xml,%3Csvg%20xmlns%3D%22http%3A%2F%2Fwww.w3.org%2F2000%2Fsvg%22%20width%3D%22200%22%20height%3D%22200%22%20viewBox%3D%220%200%20200%20200%22%3E%3C%2Fsvg%3E\" loading=\"eager\"><\/span><span class=\"fg-image-overlay\"><\/span><\/a><\/figure><div class=\"fg-loader\"><\/div><\/div><div class=\"fg-item fg-type-image fg-idle\"><figure class=\"fg-item-inner\"><a href=\"https:\/\/www.slovensky-kras.eu\/info\/wp-content\/uploads\/2013\/06\/krasna.jpg\" data-attachment-id=\"185\" data-type=\"image\" class=\"fg-thumb\"><span class=\"fg-image-wrap\"><img decoding=\"async\" width=\"200\" height=\"200\" class=\"skip-lazy fg-image\" data-src-fg=\"https:\/\/www.slovensky-kras.eu\/info\/wp-content\/uploads\/cache\/2013\/06\/krasna\/1902160166.jpg\" src=\"data:image\/svg+xml,%3Csvg%20xmlns%3D%22http%3A%2F%2Fwww.w3.org%2F2000%2Fsvg%22%20width%3D%22200%22%20height%3D%22200%22%20viewBox%3D%220%200%20200%20200%22%3E%3C%2Fsvg%3E\" loading=\"eager\"><\/span><span class=\"fg-image-overlay\"><\/span><\/a><\/figure><div class=\"fg-loader\"><\/div><\/div><div class=\"fg-item fg-type-image fg-idle\"><figure class=\"fg-item-inner\"><a href=\"https:\/\/www.slovensky-kras.eu\/info\/wp-content\/uploads\/2013\/06\/krasnohorska.jpg\" data-attachment-id=\"5338\" data-type=\"image\" class=\"fg-thumb\"><span class=\"fg-image-wrap\"><img decoding=\"async\" width=\"200\" height=\"200\" class=\"skip-lazy fg-image\" data-src-fg=\"https:\/\/www.slovensky-kras.eu\/info\/wp-content\/uploads\/cache\/2013\/06\/krasnohorska\/1174699796.jpg\" src=\"data:image\/svg+xml,%3Csvg%20xmlns%3D%22http%3A%2F%2Fwww.w3.org%2F2000%2Fsvg%22%20width%3D%22200%22%20height%3D%22200%22%20viewBox%3D%220%200%20200%20200%22%3E%3C%2Fsvg%3E\" loading=\"eager\"><\/span><span class=\"fg-image-overlay\"><\/span><\/a><\/figure><div class=\"fg-loader\"><\/div><\/div><div class=\"fg-item fg-type-image fg-idle\"><figure class=\"fg-item-inner\"><a href=\"https:\/\/www.slovensky-kras.eu\/info\/wp-content\/uploads\/2021\/12\/krasnohorska-jaskyna4.jpg\" data-attachment-id=\"21378\" data-type=\"image\" class=\"fg-thumb\"><span class=\"fg-image-wrap\"><img decoding=\"async\" width=\"200\" height=\"200\" class=\"skip-lazy fg-image\" data-src-fg=\"https:\/\/www.slovensky-kras.eu\/info\/wp-content\/uploads\/cache\/2021\/12\/krasnohorska-jaskyna4\/2714308926.jpg\" src=\"data:image\/svg+xml,%3Csvg%20xmlns%3D%22http%3A%2F%2Fwww.w3.org%2F2000%2Fsvg%22%20width%3D%22200%22%20height%3D%22200%22%20viewBox%3D%220%200%20200%20200%22%3E%3C%2Fsvg%3E\" loading=\"eager\"><\/span><span class=\"fg-image-overlay\"><\/span><\/a><\/figure><div class=\"fg-loader\"><\/div><\/div><div class=\"fg-item fg-type-image fg-idle\"><figure class=\"fg-item-inner\"><a href=\"https:\/\/www.slovensky-kras.eu\/info\/wp-content\/uploads\/2022\/01\/kaplnka-dlha-luka2.jpg\" data-attachment-id=\"22750\" data-type=\"image\" class=\"fg-thumb\"><span class=\"fg-image-wrap\"><img decoding=\"async\" width=\"200\" height=\"200\" class=\"skip-lazy fg-image\" data-src-fg=\"https:\/\/www.slovensky-kras.eu\/info\/wp-content\/uploads\/cache\/2022\/01\/kaplnka-dlha-luka2\/3694601015.jpg\" src=\"data:image\/svg+xml,%3Csvg%20xmlns%3D%22http%3A%2F%2Fwww.w3.org%2F2000%2Fsvg%22%20width%3D%22200%22%20height%3D%22200%22%20viewBox%3D%220%200%20200%20200%22%3E%3C%2Fsvg%3E\" loading=\"eager\"><\/span><span class=\"fg-image-overlay\"><\/span><\/a><\/figure><div class=\"fg-loader\"><\/div><\/div><div class=\"fg-item fg-type-image fg-idle\"><figure class=\"fg-item-inner\"><a href=\"https:\/\/www.slovensky-kras.eu\/info\/wp-content\/uploads\/2022\/01\/kaplnka-dlha-luka1.jpg\" data-attachment-id=\"22751\" data-type=\"image\" class=\"fg-thumb\"><span class=\"fg-image-wrap\"><img decoding=\"async\" width=\"200\" height=\"200\" class=\"skip-lazy fg-image\" data-src-fg=\"https:\/\/www.slovensky-kras.eu\/info\/wp-content\/uploads\/cache\/2022\/01\/kaplnka-dlha-luka1\/1358626674.jpg\" src=\"data:image\/svg+xml,%3Csvg%20xmlns%3D%22http%3A%2F%2Fwww.w3.org%2F2000%2Fsvg%22%20width%3D%22200%22%20height%3D%22200%22%20viewBox%3D%220%200%20200%20200%22%3E%3C%2Fsvg%3E\" loading=\"eager\"><\/span><span class=\"fg-image-overlay\"><\/span><\/a><\/figure><div class=\"fg-loader\"><\/div><\/div>\t<\/div>\n\t<div class=\"fg-carousel-bottom\"><\/div>\n\t<div class=\"fg-carousel-progress\"><\/div>\n\t<button type=\"button\" class=\"fg-carousel-next\" title=\"Next\"><\/button>\n<\/div>\n<h3><span style=\"color: #808000;\">Bl\u00edzke stredisko, turistick\u00e9 centrum, obec alebo mesto<\/span><\/h3>\n<ul>\n<li><a href=\"http:\/\/www.slovensky-kras.eu\/info\/strediska-a-centra\/obec-krasnohorska-dlha-luka\/\">Obec Kr\u00e1snohorsk\u00e1 Dlh\u00e1 L\u00faka (\u010d\u00edtaj viac&#8230;)<\/a><\/li>\n<\/ul>\n<h2><span style=\"color: #800000;\">Mapy<\/span><\/h2>\n<p><strong>Vrstvy: <\/strong>Turistick\u00e1 mapa, Automapa, Cyklomapa, Ly\u017eiarska mapa, Satelitn\u00e1 mapa a OpenStreetMap.<\/p>\n<p><strong>Kliknut\u00edm na logo &#8222;Freemap.sk&#8220; sa V\u00e1m mapa zobraz\u00ed na celej ploche obrazovky.<\/strong><\/p>\n<p><iframe style=\"width: 900px; height: 600px; border: 0;\" src=\"https:\/\/www.freemap.sk\/?map=14\/48.624087\/20.577607&amp;info-point=48.624087\/20.577607,Obec Krasnohorsk\u00e1 Dlh\u00e1 L\u00faka&amp;layers=X&amp;embed=search\" allowfullscreen=\"allowfullscreen\"><span data-mce-type=\"bookmark\" style=\"display: inline-block; width: 0px; overflow: hidden; line-height: 0;\" class=\"mce_SELRES_start\">\ufeff<\/span><\/iframe><\/p>\n<h2><span style=\"color: #808000;\"><span style=\"color: #800000;\">Po\u010dasie<\/span><strong><br \/>\n<\/strong><\/span><br \/>\n<iframe style=\"width: 900px; height: 610px;\" src=\"https:\/\/www.meteoblue.com\/sk\/po%C4%8Dasie\/widget\/three\/kr%c3%a1snohorsk%c3%a1-dlh%c3%a1-l%c3%baka_slovensk%c3%a1-republika_724408?geoloc=fixed&amp;nocurrent=0&amp;noforecast=0&amp;days=6&amp;tempunit=CELSIUS&amp;windunit=KILOMETER_PER_HOUR&amp;layout=image\" frameborder=\"0\" scrolling=\"NO\" sandbox=\"allow-same-origin allow-scripts allow-popups allow-popups-to-escape-sandbox\"><span data-mce-type=\"bookmark\" style=\"display: inline-block; width: 0px; overflow: hidden; line-height: 0;\" class=\"mce_SELRES_start\">\ufeff<\/span><\/iframe><\/h2>\n<div><!-- DO NOT REMOVE THIS LINK --><a href=\"https:\/\/www.meteoblue.com\/sk\/po%C4%8Dasie\/predpove%C4%8F\/t%C3%BD%C5%BEde%C5%88\/kr%c3%a1snohorsk%c3%a1-dlh%c3%a1-l%c3%baka_slovensk%c3%a1-republika_724408?utm_source=weather_widget&amp;utm_medium=linkus&amp;utm_content=three&amp;utm_campaign=Weather%2BWidget\" target=\"_blank\" rel=\"noopener noreferrer\">meteoblue<\/a><\/div>\n","protected":false},"excerpt":{"rendered":"<p>Menu: N\u00e1u\u010dn\u00e9 chodn\u00edky N\u00e1u\u010dn\u00fd chodn\u00edk Jaskyne Slovensk\u00e9ho krasu \u2013 svetov\u00e9 pr\u00edrodn\u00e9 dedi\u010dstvo je ide\u00e1lnym sp\u00f4sobom, ako spozna\u0165 jedno z najkraj\u0161\u00edch a najvz\u00e1cnej\u0161\u00edch pr\u00edrodn\u00fdch pokladov Slovenska. Za necel\u00fa hodinu sa ponor\u00edte [&hellip;]<\/p>\n","protected":false},"author":1,"featured_media":21922,"parent":11,"menu_order":0,"comment_status":"closed","ping_status":"open","template":"","meta":{"_uag_custom_page_level_css":"","footnotes":""},"class_list":["post-834","page","type-page","status-publish","has-post-thumbnail","hentry"],"featured_image_src":"https:\/\/www.slovensky-kras.eu\/info\/wp-content\/uploads\/2021\/12\/jaskyne-slovenskeho-krasu1.jpg","featured_image_src_square":"https:\/\/www.slovensky-kras.eu\/info\/wp-content\/uploads\/2021\/12\/jaskyne-slovenskeho-krasu1.jpg","rbea_author_info":{"display_name":"admin","author_link":"https:\/\/www.slovensky-kras.eu\/info\/author\/admin\/"},"rbea_excerpt_info":"Menu: N\u00e1u\u010dn\u00e9 chodn\u00edky N\u00e1u\u010dn\u00fd chodn\u00edk Jaskyne Slovensk\u00e9ho krasu \u2013 svetov\u00e9 pr\u00edrodn\u00e9 dedi\u010dstvo je ide\u00e1lnym sp\u00f4sobom, ako spozna\u0165 jedno z najkraj\u0161\u00edch a najvz\u00e1cnej\u0161\u00edch pr\u00edrodn\u00fdch pokladov Slovenska. Za necel\u00fa hodinu sa ponor\u00edte [&hellip;]","uagb_featured_image_src":{"full":["https:\/\/www.slovensky-kras.eu\/info\/wp-content\/uploads\/2021\/12\/jaskyne-slovenskeho-krasu1.jpg",800,533,false],"thumbnail":["https:\/\/www.slovensky-kras.eu\/info\/wp-content\/uploads\/2021\/12\/jaskyne-slovenskeho-krasu1-150x150.jpg",150,150,true],"medium":["https:\/\/www.slovensky-kras.eu\/info\/wp-content\/uploads\/2021\/12\/jaskyne-slovenskeho-krasu1.jpg",800,533,false],"medium_large":["https:\/\/www.slovensky-kras.eu\/info\/wp-content\/uploads\/2021\/12\/jaskyne-slovenskeho-krasu1-768x512.jpg",768,512,true],"large":["https:\/\/www.slovensky-kras.eu\/info\/wp-content\/uploads\/2021\/12\/jaskyne-slovenskeho-krasu1.jpg",800,533,false],"1536x1536":["https:\/\/www.slovensky-kras.eu\/info\/wp-content\/uploads\/2021\/12\/jaskyne-slovenskeho-krasu1.jpg",800,533,false],"2048x2048":["https:\/\/www.slovensky-kras.eu\/info\/wp-content\/uploads\/2021\/12\/jaskyne-slovenskeho-krasu1.jpg",800,533,false]},"uagb_author_info":{"display_name":"admin","author_link":"https:\/\/www.slovensky-kras.eu\/info\/author\/admin\/"},"uagb_comment_info":0,"uagb_excerpt":"Menu: N\u00e1u\u010dn\u00e9 chodn\u00edky N\u00e1u\u010dn\u00fd chodn\u00edk Jaskyne Slovensk\u00e9ho krasu \u2013 svetov\u00e9 pr\u00edrodn\u00e9 dedi\u010dstvo je ide\u00e1lnym sp\u00f4sobom, ako spozna\u0165 jedno z najkraj\u0161\u00edch a najvz\u00e1cnej\u0161\u00edch pr\u00edrodn\u00fdch pokladov Slovenska. Za necel\u00fa hodinu sa ponor\u00edte [&hellip;]","_links":{"self":[{"href":"https:\/\/www.slovensky-kras.eu\/info\/wp-json\/wp\/v2\/pages\/834","targetHints":{"allow":["GET"]}}],"collection":[{"href":"https:\/\/www.slovensky-kras.eu\/info\/wp-json\/wp\/v2\/pages"}],"about":[{"href":"https:\/\/www.slovensky-kras.eu\/info\/wp-json\/wp\/v2\/types\/page"}],"author":[{"embeddable":true,"href":"https:\/\/www.slovensky-kras.eu\/info\/wp-json\/wp\/v2\/users\/1"}],"replies":[{"embeddable":true,"href":"https:\/\/www.slovensky-kras.eu\/info\/wp-json\/wp\/v2\/comments?post=834"}],"version-history":[{"count":7,"href":"https:\/\/www.slovensky-kras.eu\/info\/wp-json\/wp\/v2\/pages\/834\/revisions"}],"predecessor-version":[{"id":29145,"href":"https:\/\/www.slovensky-kras.eu\/info\/wp-json\/wp\/v2\/pages\/834\/revisions\/29145"}],"up":[{"embeddable":true,"href":"https:\/\/www.slovensky-kras.eu\/info\/wp-json\/wp\/v2\/pages\/11"}],"wp:featuredmedia":[{"embeddable":true,"href":"https:\/\/www.slovensky-kras.eu\/info\/wp-json\/wp\/v2\/media\/21922"}],"wp:attachment":[{"href":"https:\/\/www.slovensky-kras.eu\/info\/wp-json\/wp\/v2\/media?parent=834"}],"curies":[{"name":"wp","href":"https:\/\/api.w.org\/{rel}","templated":true}]}}