{"id":773,"date":"2013-07-05T15:13:18","date_gmt":"2013-07-05T13:13:18","guid":{"rendered":"http:\/\/www.slovensky-kras.eu\/info\/?page_id=773"},"modified":"2025-09-28T08:24:23","modified_gmt":"2025-09-28T06:24:23","slug":"jaskyna-snezna-diera","status":"publish","type":"page","link":"https:\/\/www.slovensky-kras.eu\/info\/jaskyne-a-priepasti\/jaskyna-snezna-diera\/","title":{"rendered":"Jasky\u0148a Sne\u017en\u00e1 diera"},"content":{"rendered":"<p><strong>Menu: <\/strong> <a href=\"http:\/\/www.slovensky-kras.eu\/info\/\" class=\"su-button su-button-style-default\" style=\"color:#000000;background-color:#FFCF2F;border-color:#cca626;border-radius:5px\" target=\"_self\"><span style=\"color:#000000;padding:6px 16px;font-size:13px;line-height:20px;border-color:#ffde6e;border-radius:5px;text-shadow:none\"><i class=\"sui sui-arrow-right\" style=\"font-size:13px;color:#000000\"><\/i>  \u00davod \/ Aktuality <\/span><\/a>\n<a href=\"http:\/\/www.slovensky-kras.eu\/info\/kam-do-prirody\/\" class=\"su-button su-button-style-default\" style=\"color:#000000;background-color:#FFCF2F;border-color:#cca626;border-radius:5px\" target=\"_self\"><span style=\"color:#000000;padding:6px 16px;font-size:13px;line-height:20px;border-color:#ffde6e;border-radius:5px;text-shadow:none\"><i class=\"sui sui-arrow-right\" style=\"font-size:13px;color:#000000\"><\/i>  Kam do pr\u00edrody <\/span><\/a>\n<p><strong>Podkateg\u00f3ria: <\/strong> <a href=\"http:\/\/www.slovensky-kras.eu\/info\/jaskyne-a-priepasti\/\" class=\"su-button su-button-style-default\" style=\"color:#000000;background-color:#C5ED2C;border-color:#9ebe24;border-radius:5px\" target=\"_self\"><span style=\"color:#000000;padding:6px 16px;font-size:13px;line-height:20px;border-color:#d7f36c;border-radius:5px;text-shadow:none\"><i class=\"sui sui-arrow-right\" style=\"font-size:13px;color:#000000\"><\/i>  Jaskyne a priepasti <\/span><\/a>\n<p><strong>Podkateg\u00f3ria: <\/strong> <a href=\"http:\/\/www.slovensky-kras.eu\/info\/kam-do-prirody\/narodne-prirodne-pamiatky\/\" class=\"su-button su-button-style-default\" style=\"color:#000000;background-color:#C5ED2C;border-color:#9ebe24;border-radius:5px\" target=\"_self\"><span style=\"color:#000000;padding:6px 16px;font-size:13px;line-height:20px;border-color:#d7f36c;border-radius:5px;text-shadow:none\"><i class=\"sui sui-arrow-right\" style=\"font-size:13px;color:#000000\"><\/i>  N\u00e1rodn\u00e9 pr\u00edrodn\u00e9 pamiatky <\/span><\/a>\n<div class=\"su-divider su-divider-style-default\" style=\"margin:15px 0;border-width:2px;border-color:#000000\"><\/div>\n<h2 class=\"ds-markdown-paragraph\"><span style=\"color: #800000;\">Kde sa nach\u00e1dza Jasky\u0148a Sne\u017en\u00e1 diera?<\/span><\/h2>\n<p class=\"ds-markdown-paragraph\"><strong>Jasky\u0148a Sne\u017en\u00e1 diera je situovan\u00e1 na <a href=\"http:\/\/www.slovensky-kras.eu\/info\/kam-do-prirody\/borcianska-planina\/\">Bor\u010dianskej planine<\/a>, z\u00e1padne od hornej \u010dasti <a href=\"http:\/\/www.slovensky-kras.eu\/info\/kam-do-prirody\/zadielska-dolina\/\">Z\u00e1dielskej ties\u0148avy<\/a>.<\/strong>\u00a0Z geomorfologick\u00e9ho h\u013eadiska patr\u00ed do oblasti\u00a0<strong>Slovensk\u00e9ho rudohoria<\/strong>\u00a0a jeho horsk\u00e9ho celku\u00a0<a href=\"http:\/\/www.slovensky-kras.eu\/info\/vseobecne-informacie\/\"><strong>Slovensk\u00fd kras<\/strong><\/a> (podcelok planina <a href=\"http:\/\/www.slovensky-kras.eu\/info\/kam-do-prirody\/planina-horny-vrch\/\">Horn\u00fd vrch<\/a>, \u010das\u0165 <a href=\"http:\/\/www.slovensky-kras.eu\/info\/kam-do-prirody\/borcianska-planina\/\">Bor\u010dianska br\u00e1zda<\/a>). Je s\u00fa\u010das\u0165ou\u00a0<strong>N\u00e1rodnej pr\u00edrodnej rezerv\u00e1cie (NPR) <a href=\"http:\/\/www.slovensky-kras.eu\/info\/kam-do-prirody\/npr-havrania-skala\/\">Havrania skala<\/a><\/strong>.<\/p>\n<figure id=\"attachment_13068\" aria-describedby=\"caption-attachment-13068\" style=\"width: 900px\" class=\"wp-caption aligncenter\"><a href=\"https:\/\/www.slovensky-kras.eu\/info\/wp-content\/uploads\/2013\/07\/Snezna_priepast-1.jpg\"><img loading=\"lazy\" decoding=\"async\" class=\"wp-image-13068\" src=\"http:\/\/www.slovensky-kras.eu\/info\/wp-content\/uploads\/2013\/07\/Snezna_priepast-1.jpg\" alt=\"Jasky\u0148a Sne\u017en\u00e1 diera\" width=\"900\" height=\"1200\" srcset=\"https:\/\/www.slovensky-kras.eu\/info\/wp-content\/uploads\/2013\/07\/Snezna_priepast-1.jpg 675w, https:\/\/www.slovensky-kras.eu\/info\/wp-content\/uploads\/2013\/07\/Snezna_priepast-1-450x600.jpg 450w\" sizes=\"auto, (max-width: 900px) 100vw, 900px\" \/><\/a><figcaption id=\"caption-attachment-13068\" class=\"wp-caption-text\">Sne\u017en\u00e1 diera<\/figcaption><\/figure>\n<p>&nbsp;<\/p>\n<h2 class=\"ds-markdown-paragraph\"><span style=\"color: #800000;\">Ak\u00fd je status a hist\u00f3ria tejto jaskyne?<\/span><\/h2>\n<p class=\"ds-markdown-paragraph\">Za <strong>n\u00e1rodn\u00fa pr\u00edrodn\u00fa pamiatku<\/strong>\u00a0bola jasky\u0148a vyhl\u00e1sen\u00e1 v roku 1996. Jej presk\u00famanie prebehlo u\u017e v roku 1955. Mimoriadny v\u00fdznam jaskyne pod\u010diarkuje fakt, \u017ee v roku 1995 sa spolu s \u010fal\u0161\u00edmi pamiatkami stala s\u00fa\u010das\u0165ou\u00a0<strong>Svetov\u00e9ho dedi\u010dstva UNESCO<\/strong>\u00a0pod n\u00e1zvom\u00a0<strong>jaskyne Slovensk\u00e9ho krasu a Aggteleck\u00e9ho krasu<\/strong>. Spr\u00e1vcom je\u00a0<a href=\"http:\/\/www.ssj.sk\/sk\/clanok\/135-snezna-diera\" target=\"_blank\" rel=\"noopener\"><strong>Spr\u00e1va slovensk\u00fdch jask\u00fd\u0148<\/strong><\/a>.<\/p>\n<figure id=\"attachment_13070\" aria-describedby=\"caption-attachment-13070\" style=\"width: 900px\" class=\"wp-caption aligncenter\"><a href=\"https:\/\/www.slovensky-kras.eu\/info\/wp-content\/uploads\/2013\/07\/Snezna_priepast_2-1.jpg\"><img loading=\"lazy\" decoding=\"async\" class=\"wp-image-13070\" src=\"http:\/\/www.slovensky-kras.eu\/info\/wp-content\/uploads\/2013\/07\/Snezna_priepast_2-1.jpg\" alt=\"Jasky\u0148a Sne\u017en\u00e1 diera\" width=\"900\" height=\"1200\" srcset=\"https:\/\/www.slovensky-kras.eu\/info\/wp-content\/uploads\/2013\/07\/Snezna_priepast_2-1.jpg 1536w, https:\/\/www.slovensky-kras.eu\/info\/wp-content\/uploads\/2013\/07\/Snezna_priepast_2-1-450x600.jpg 450w, https:\/\/www.slovensky-kras.eu\/info\/wp-content\/uploads\/2013\/07\/Snezna_priepast_2-1-768x1024.jpg 768w, https:\/\/www.slovensky-kras.eu\/info\/wp-content\/uploads\/2013\/07\/Snezna_priepast_2-1-1152x1536.jpg 1152w, https:\/\/www.slovensky-kras.eu\/info\/wp-content\/uploads\/2013\/07\/Snezna_priepast_2-1-1200x1600.jpg 1200w\" sizes=\"auto, (max-width: 900px) 100vw, 900px\" \/><\/a><figcaption id=\"caption-attachment-13070\" class=\"wp-caption-text\">Jasky\u0148a Sne\u017en\u00e1 diera<\/figcaption><\/figure>\n<p>&nbsp;<\/p>\n<h2 class=\"ds-markdown-paragraph\"><span style=\"color: #800000;\">Ak\u00e1 je \u0161trukt\u00fara a unik\u00e1tnos\u0165 jaskyne?<\/span><\/h2>\n<p class=\"ds-markdown-paragraph\">Je to 23 m hlbok\u00e1 priepas\u0165 a 45 m dlh\u00e1 jasky\u0148a, ktor\u00fa tvor\u00ed 10 a\u017e 20 m vysok\u00e1 puklina vytvoren\u00e1 vo svetl\u00fdch wettersteinsk\u00fdch v\u00e1pencoch. <strong>Jasky\u0148a funguje ako dynamick\u00e1 \u013eadov\u00e1 jasky\u0148a<\/strong>\u00a0s mal\u00fdm mno\u017estvom \u013eadovej v\u00fdplne. Vytv\u00e1ra sa v nej \u013ead tvoriaci kvaple a povlaky na sten\u00e1ch. V letn\u00fdch mesiacoch sa \u013ead \u010diasto\u010dne rozt\u00e1pa, av\u0161ak udr\u017e\u00ed sa po\u010das cel\u00e9ho roka. Teplota vzduchu v auguste sa pohybuje okolo 0,25\u00b0 C. Pre milovn\u00edkov krasov\u00fdch \u00fakazov je zauj\u00edmavos\u0165ou, \u017ee v jaskyni sa miestami vyskytuje\u00a0<strong>hr\u00e1\u0161kovit\u00e1 sintrov\u00e1 v\u00fdzdoba<\/strong>.<\/p>\n<h2 class=\"ds-markdown-paragraph\"><span style=\"color: #800000;\">Je Jasky\u0148a Sne\u017en\u00e1 diera pr\u00edstupn\u00e1 pre turistov?<\/span><\/h2>\n<p class=\"ds-markdown-paragraph\">D\u00f4le\u017eit\u00e9 je vedie\u0165, \u017ee <strong>jasky\u0148a je pre verejnos\u0165 nespr\u00edstupnen\u00e1<\/strong>. Jej ochrana je maxim\u00e1lna. Ochrann\u00e9 p\u00e1smo nebolo stanoven\u00e9, no na \u00fazem\u00ed NPP plat\u00ed\u00a0<strong>5. stupe\u0148 ochrany<\/strong>. To znamen\u00e1, \u017ee plat\u00ed pr\u00edsny z\u00e1kaz pohybova\u0165 sa mimo vyzna\u010den\u00e9ho turistick\u00e9ho chodn\u00edka alebo n\u00e1u\u010dn\u00e9ho chodn\u00edka za hranicami zastavan\u00e9ho \u00fazemia obce, vch\u00e1dza\u0165 alebo st\u00e1\u0165 s bicyklom na pozemky za hranicami zastavan\u00e9ho \u00fazemia obce mimo dia\u013enice, cesty, miestnej komunik\u00e1cie a vyzna\u010denej cyklotrasy, zasiahnu\u0165 do lesn\u00e9ho porastu a po\u0161kodi\u0165 vegeta\u010dn\u00fd a p\u00f4dny kryt, chyta\u0165, usmrti\u0165 alebo lovi\u0165 \u017eivo\u010d\u00edcha a ru\u0161i\u0165 pokoj a ticho!\u00a0<strong>Vstup do jaskyne je pr\u00edsne zak\u00e1zan\u00fd pod hrozbou vysokej pokuty.<\/strong><\/p>\n<h3><span style=\"color: #808000;\">P\u00f4dorys jaskyne<\/span><\/h3>\n<p><a href=\"http:\/\/www.slovensky-kras.eu\/info\/wp-content\/uploads\/2013\/07\/SneznaMapa.jpg\"><img loading=\"lazy\" decoding=\"async\" class=\"aligncenter wp-image-7536 size-medium\" src=\"http:\/\/www.slovensky-kras.eu\/info\/wp-content\/uploads\/2013\/07\/SneznaMapa-800x576.jpg\" alt=\"SneznaMapa\" width=\"800\" height=\"576\" srcset=\"https:\/\/www.slovensky-kras.eu\/info\/wp-content\/uploads\/2013\/07\/SneznaMapa-800x576.jpg 800w, https:\/\/www.slovensky-kras.eu\/info\/wp-content\/uploads\/2013\/07\/SneznaMapa-1024x737.jpg 1024w, https:\/\/www.slovensky-kras.eu\/info\/wp-content\/uploads\/2013\/07\/SneznaMapa-768x553.jpg 768w, https:\/\/www.slovensky-kras.eu\/info\/wp-content\/uploads\/2013\/07\/SneznaMapa.jpg 1111w\" sizes=\"auto, (max-width: 800px) 100vw, 800px\" \/><\/a><\/p>\n<p>&nbsp;<\/p>\n<h3><span style=\"color: #808000;\">Bl\u00edzke stredisko, turistick\u00e9 centrum, obec alebo mesto:<\/span><\/h3>\n<ul>\n<li><a href=\"http:\/\/www.slovensky-kras.eu\/info\/strediska-a-centra\/obec-zadiel\/\">Obec Z\u00e1diel<\/a><\/li>\n<\/ul>\n<ul>\n<li><a href=\"http:\/\/www.slovensky-kras.eu\/info\/strediska-a-centra\/obec-borka\/\">Obec B\u00f4rka<\/a><\/li>\n<\/ul>\n<h3><span style=\"color: #808000;\">Mapy<\/span><\/h3>\n<p><strong>Vrstvy: <\/strong>Turistick\u00e1 mapa, Automapa, Cyklomapa, Ly\u017eiarska mapa, Satelitn\u00e1 mapa a OpenStreetMap.<\/p>\n<p><strong>Kliknut\u00edm na logo &#8222;Freemap.sk&#8220; sa V\u00e1m mapa zobraz\u00ed na celej ploche obrazovky.<\/strong><\/p>\n<p><iframe style=\"width: 800px; height: 600px; border: 0;\" src=\"https:\/\/www.freemap.sk\/?map=14\/48.649895\/20.790982&amp;info-point=48.649895\/20.790982&amp;,Jasky\u0148a Sne\u017en\u00e1 diera&amp;layers=T&amp;embed=search\" allowfullscreen=\"allowfullscreen\"><\/iframe><\/p>\n<h3><span style=\"color: #808000;\">Po\u010dasie<\/span><\/h3>\n<p><iframe style=\"width: 800px; height: 609px;\" src=\"https:\/\/www.meteoblue.com\/sk\/po%C4%8Dasie\/widget\/three\/48.654N20.77E916_Europe%2FBratislava?geoloc=fixed&amp;nocurrent=0&amp;noforecast=0&amp;days=6&amp;tempunit=CELSIUS&amp;windunit=KILOMETER_PER_HOUR&amp;layout=image\" frameborder=\"0\" scrolling=\"NO\" sandbox=\"allow-same-origin allow-scripts allow-popups allow-popups-to-escape-sandbox\"><span data-mce-type=\"bookmark\" style=\"display: inline-block; width: 0px; overflow: hidden; line-height: 0;\" class=\"mce_SELRES_start\">\ufeff<\/span><\/iframe><\/p>\n<div><!-- DO NOT REMOVE THIS LINK --><a href=\"https:\/\/www.meteoblue.com\/sk\/po%C4%8Dasie\/predpove%C4%8F\/t%C3%BD%C5%BEde%C5%88\/48.654N20.77E916_Europe%2FBratislava?utm_source=weather_widget&amp;utm_medium=linkus&amp;utm_content=three&amp;utm_campaign=Weather%2BWidget\" target=\"_blank\" rel=\"noopener noreferrer\">meteoblue<\/a><\/div>\n<p><strong>Text a foto:<\/strong> RNDr. Jaroslav Stankovi\u010d<\/p>\n<p><a href=\"http:\/\/www.krasnohorskajaskyna.sk\/\" target=\"_blank\" rel=\"noopener noreferrer\"><img loading=\"lazy\" decoding=\"async\" class=\"aligncenter wp-image-7446\" src=\"http:\/\/www.slovensky-kras.eu\/info\/wp-content\/uploads\/2013\/07\/jakyna-logo.jpg\" alt=\"jakyna logo\" width=\"650\" height=\"190\" \/><\/a><\/p>\n","protected":false},"excerpt":{"rendered":"<p>Menu: Podkateg\u00f3ria: Podkateg\u00f3ria: Kde sa nach\u00e1dza Jasky\u0148a Sne\u017en\u00e1 diera? Jasky\u0148a Sne\u017en\u00e1 diera je situovan\u00e1 na Bor\u010dianskej planine, z\u00e1padne od hornej \u010dasti Z\u00e1dielskej ties\u0148avy.\u00a0Z geomorfologick\u00e9ho h\u013eadiska patr\u00ed do oblasti\u00a0Slovensk\u00e9ho rudohoria\u00a0a jeho [&hellip;]<\/p>\n","protected":false},"author":1,"featured_media":13068,"parent":17,"menu_order":0,"comment_status":"closed","ping_status":"open","template":"","meta":{"_uag_custom_page_level_css":"","footnotes":""},"class_list":["post-773","page","type-page","status-publish","has-post-thumbnail","hentry"],"featured_image_src":"https:\/\/www.slovensky-kras.eu\/info\/wp-content\/uploads\/2013\/07\/Snezna_priepast-1.jpg","featured_image_src_square":"https:\/\/www.slovensky-kras.eu\/info\/wp-content\/uploads\/2013\/07\/Snezna_priepast-1.jpg","rbea_author_info":{"display_name":"admin","author_link":"https:\/\/www.slovensky-kras.eu\/info\/author\/admin\/"},"rbea_excerpt_info":"Menu: Podkateg\u00f3ria: Podkateg\u00f3ria: Kde sa nach\u00e1dza Jasky\u0148a Sne\u017en\u00e1 diera? Jasky\u0148a Sne\u017en\u00e1 diera je situovan\u00e1 na Bor\u010dianskej planine, z\u00e1padne od hornej \u010dasti Z\u00e1dielskej ties\u0148avy.\u00a0Z geomorfologick\u00e9ho h\u013eadiska patr\u00ed do oblasti\u00a0Slovensk\u00e9ho rudohoria\u00a0a jeho [&hellip;]","uagb_featured_image_src":{"full":["https:\/\/www.slovensky-kras.eu\/info\/wp-content\/uploads\/2013\/07\/Snezna_priepast-1.jpg",675,900,false],"thumbnail":["https:\/\/www.slovensky-kras.eu\/info\/wp-content\/uploads\/2013\/07\/Snezna_priepast-1-150x150.jpg",150,150,true],"medium":["https:\/\/www.slovensky-kras.eu\/info\/wp-content\/uploads\/2013\/07\/Snezna_priepast-1-450x600.jpg",450,600,true],"medium_large":["https:\/\/www.slovensky-kras.eu\/info\/wp-content\/uploads\/2013\/07\/Snezna_priepast-1.jpg",675,900,false],"large":["https:\/\/www.slovensky-kras.eu\/info\/wp-content\/uploads\/2013\/07\/Snezna_priepast-1.jpg",675,900,false],"1536x1536":["https:\/\/www.slovensky-kras.eu\/info\/wp-content\/uploads\/2013\/07\/Snezna_priepast-1.jpg",675,900,false],"2048x2048":["https:\/\/www.slovensky-kras.eu\/info\/wp-content\/uploads\/2013\/07\/Snezna_priepast-1.jpg",675,900,false]},"uagb_author_info":{"display_name":"admin","author_link":"https:\/\/www.slovensky-kras.eu\/info\/author\/admin\/"},"uagb_comment_info":0,"uagb_excerpt":"Menu: Podkateg\u00f3ria: Podkateg\u00f3ria: Kde sa nach\u00e1dza Jasky\u0148a Sne\u017en\u00e1 diera? Jasky\u0148a Sne\u017en\u00e1 diera je situovan\u00e1 na Bor\u010dianskej planine, z\u00e1padne od hornej \u010dasti Z\u00e1dielskej ties\u0148avy.\u00a0Z geomorfologick\u00e9ho h\u013eadiska patr\u00ed do oblasti\u00a0Slovensk\u00e9ho rudohoria\u00a0a jeho [&hellip;]","_links":{"self":[{"href":"https:\/\/www.slovensky-kras.eu\/info\/wp-json\/wp\/v2\/pages\/773","targetHints":{"allow":["GET"]}}],"collection":[{"href":"https:\/\/www.slovensky-kras.eu\/info\/wp-json\/wp\/v2\/pages"}],"about":[{"href":"https:\/\/www.slovensky-kras.eu\/info\/wp-json\/wp\/v2\/types\/page"}],"author":[{"embeddable":true,"href":"https:\/\/www.slovensky-kras.eu\/info\/wp-json\/wp\/v2\/users\/1"}],"replies":[{"embeddable":true,"href":"https:\/\/www.slovensky-kras.eu\/info\/wp-json\/wp\/v2\/comments?post=773"}],"version-history":[{"count":11,"href":"https:\/\/www.slovensky-kras.eu\/info\/wp-json\/wp\/v2\/pages\/773\/revisions"}],"predecessor-version":[{"id":27891,"href":"https:\/\/www.slovensky-kras.eu\/info\/wp-json\/wp\/v2\/pages\/773\/revisions\/27891"}],"up":[{"embeddable":true,"href":"https:\/\/www.slovensky-kras.eu\/info\/wp-json\/wp\/v2\/pages\/17"}],"wp:featuredmedia":[{"embeddable":true,"href":"https:\/\/www.slovensky-kras.eu\/info\/wp-json\/wp\/v2\/media\/13068"}],"wp:attachment":[{"href":"https:\/\/www.slovensky-kras.eu\/info\/wp-json\/wp\/v2\/media?parent=773"}],"curies":[{"name":"wp","href":"https:\/\/api.w.org\/{rel}","templated":true}]}}