{"id":771,"date":"2013-07-05T15:11:21","date_gmt":"2013-07-05T13:11:21","guid":{"rendered":"http:\/\/www.slovensky-kras.eu\/info\/?page_id=771"},"modified":"2025-11-25T05:44:40","modified_gmt":"2025-11-25T04:44:40","slug":"jaskyna-milada","status":"publish","type":"page","link":"https:\/\/www.slovensky-kras.eu\/info\/jaskyne-a-priepasti\/jaskyna-milada\/","title":{"rendered":"Jasky\u0148a Milada"},"content":{"rendered":"<p><strong>Menu: <\/strong> <a href=\"http:\/\/www.slovensky-kras.eu\/info\/\" class=\"su-button su-button-style-default\" style=\"color:#000000;background-color:#FFCF2F;border-color:#cca626;border-radius:5px\" target=\"_self\"><span style=\"color:#000000;padding:6px 16px;font-size:13px;line-height:20px;border-color:#ffde6e;border-radius:5px;text-shadow:none\"><i class=\"sui sui-arrow-right\" style=\"font-size:13px;color:#000000\"><\/i>  \u00davod \/ Aktuality <\/span><\/a>\n<a href=\"http:\/\/www.slovensky-kras.eu\/info\/kam-do-prirody\/\" class=\"su-button su-button-style-default\" style=\"color:#000000;background-color:#FFCF2F;border-color:#cca626;border-radius:5px\" target=\"_self\"><span style=\"color:#000000;padding:6px 16px;font-size:13px;line-height:20px;border-color:#ffde6e;border-radius:5px;text-shadow:none\"><i class=\"sui sui-arrow-right\" style=\"font-size:13px;color:#000000\"><\/i>  Kam do pr\u00edrody <\/span><\/a>\n<p><strong>Podkateg\u00f3ria: <\/strong> <a href=\"http:\/\/www.slovensky-kras.eu\/info\/jaskyne-a-priepasti\/\" class=\"su-button su-button-style-default\" style=\"color:#000000;background-color:#C5ED2C;border-color:#9ebe24;border-radius:5px\" target=\"_self\"><span style=\"color:#000000;padding:6px 16px;font-size:13px;line-height:20px;border-color:#d7f36c;border-radius:5px;text-shadow:none\"><i class=\"sui sui-arrow-right\" style=\"font-size:13px;color:#000000\"><\/i>  Jaskyne a priepasti <\/span><\/a>\n<p><strong>Podkateg\u00f3ria: <\/strong> <a href=\"http:\/\/www.slovensky-kras.eu\/info\/kam-do-prirody\/narodne-prirodne-pamiatky\/\" class=\"su-button su-button-style-default\" style=\"color:#000000;background-color:#C5ED2C;border-color:#9ebe24;border-radius:5px\" target=\"_self\"><span style=\"color:#000000;padding:6px 16px;font-size:13px;line-height:20px;border-color:#d7f36c;border-radius:5px;text-shadow:none\"><i class=\"sui sui-arrow-right\" style=\"font-size:13px;color:#000000\"><\/i>  N\u00e1rodn\u00e9 pr\u00edrodn\u00e9 pamiatky <\/span><\/a>\n<div class=\"su-divider su-divider-style-default\" style=\"margin:15px 0;border-width:2px;border-color:#000000\"><\/div>\n<figure id=\"attachment_13064\" aria-describedby=\"caption-attachment-13064\" style=\"width: 900px\" class=\"wp-caption aligncenter\"><a href=\"https:\/\/www.slovensky-kras.eu\/info\/wp-content\/uploads\/2013\/07\/obr2-1.jpg\"><img loading=\"lazy\" decoding=\"async\" class=\"wp-image-13064\" src=\"http:\/\/www.slovensky-kras.eu\/info\/wp-content\/uploads\/2013\/07\/obr2-1-800x533.jpg\" alt=\"Jasky\u0148a Milada\" width=\"900\" height=\"600\" srcset=\"https:\/\/www.slovensky-kras.eu\/info\/wp-content\/uploads\/2013\/07\/obr2-1-800x533.jpg 800w, https:\/\/www.slovensky-kras.eu\/info\/wp-content\/uploads\/2013\/07\/obr2-1-1024x683.jpg 1024w, https:\/\/www.slovensky-kras.eu\/info\/wp-content\/uploads\/2013\/07\/obr2-1-768x512.jpg 768w, https:\/\/www.slovensky-kras.eu\/info\/wp-content\/uploads\/2013\/07\/obr2-1.jpg 1200w\" sizes=\"auto, (max-width: 900px) 100vw, 900px\" \/><\/a><figcaption id=\"caption-attachment-13064\" class=\"wp-caption-text\">Jasky\u0148a Milada<\/figcaption><\/figure>\n<div class=\"su-divider su-divider-style-default\" style=\"margin:15px 0;border-width:2px;border-color:#000000\"><\/div>\n<h2 class=\"ds-markdown-paragraph\"><span style=\"color: #800000;\">Kde sa nach\u00e1dza Jasky\u0148a Milada a ako bola objaven\u00e1?<\/span><\/h2>\n<p class=\"ds-markdown-paragraph\"><strong>Jasky\u0148a Milada<\/strong>\u00a0sa nach\u00e1dza na\u00a0<strong><a href=\"http:\/\/www.slovensky-kras.eu\/info\/kam-do-prirody\/silicka-planina\/\">Silickej planine<\/a><\/strong>, asi 1 km juhov\u00fdchodne od obce\u00a0<strong><a href=\"http:\/\/www.slovensky-kras.eu\/info\/strediska-a-centra\/obec-silicka-brezova\/\">Silick\u00e1 Brezov\u00e1<\/a><\/strong>. Bola objaven\u00e1 v roku 1946 J\u00e1nom Majkom so spolupracovn\u00edkmi cez 19 m hlbok\u00fa priepas\u0165.<\/p>\n<p class=\"ds-markdown-paragraph\">T\u00e1to\u00a0<strong>priepas\u0165<\/strong>\u00a0\u00fasti na podzemn\u00e9 rie\u010disko. Nesk\u00f4r do jaskyne vyrazili vstupn\u00fa \u0161t\u00f4l\u0148u.\u00a0<strong>Jasky\u0148a<\/strong>\u00a0predstavuje ponorn\u00fa \u010das\u0165\u00a0<strong>brezovsko-ke\u010dovsk\u00e9ho podzemn\u00e9ho hydrologick\u00e9ho syst\u00e9mu<\/strong>.<\/p>\n<h2 class=\"ds-markdown-paragraph\"><span style=\"color: #800000;\">Ak\u00fd je status jaskyne a ak\u00e1 je jej geologick\u00e1 charakteristika?<\/span><\/h2>\n<p class=\"ds-markdown-paragraph\"><strong>Jasky\u0148a Milada<\/strong>\u00a0bola za\u00a0<strong>n\u00e1rodn\u00fa pr\u00edrodn\u00fa rezerv\u00e1ciu<\/strong>\u00a0vyhl\u00e1sen\u00e1 v roku 1996. Je to\u00a0<strong>jasky\u0148a fluviokrasov\u00e9ho typu<\/strong>.<\/p>\n<p class=\"ds-markdown-paragraph\">Vytvoren\u00e1 je v strednotriasov\u00fdch siv\u00fdch gutensteinsk\u00fdch v\u00e1pencoch a svetl\u00fdch steinalmsk\u00fdch v\u00e1pencoch. D\u013a\u017eka doteraz zn\u00e1mych podzemn\u00fdch priestorov je okolo 800 m. Tvor\u00ed ju 7 d\u00f3mov, najv\u00e4\u010d\u0161\u00ed o d\u013a\u017eke 65 m.<\/p>\n<h2 class=\"ds-markdown-paragraph\"><span style=\"color: #800000;\">Ak\u00e1 je v\u00fdzdoba jaskyne a je mo\u017en\u00e9 ju nav\u0161t\u00edvi\u0165?<\/span><\/h2>\n<p class=\"ds-markdown-paragraph\"><strong>Jasky\u0148a Milada<\/strong>\u00a0m\u00e1 bohat\u00fa\u00a0<strong>kvap\u013eov\u00fa v\u00fdzdobu<\/strong>, z ktorej vynikaj\u00fa najm\u00e4 mohutn\u00e9\u00a0<strong>kvap\u013eov\u00e9 drap\u00e9rie<\/strong>.<\/p>\n<p class=\"ds-markdown-paragraph\">Zo\u00a0<strong>sintrovej v\u00fdplne<\/strong>\u00a0sa vyskytuj\u00fa\u00a0<strong>stalaktity<\/strong>,\u00a0<strong>stalagmity<\/strong>,\u00a0<strong>sintrov\u00e9 z\u00e1clony<\/strong>\u00a0a\u00a0<strong>jazierka<\/strong>. Do jaskyne vedie nov\u00fd prekopan\u00fd tunelov\u00fd vchod, ktor\u00fd je uzavret\u00fd \u017eeleznou br\u00e1nou. D\u00f4le\u017eit\u00e9 je uvedomi\u0165 si, \u017ee\u00a0<strong>Jasky\u0148a Milada je pre verejnos\u0165 nespr\u00edstupnen\u00e1<\/strong>.<\/p>\n<h2 class=\"ds-markdown-paragraph\"><span style=\"color: #800000;\">Ak\u00e9 s\u00fa pravidl\u00e1 ochrany pr\u00edrody v n\u00e1rodnej pr\u00edrodnej rezerv\u00e1cii?<\/span><\/h2>\n<p class=\"ds-markdown-paragraph\">Na \u00fazem\u00ed <strong>N\u00e1rodnej pr\u00edrodnej rezerv\u00e1cie (NPP)<\/strong>\u00a0plat\u00ed\u00a0<strong>5. stupe\u0148 ochrany<\/strong>. Ke\u010f\u017ee je tu\u00a0<strong>5. stupe\u0148 ochrany<\/strong>, plat\u00ed tu z\u00e1kaz pohybova\u0165 sa mimo vyzna\u010den\u00e9ho turistick\u00e9ho chodn\u00edka alebo n\u00e1u\u010dn\u00e9ho chodn\u00edka za hranicami zastavan\u00e9ho \u00fazemia obce, vch\u00e1dza\u0165 alebo st\u00e1\u0165 s bicyklom na pozemky za hranicami zastavan\u00e9ho \u00fazemia obce mimo dia\u013enice, cesty, miestnej komunik\u00e1cie a vyzna\u010denej cyklotrasy, zasiahnu\u0165 do lesn\u00e9ho porastu a po\u0161kodi\u0165 vegeta\u010dn\u00fd a p\u00f4dny kryt, chyta\u0165, usmrti\u0165 alebo lovi\u0165 \u017eivo\u010d\u00edcha a ru\u0161i\u0165 pokoj a ticho!<\/p>\n<p class=\"ds-markdown-paragraph\"><span style=\"color: #ff0000;\"><strong>V<\/strong><strong>stup do jaskyne je pr\u00edsne zak\u00e1zan\u00fd<\/strong>\u00a0pod hrozbou vysokej pokuty.<\/span><\/p>\n<h2><span style=\"color: #800000;\">Fotogal\u00e9ria<\/span><\/h2>\n<style type=\"text\/css\">\n#foogallery-gallery-29003 .fg-image { width: 200px; }<\/style>\n\t\t\t<div class=\"foogallery foogallery-container foogallery-carousel foogallery-lightbox-foogallery fg-carousel fg-ready fg-light fg-border-medium fg-round-small fg-shadow-medium fg-loading-default fg-loaded-fade-in fg-hover-semi-zoomed fg-hover-fade fg-hover-circle-plus2\" id=\"foogallery-gallery-29003\" data-foogallery=\"{&quot;item&quot;:{&quot;showCaptionTitle&quot;:true,&quot;showCaptionDescription&quot;:true},&quot;lazy&quot;:true,&quot;template&quot;:{&quot;maxItems&quot;:5,&quot;scale&quot;:0.11999999999999999555910790149937383830547332763671875,&quot;gutter&quot;:{&quot;min&quot;:-40,&quot;max&quot;:-20,&quot;unit&quot;:&quot;%&quot;},&quot;autoplay&quot;:{&quot;time&quot;:0,&quot;interaction&quot;:&quot;pause&quot;},&quot;centerOnClick&quot;:true,&quot;align&quot;:&quot;center&quot;,&quot;activePosition&quot;:&quot;center&quot;}}\" data-foogallery-lightbox=\"{&quot;thumbs&quot;:&quot;bottom&quot;,&quot;thumbsCaptions&quot;:false,&quot;thumbsBestFit&quot;:false,&quot;thumbsSmall&quot;:false,&quot;thumbsCaptionsAlign&quot;:&quot;default&quot;,&quot;info&quot;:&quot;bottom&quot;,&quot;infoVisible&quot;:true,&quot;infoOverlay&quot;:true,&quot;infoAlign&quot;:&quot;default&quot;,&quot;transition&quot;:&quot;fade&quot;,&quot;hoverButtons&quot;:false,&quot;fitMedia&quot;:false,&quot;noScrollbars&quot;:true,&quot;preserveButtonSpace&quot;:true,&quot;buttons&quot;:{&quot;fullscreen&quot;:true,&quot;info&quot;:true,&quot;thumbs&quot;:false},&quot;video&quot;:{&quot;autoPlay&quot;:true}}\" style=\"--fg-title-line-clamp: 1; --fg-description-line-clamp: 2;\" >\n\t<button type=\"button\" class=\"fg-carousel-prev\" title=\"Previous\"><\/button>\n\t<div class=\"fg-carousel-inner\">\n\t\t<div class=\"fg-carousel-center\"><\/div>\n\t\t<div class=\"fg-item fg-type-image fg-idle\"><figure class=\"fg-item-inner\"><a href=\"https:\/\/www.slovensky-kras.eu\/info\/wp-content\/uploads\/2013\/07\/m_3146-1.jpg\" data-caption-title=\"Jasky\u0148a Milada\" data-attachment-id=\"13065\" data-type=\"image\" class=\"fg-thumb\"><span class=\"fg-image-wrap\"><img decoding=\"async\" title=\"Jasky\u0148a Milada\" width=\"200\" height=\"200\" class=\"skip-lazy fg-image\" data-src-fg=\"https:\/\/www.slovensky-kras.eu\/info\/wp-content\/uploads\/cache\/2013\/07\/m_3146-1\/3729997285.jpg\" src=\"data:image\/svg+xml,%3Csvg%20xmlns%3D%22http%3A%2F%2Fwww.w3.org%2F2000%2Fsvg%22%20width%3D%22200%22%20height%3D%22200%22%20viewBox%3D%220%200%20200%20200%22%3E%3C%2Fsvg%3E\" loading=\"eager\"><\/span><span class=\"fg-image-overlay\"><\/span><\/a><figcaption class=\"fg-caption\"><div class=\"fg-caption-inner\"><div class=\"fg-caption-title\">Jasky\u0148a Milada<\/div><\/div><\/figcaption><\/figure><div class=\"fg-loader\"><\/div><\/div><div class=\"fg-item fg-type-image fg-idle\"><figure class=\"fg-item-inner\"><a href=\"https:\/\/www.slovensky-kras.eu\/info\/wp-content\/uploads\/2013\/07\/m_3154-1.jpg\" data-caption-title=\"Jasky\u0148a Milada\" data-attachment-id=\"13066\" data-type=\"image\" class=\"fg-thumb\"><span class=\"fg-image-wrap\"><img decoding=\"async\" title=\"Jasky\u0148a Milada\" width=\"200\" height=\"200\" class=\"skip-lazy fg-image\" data-src-fg=\"https:\/\/www.slovensky-kras.eu\/info\/wp-content\/uploads\/cache\/2013\/07\/m_3154-1\/1409149325.jpg\" src=\"data:image\/svg+xml,%3Csvg%20xmlns%3D%22http%3A%2F%2Fwww.w3.org%2F2000%2Fsvg%22%20width%3D%22200%22%20height%3D%22200%22%20viewBox%3D%220%200%20200%20200%22%3E%3C%2Fsvg%3E\" loading=\"eager\"><\/span><span class=\"fg-image-overlay\"><\/span><\/a><figcaption class=\"fg-caption\"><div class=\"fg-caption-inner\"><div class=\"fg-caption-title\">Jasky\u0148a Milada<\/div><\/div><\/figcaption><\/figure><div class=\"fg-loader\"><\/div><\/div><div class=\"fg-item fg-type-image fg-idle\"><figure class=\"fg-item-inner\"><a href=\"https:\/\/www.slovensky-kras.eu\/info\/wp-content\/uploads\/2013\/07\/Img_7292-1.jpg\" data-caption-title=\"Jasky\u0148a Milada\" data-attachment-id=\"13062\" data-type=\"image\" class=\"fg-thumb\"><span class=\"fg-image-wrap\"><img decoding=\"async\" title=\"Jasky\u0148a Milada\" width=\"200\" height=\"200\" class=\"skip-lazy fg-image\" data-src-fg=\"https:\/\/www.slovensky-kras.eu\/info\/wp-content\/uploads\/cache\/2013\/07\/Img_7292-1\/555314789.jpg\" src=\"data:image\/svg+xml,%3Csvg%20xmlns%3D%22http%3A%2F%2Fwww.w3.org%2F2000%2Fsvg%22%20width%3D%22200%22%20height%3D%22200%22%20viewBox%3D%220%200%20200%20200%22%3E%3C%2Fsvg%3E\" loading=\"eager\"><\/span><span class=\"fg-image-overlay\"><\/span><\/a><figcaption class=\"fg-caption\"><div class=\"fg-caption-inner\"><div class=\"fg-caption-title\">Jasky\u0148a Milada<\/div><\/div><\/figcaption><\/figure><div class=\"fg-loader\"><\/div><\/div><div class=\"fg-item fg-type-image fg-idle\"><figure class=\"fg-item-inner\"><a href=\"https:\/\/www.slovensky-kras.eu\/info\/wp-content\/uploads\/2013\/07\/obr2-1.jpg\" data-caption-title=\"Jasky\u0148a Milada\" data-attachment-id=\"13064\" data-type=\"image\" class=\"fg-thumb\"><span class=\"fg-image-wrap\"><img decoding=\"async\" title=\"Jasky\u0148a Milada\" width=\"200\" height=\"200\" class=\"skip-lazy fg-image\" data-src-fg=\"https:\/\/www.slovensky-kras.eu\/info\/wp-content\/uploads\/cache\/2013\/07\/obr2-1\/2018063464.jpg\" src=\"data:image\/svg+xml,%3Csvg%20xmlns%3D%22http%3A%2F%2Fwww.w3.org%2F2000%2Fsvg%22%20width%3D%22200%22%20height%3D%22200%22%20viewBox%3D%220%200%20200%20200%22%3E%3C%2Fsvg%3E\" loading=\"eager\"><\/span><span class=\"fg-image-overlay\"><\/span><\/a><figcaption class=\"fg-caption\"><div class=\"fg-caption-inner\"><div class=\"fg-caption-title\">Jasky\u0148a Milada<\/div><\/div><\/figcaption><\/figure><div class=\"fg-loader\"><\/div><\/div>\t<\/div>\n\t<div class=\"fg-carousel-bottom\"><\/div>\n\t<div class=\"fg-carousel-progress\"><\/div>\n\t<button type=\"button\" class=\"fg-carousel-next\" title=\"Next\"><\/button>\n<\/div>\n<h3><span style=\"color: #808000;\">Bl\u00edzke stredisko, turistick\u00e9 centrum, obec alebo mesto:<\/span><\/h3>\n<ul>\n<li><a href=\"http:\/\/www.slovensky-kras.eu\/info\/strediska-a-centra\/obec-silicka-brezova\/\">Obec Silick\u00e1 Brezov\u00e1<\/a><\/li>\n<\/ul>\n<h2><span style=\"color: #800000;\">Mapy<\/span><\/h2>\n<p><strong>Vrstvy: <\/strong>Turistick\u00e1 mapa, Automapa, Cyklomapa, Ly\u017eiarska mapa, Satelitn\u00e1 mapa a OpenStreetMap.<\/p>\n<p><strong>Kliknut\u00edm na logo &#8222;Freemap.sk&#8220; sa V\u00e1m mapa zobraz\u00ed na celej ploche obrazovky.<\/strong><\/p>\n<p><iframe style=\"width: 900px; height: 600px; border: 0;\" src=\"https:\/\/www.freemap.sk\/?map=14\/48.523569\/20.489974&amp;info-point=48.523569\/20.489974,Jasky\u0148a Milada&amp;layers=X&amp;embed=search\" allowfullscreen=\"allowfullscreen\"><\/iframe><\/p>\n<h2><span style=\"color: #800000;\">Po\u010dasie<\/span><\/h2>\n<p><iframe style=\"width: 900px; height: 609px;\" src=\"https:\/\/www.meteoblue.com\/sk\/po%C4%8Dasie\/widget\/three\/silick%c3%a1-brezov%c3%a1_slovensk%c3%a1-republika_723620?geoloc=fixed&amp;nocurrent=0&amp;noforecast=0&amp;days=6&amp;tempunit=CELSIUS&amp;windunit=KILOMETER_PER_HOUR&amp;layout=image\" frameborder=\"0\" scrolling=\"NO\" sandbox=\"allow-same-origin allow-scripts allow-popups allow-popups-to-escape-sandbox\"><span data-mce-type=\"bookmark\" style=\"display: inline-block; width: 0px; overflow: hidden; line-height: 0;\" class=\"mce_SELRES_start\">\ufeff<\/span><\/iframe><\/p>\n<div><!-- DO NOT REMOVE THIS LINK --><a href=\"https:\/\/www.meteoblue.com\/sk\/po%C4%8Dasie\/predpove%C4%8F\/t%C3%BD%C5%BEde%C5%88\/silick%c3%a1-brezov%c3%a1_slovensk%c3%a1-republika_723620?utm_source=weather_widget&amp;utm_medium=linkus&amp;utm_content=three&amp;utm_campaign=Weather%2BWidget\" target=\"_blank\" rel=\"noopener noreferrer\">meteoblue<\/a><\/div>\n<p><strong>Text a foto:<\/strong> RNDr. Jaroslav Stankovi\u010d<\/p>\n<p>&nbsp;<\/p>\n","protected":false},"excerpt":{"rendered":"<p>Menu: Podkateg\u00f3ria: Podkateg\u00f3ria: Kde sa nach\u00e1dza Jasky\u0148a Milada a ako bola objaven\u00e1? Jasky\u0148a Milada\u00a0sa nach\u00e1dza na\u00a0Silickej planine, asi 1 km juhov\u00fdchodne od obce\u00a0Silick\u00e1 Brezov\u00e1. Bola objaven\u00e1 v roku 1946 J\u00e1nom [&hellip;]<\/p>\n","protected":false},"author":1,"featured_media":7522,"parent":17,"menu_order":0,"comment_status":"closed","ping_status":"open","template":"","meta":{"_uag_custom_page_level_css":"","footnotes":""},"class_list":["post-771","page","type-page","status-publish","has-post-thumbnail","hentry"],"featured_image_src":"https:\/\/www.slovensky-kras.eu\/info\/wp-content\/uploads\/2016\/02\/m_3154.jpg","featured_image_src_square":"https:\/\/www.slovensky-kras.eu\/info\/wp-content\/uploads\/2016\/02\/m_3154.jpg","rbea_author_info":{"display_name":"admin","author_link":"https:\/\/www.slovensky-kras.eu\/info\/author\/admin\/"},"rbea_excerpt_info":"Menu: Podkateg\u00f3ria: Podkateg\u00f3ria: Kde sa nach\u00e1dza Jasky\u0148a Milada a ako bola objaven\u00e1? Jasky\u0148a Milada\u00a0sa nach\u00e1dza na\u00a0Silickej planine, asi 1 km juhov\u00fdchodne od obce\u00a0Silick\u00e1 Brezov\u00e1. Bola objaven\u00e1 v roku 1946 J\u00e1nom [&hellip;]","uagb_featured_image_src":{"full":["https:\/\/www.slovensky-kras.eu\/info\/wp-content\/uploads\/2016\/02\/m_3154.jpg",1200,800,false],"thumbnail":["https:\/\/www.slovensky-kras.eu\/info\/wp-content\/uploads\/2016\/02\/m_3154-150x150.jpg",150,150,true],"medium":["https:\/\/www.slovensky-kras.eu\/info\/wp-content\/uploads\/2016\/02\/m_3154-800x533.jpg",800,533,true],"medium_large":["https:\/\/www.slovensky-kras.eu\/info\/wp-content\/uploads\/2016\/02\/m_3154-768x512.jpg",768,512,true],"large":["https:\/\/www.slovensky-kras.eu\/info\/wp-content\/uploads\/2016\/02\/m_3154-1024x683.jpg",1024,683,true],"1536x1536":["https:\/\/www.slovensky-kras.eu\/info\/wp-content\/uploads\/2016\/02\/m_3154.jpg",1200,800,false],"2048x2048":["https:\/\/www.slovensky-kras.eu\/info\/wp-content\/uploads\/2016\/02\/m_3154.jpg",1200,800,false]},"uagb_author_info":{"display_name":"admin","author_link":"https:\/\/www.slovensky-kras.eu\/info\/author\/admin\/"},"uagb_comment_info":0,"uagb_excerpt":"Menu: Podkateg\u00f3ria: Podkateg\u00f3ria: Kde sa nach\u00e1dza Jasky\u0148a Milada a ako bola objaven\u00e1? Jasky\u0148a Milada\u00a0sa nach\u00e1dza na\u00a0Silickej planine, asi 1 km juhov\u00fdchodne od obce\u00a0Silick\u00e1 Brezov\u00e1. Bola objaven\u00e1 v roku 1946 J\u00e1nom [&hellip;]","_links":{"self":[{"href":"https:\/\/www.slovensky-kras.eu\/info\/wp-json\/wp\/v2\/pages\/771","targetHints":{"allow":["GET"]}}],"collection":[{"href":"https:\/\/www.slovensky-kras.eu\/info\/wp-json\/wp\/v2\/pages"}],"about":[{"href":"https:\/\/www.slovensky-kras.eu\/info\/wp-json\/wp\/v2\/types\/page"}],"author":[{"embeddable":true,"href":"https:\/\/www.slovensky-kras.eu\/info\/wp-json\/wp\/v2\/users\/1"}],"replies":[{"embeddable":true,"href":"https:\/\/www.slovensky-kras.eu\/info\/wp-json\/wp\/v2\/comments?post=771"}],"version-history":[{"count":6,"href":"https:\/\/www.slovensky-kras.eu\/info\/wp-json\/wp\/v2\/pages\/771\/revisions"}],"predecessor-version":[{"id":29006,"href":"https:\/\/www.slovensky-kras.eu\/info\/wp-json\/wp\/v2\/pages\/771\/revisions\/29006"}],"up":[{"embeddable":true,"href":"https:\/\/www.slovensky-kras.eu\/info\/wp-json\/wp\/v2\/pages\/17"}],"wp:featuredmedia":[{"embeddable":true,"href":"https:\/\/www.slovensky-kras.eu\/info\/wp-json\/wp\/v2\/media\/7522"}],"wp:attachment":[{"href":"https:\/\/www.slovensky-kras.eu\/info\/wp-json\/wp\/v2\/media?parent=771"}],"curies":[{"name":"wp","href":"https:\/\/api.w.org\/{rel}","templated":true}]}}