{"id":737,"date":"2013-07-02T06:37:29","date_gmt":"2013-07-02T04:37:29","guid":{"rendered":"http:\/\/www.slovensky-kras.eu\/info\/?page_id=737"},"modified":"2018-06-25T11:42:31","modified_gmt":"2018-06-25T09:42:31","slug":"kontakt","status":"publish","type":"page","link":"https:\/\/www.slovensky-kras.eu\/info\/kontakt\/","title":{"rendered":"Kontakt"},"content":{"rendered":"<p><strong>E-mail: <\/strong>info(zavinac)slovensky-kras(bodka)eu<\/p>\n<p><strong>E-mail: <\/strong>info(zavinac)keturist(bodka)sk<\/p>\n<p>podporujeme:<br \/>\n<strong>OZ Turizmus V\u00fdchodn\u00e9 Slovensko<\/strong><\/p>\n<p>Ru\u017einsk\u00e1 \u010d.5<br \/>\n040 11 Ko\u0161ice,<br \/>\nSLOVAKIA<\/p>\n<p><strong>Foto:<\/strong> Norbert \u0160olt\u00e9s, RNDr. Jaroslav Stankovi\u010d, Ing. Be\u00e1ta Chovan\u010d\u00e1kov\u00e1, Mari\u00e1n Chovan\u010d\u00e1k, Ing. Peter Tornauer, Marcel Chovan\u010d\u00e1k a Miron Jesensky.<\/p>\n<p><strong>\u010clenovia:<\/strong> Mari\u00e1n Holo\u0161ka, Norbert \u0160olt\u00e9s, Ing. Be\u00e1ta Chovan\u010d\u00e1kov\u00e1, Mari\u00e1n Chovan\u010d\u00e1k, Ing. Peter Tornauer, Ing. Milan Tornauer a Marcel Chovan\u010d\u00e1k.<\/p>\n<p><strong>Copyright:<\/strong> V\u0161etok textov\u00fd a multimedi\u00e1lny obsah a ak\u00e9ko\u013evek inform\u00e1cie uverejnen\u00e9 na port\u00e1loch keturist.sk a slovensk\u00fd kras.eu s\u00fa vlastn\u00edctvom redakcie a \u010fal\u0161\u00edch os\u00f4b, ktor\u00e9 sa podie\u013eaj\u00fa na ich tvorbe v zmysle z\u00e1kona \u010d. 383\/1997 Z.z.. V\u0161etky tu zverejnen\u00e9 inform\u00e1cie, d\u00e1ta a \u00fadaje s\u00fa chr\u00e1nen\u00e9 autorsk\u00fdmi pr\u00e1vami. Ak\u00e9ko\u013evek distribuovanie obsahu uverejnen\u00e9ho na t\u00fdchto dom\u00e9nach\u00a0 je mo\u017en\u00e9 a\u017e po z\u00edskan\u00ed p\u00edsomn\u00e9ho s\u00fahlasu prev\u00e1dzkovate\u013ea port\u00e1lu keturist.sk a slovensk\u00fd kras.eu. Grafick\u00e9 a textov\u00e9 odkazy na na\u0161e str\u00e1nky je mo\u017en\u00e9 leg\u00e1lne uverejni\u0165 na in\u00fdch str\u00e1nkach.<\/p>\n<p><strong>Vyl\u00fa\u010denie zodpovednosti a z\u00e1ruk:<\/strong> Vstup na port\u00e1ly keturist.sk a slovensk\u00fd kras.eu a jeho pou\u017e\u00edvanie je na vlastn\u00e9 riziko ka\u017ed\u00e9ho u\u017e\u00edvate\u013ea. Prev\u00e1dzkovate\u013e port\u00e1lov\u00a0keturist.sk a slovensk\u00fd kras.eu nezodpoved\u00e1 za ak\u00e9ko\u013evek \u0161kody, vzniknut\u00e9 \u010di u\u017e priamo alebo nepriamo v s\u00favislosti s pou\u017e\u00edvan\u00edm port\u00e1lov keturist.sk a slovensk\u00fd kras.eu, a ani za \u0161kody vzniknut\u00e9 z d\u00f4vodu \u010diasto\u010dnej \u010di \u00faplnej nefunk\u010dnosti port\u00e1lov keturist.sk a slovensk\u00fd kras.eu. Taktie\u017e prev\u00e1dzkovate\u013e\u00a0keturist.sk a slovensk\u00fd kras.eu nezodpoved\u00e1 za v\u00fd\u0161ku V\u00e1\u0161ho \u00fa\u010dtu za telekomunika\u010dn\u00e9 slu\u017eby. Port\u00e1ly\u00a0keturist.sk a slovensk\u00fd kras.eu nezodpovedaj\u00fa ani neru\u010dia za pravdivos\u0165 a obsah ani formu reklamy, uverejnenej na na\u0161\u00edch port\u00e1loch a neru\u010d\u00ed ani za z\u00e1v\u00e4zky os\u00f4b, ktor\u00fdch ponuky s\u00fa vo forme reklamy zverejnen\u00e9 na na\u0161ich port\u00e1loch keturist.sk a slovensk\u00fd kras.eu.<\/p>\n<p><strong>Upozornenie!!!<\/strong><br \/>\nPoru\u0161enie autorsk\u00e9ho z\u00e1kona m\u00f4\u017ee by\u0165 kvalifikovan\u00e9 aj ako trestn\u00fd \u010din pod\u013ea paragrafu 152 Trestn\u00e9ho z\u00e1kona s trestnou sadzbou od\u0148atia slobody a\u017e na jeden rok alebo pe\u0148a\u017en\u00fdm trestom.<\/p>\n","protected":false},"excerpt":{"rendered":"<p>E-mail: info(zavinac)slovensky-kras(bodka)eu E-mail: info(zavinac)keturist(bodka)sk podporujeme: OZ Turizmus V\u00fdchodn\u00e9 Slovensko Ru\u017einsk\u00e1 \u010d.5 040 11 Ko\u0161ice, SLOVAKIA Foto: Norbert \u0160olt\u00e9s, RNDr. Jaroslav Stankovi\u010d, Ing. Be\u00e1ta Chovan\u010d\u00e1kov\u00e1, Mari\u00e1n Chovan\u010d\u00e1k, Ing. Peter Tornauer, Marcel [&hellip;]<\/p>\n","protected":false},"author":1,"featured_media":0,"parent":0,"menu_order":0,"comment_status":"closed","ping_status":"open","template":"","meta":{"_uag_custom_page_level_css":"","footnotes":""},"class_list":["post-737","page","type-page","status-publish","hentry"],"featured_image_src":"","featured_image_src_square":false,"rbea_author_info":{"display_name":"admin","author_link":"https:\/\/www.slovensky-kras.eu\/info\/author\/admin\/"},"rbea_excerpt_info":"E-mail: info(zavinac)slovensky-kras(bodka)eu E-mail: info(zavinac)keturist(bodka)sk podporujeme: OZ Turizmus V\u00fdchodn\u00e9 Slovensko Ru\u017einsk\u00e1 \u010d.5 040 11 Ko\u0161ice, SLOVAKIA Foto: Norbert \u0160olt\u00e9s, RNDr. Jaroslav Stankovi\u010d, Ing. Be\u00e1ta Chovan\u010d\u00e1kov\u00e1, Mari\u00e1n Chovan\u010d\u00e1k, Ing. Peter Tornauer, Marcel [&hellip;]","uagb_featured_image_src":{"full":false,"thumbnail":false,"medium":false,"medium_large":false,"large":false,"1536x1536":false,"2048x2048":false},"uagb_author_info":{"display_name":"admin","author_link":"https:\/\/www.slovensky-kras.eu\/info\/author\/admin\/"},"uagb_comment_info":0,"uagb_excerpt":"E-mail: info(zavinac)slovensky-kras(bodka)eu E-mail: info(zavinac)keturist(bodka)sk podporujeme: OZ Turizmus V\u00fdchodn\u00e9 Slovensko Ru\u017einsk\u00e1 \u010d.5 040 11 Ko\u0161ice, SLOVAKIA Foto: Norbert \u0160olt\u00e9s, RNDr. Jaroslav Stankovi\u010d, Ing. Be\u00e1ta Chovan\u010d\u00e1kov\u00e1, Mari\u00e1n Chovan\u010d\u00e1k, Ing. Peter Tornauer, Marcel [&hellip;]","_links":{"self":[{"href":"https:\/\/www.slovensky-kras.eu\/info\/wp-json\/wp\/v2\/pages\/737","targetHints":{"allow":["GET"]}}],"collection":[{"href":"https:\/\/www.slovensky-kras.eu\/info\/wp-json\/wp\/v2\/pages"}],"about":[{"href":"https:\/\/www.slovensky-kras.eu\/info\/wp-json\/wp\/v2\/types\/page"}],"author":[{"embeddable":true,"href":"https:\/\/www.slovensky-kras.eu\/info\/wp-json\/wp\/v2\/users\/1"}],"replies":[{"embeddable":true,"href":"https:\/\/www.slovensky-kras.eu\/info\/wp-json\/wp\/v2\/comments?post=737"}],"version-history":[{"count":0,"href":"https:\/\/www.slovensky-kras.eu\/info\/wp-json\/wp\/v2\/pages\/737\/revisions"}],"wp:attachment":[{"href":"https:\/\/www.slovensky-kras.eu\/info\/wp-json\/wp\/v2\/media?parent=737"}],"curies":[{"name":"wp","href":"https:\/\/api.w.org\/{rel}","templated":true}]}}