{"id":717,"date":"2013-06-30T06:34:52","date_gmt":"2013-06-30T04:34:52","guid":{"rendered":"http:\/\/www.slovensky-kras.eu\/info\/?page_id=717"},"modified":"2025-11-23T05:22:42","modified_gmt":"2025-11-23T04:22:42","slug":"zvonica-v-obci-jovice","status":"publish","type":"page","link":"https:\/\/www.slovensky-kras.eu\/info\/kam-za-pamiatkami\/zvonica-v-obci-jovice\/","title":{"rendered":"Zvonica v obci Jovice"},"content":{"rendered":"<p><strong>Menu: <\/strong><a href=\"http:\/\/www.slovensky-kras.eu\/info\/\" class=\"su-button su-button-style-default\" style=\"color:#000000;background-color:#FFCF2F;border-color:#cca626;border-radius:5px\" target=\"_self\"><span style=\"color:#000000;padding:6px 16px;font-size:13px;line-height:20px;border-color:#ffde6e;border-radius:5px;text-shadow:none\"><i class=\"sui sui-arrow-right\" style=\"font-size:13px;color:#000000\"><\/i>  \u00davod \/ Aktuality <\/span><\/a>\n<a href=\"http:\/\/www.slovensky-kras.eu\/info\/kam-za-pamiatkami\/\" class=\"su-button su-button-style-default\" style=\"color:#000000;background-color:#FFCF2F;border-color:#cca626;border-radius:5px\" target=\"_self\"><span style=\"color:#000000;padding:6px 16px;font-size:13px;line-height:20px;border-color:#ffde6e;border-radius:5px;text-shadow:none\"><i class=\"sui sui-arrow-right\" style=\"font-size:13px;color:#000000\"><\/i>  Kam za pamiatkami <\/span><\/a>\n<div class=\"su-divider su-divider-style-default\" style=\"margin:15px 0;border-width:0px;border-color:#000000\"><\/div>\n<strong>Podkateg\u00f3ria: <\/strong> <a href=\"http:\/\/www.slovensky-kras.eu\/info\/kam-za-pamiatkami\/ostatne-pamiatky\/\" class=\"su-button su-button-style-default\" style=\"color:#000000;background-color:#afd144;border-color:#8ca837;border-radius:5px\" target=\"_self\"><span style=\"color:#000000;padding:6px 16px;font-size:13px;line-height:20px;border-color:#c7df7d;border-radius:5px;text-shadow:none\"><i class=\"sui sui-arrow-right\" style=\"font-size:13px;color:#000000\"><\/i>  Ostatn\u00e9 pamiatky <\/span><\/a>\n<div class=\"su-divider su-divider-style-default\" style=\"margin:15px 0;border-width:2px;border-color:#000000\"><\/div>\n<figure id=\"attachment_18096\" aria-describedby=\"caption-attachment-18096\" style=\"width: 900px\" class=\"wp-caption aligncenter\"><a href=\"https:\/\/www.slovensky-kras.eu\/info\/wp-content\/uploads\/2020\/11\/jovice2.jpg\"><img loading=\"lazy\" decoding=\"async\" class=\"wp-image-18096\" src=\"https:\/\/www.slovensky-kras.eu\/info\/wp-content\/uploads\/2020\/11\/jovice2-800x450.jpg\" alt=\"Zvonica v obci Jovice\" width=\"900\" height=\"507\" srcset=\"https:\/\/www.slovensky-kras.eu\/info\/wp-content\/uploads\/2020\/11\/jovice2-800x450.jpg 800w, https:\/\/www.slovensky-kras.eu\/info\/wp-content\/uploads\/2020\/11\/jovice2-768x432.jpg 768w, https:\/\/www.slovensky-kras.eu\/info\/wp-content\/uploads\/2020\/11\/jovice2.jpg 1000w\" sizes=\"auto, (max-width: 900px) 100vw, 900px\" \/><\/a><figcaption id=\"caption-attachment-18096\" class=\"wp-caption-text\">Dedinsk\u00e1 zvonica v obci Jovice<\/figcaption><\/figure>\n<div class=\"su-divider su-divider-style-default\" style=\"margin:15px 0;border-width:2px;border-color:#000000\"><\/div>\n<h2 class=\"ds-markdown-paragraph\"><span style=\"color: #800000;\">Ak\u00fdm rokom sa datuje p\u00f4vod tejto pamiatky?<\/span><\/h2>\n<p class=\"ds-markdown-paragraph\"><strong>Zvonica v obci Jovice<\/strong>\u00a0bola postaven\u00e1 v roku 1892.<\/p>\n<h2 class=\"ds-markdown-paragraph\"><span style=\"color: #800000;\">Ako vyzer\u00e1 jej architekt\u00fara?<\/span><\/h2>\n<p class=\"ds-markdown-paragraph\">Ide o <strong>hranolov\u00fa dvojve\u017eat\u00fa stavbu<\/strong>, ktor\u00e1 je ukon\u010den\u00e1\u00a0<strong>ihlancovou strechou<\/strong>.<\/p>\n<h2 class=\"ds-markdown-paragraph\"><span style=\"color: #800000;\">Ak\u00e9 \u0161pecifick\u00e9 prvky sa nach\u00e1dzaj\u00fa na jej zvukov\u00fdch okn\u00e1ch?<\/span><\/h2>\n<p class=\"ds-markdown-paragraph\"><strong>Zvukov\u00e9 okn\u00e1<\/strong>\u00a0s\u00fa segmentovo zaklenut\u00e9 a uzatvoren\u00e9\u00a0<strong>dreven\u00fdmi \u017eal\u00faziami<\/strong>.<\/p>\n<h2 class=\"ds-markdown-paragraph\"><span style=\"color: #800000;\">Je mo\u017en\u00e9 zisti\u0165 presn\u00fd d\u00e1tum v\u00fdstavby priamo na mieste?<\/span><\/h2>\n<p class=\"ds-markdown-paragraph\">\u00c1no, priamo nad vstupom je zachovan\u00e9 p\u00f4vodn\u00e9 datovanie \u2013 1892.<\/p>\n<h2 class=\"ds-markdown-paragraph\"><span style=\"color: #800000;\">Ko\u013eko zvonov sa v zvonici nach\u00e1dza?<\/span><\/h2>\n<p class=\"ds-markdown-paragraph\">V jej interi\u00e9ri sa nach\u00e1dzaj\u00fa dva zvony.<\/p>\n<h2 class=\"ds-markdown-paragraph\"><span style=\"color: #800000;\">\u010co je nap\u00edsan\u00e9 na v\u00e4\u010d\u0161om zvone?<\/span><\/h2>\n<p class=\"ds-markdown-paragraph\">N\u00e1pis na <strong>ve\u013ekom zvone<\/strong>\u00a0znie: 1888 \u2013 J\u00d3L\u00c9SZ K\u00d6ZS\u00c9G H\u00cdVEINEK \u00d6NT\u00d6TTE SCHOLTZ ADOLF CSETNEKEN.<\/p>\n<h2 class=\"ds-markdown-paragraph\"><span style=\"color: #800000;\">A \u010do je nap\u00edsan\u00e9 na men\u0161om zvone?<\/span><\/h2>\n<p class=\"ds-markdown-paragraph\">N\u00e1pis na <strong>malom zvone<\/strong>\u00a0je: K\u00c9SZ\u00cdTET AZ IOL\u00c9SY KATHOLIKA ECCLESIA SZ\u00c1M\u00c1RA 1801 LULEY TISZTELEND\u00d6 \u00daR DIRECTORS\u00c1GA ALAT.<\/p>\n<h2><span style=\"color: #800000;\">\u010co je to vlastne zvonica a ako sa l\u00ed\u0161i od zvoni\u010dky?<\/span><\/h2>\n<p><strong>Zvonica<\/strong>\u00a0je stavba sl\u00fa\u017eiaca v\u00fdhradne alebo v\u00e4\u010d\u0161inou na zavesenie zvonov. Men\u0161ie stavby sa ozna\u010duj\u00fa ako\u00a0<strong>zvoni\u010dky<\/strong>, pri\u010dom niektor\u00ed autori rozli\u0161uj\u00fa zvoni\u010dky od zvon\u00edc nielen pod\u013ea ve\u013ekosti a typu (stavebn\u00e9ho prevedenia), ale aj pod\u013ea toho, \u010di maj\u00fa spojitos\u0165 s kostolom.<\/p>\n<h3><span style=\"color: #808000;\">Bl\u00edzke stredisko, turistick\u00e9 centrum, obec alebo mesto:<\/span><\/h3>\n<ul>\n<li><a href=\"http:\/\/www.slovensky-kras.eu\/info\/strediska-a-centra\/obec-jovice\/\">Obec Jovice (\u010d\u00edtaj viac&#8230;)<\/a><\/li>\n<\/ul>\n<h2><span style=\"color: #800000;\">Mapy<\/span><\/h2>\n<p><strong>Vrstvy: <\/strong>Turistick\u00e1 mapa, Automapa, Cyklomapa, Ly\u017eiarska mapa, Satelitn\u00e1 mapa a OpenStreetMap.<\/p>\n<p><strong>Kliknut\u00edm na logo &#8222;Freemap.sk&#8220; sa V\u00e1m mapa zobraz\u00ed na celej ploche obrazovky.<\/strong><\/p>\n<p><iframe style=\"width: 900px; height: 600px; border: 0;\" src=\"https:\/\/www.freemap.sk\/?map=14\/48.631178\/20.551686&amp;info-point=48.631178\/20.551686,Obec Jovice&amp;layers=X&amp;embed=search\" allowfullscreen=\"allowfullscreen\"><span data-mce-type=\"bookmark\" style=\"display: inline-block; width: 0px; overflow: hidden; line-height: 0;\" class=\"mce_SELRES_start\">\ufeff<\/span><\/iframe><\/p>\n<h2><span style=\"color: #800000;\">Po\u010dasie<\/span><\/h2>\n<p><iframe style=\"width: 900px; height: 610px;\" src=\"https:\/\/www.meteoblue.com\/sk\/po%C4%8Dasie\/widget\/three\/jovice_slovensk%c3%a1-republika_724554?geoloc=fixed&amp;nocurrent=0&amp;noforecast=0&amp;days=6&amp;tempunit=CELSIUS&amp;windunit=KILOMETER_PER_HOUR&amp;layout=image\" frameborder=\"0\" scrolling=\"NO\" sandbox=\"allow-same-origin allow-scripts allow-popups allow-popups-to-escape-sandbox\"><\/iframe><\/p>\n<div><!-- DO NOT REMOVE THIS LINK --><a href=\"https:\/\/www.meteoblue.com\/sk\/po%C4%8Dasie\/predpove%C4%8F\/t%C3%BD%C5%BEde%C5%88\/jovice_slovensk%c3%a1-republika_724554?utm_source=weather_widget&amp;utm_medium=linkus&amp;utm_content=three&amp;utm_campaign=Weather%2BWidget\" target=\"_blank\" rel=\"noopener noreferrer\">meteoblue<\/a><\/div>\n<p>&nbsp;<\/p>\n","protected":false},"excerpt":{"rendered":"<p>Menu: Podkateg\u00f3ria: Ak\u00fdm rokom sa datuje p\u00f4vod tejto pamiatky? Zvonica v obci Jovice\u00a0bola postaven\u00e1 v roku 1892. Ako vyzer\u00e1 jej architekt\u00fara? Ide o hranolov\u00fa dvojve\u017eat\u00fa stavbu, ktor\u00e1 je ukon\u010den\u00e1\u00a0ihlancovou strechou. [&hellip;]<\/p>\n","protected":false},"author":1,"featured_media":18096,"parent":15,"menu_order":0,"comment_status":"closed","ping_status":"open","template":"","meta":{"_uag_custom_page_level_css":"","footnotes":""},"class_list":["post-717","page","type-page","status-publish","has-post-thumbnail","hentry"],"featured_image_src":"https:\/\/www.slovensky-kras.eu\/info\/wp-content\/uploads\/2020\/11\/jovice2.jpg","featured_image_src_square":"https:\/\/www.slovensky-kras.eu\/info\/wp-content\/uploads\/2020\/11\/jovice2.jpg","rbea_author_info":{"display_name":"admin","author_link":"https:\/\/www.slovensky-kras.eu\/info\/author\/admin\/"},"rbea_excerpt_info":"Menu: Podkateg\u00f3ria: Ak\u00fdm rokom sa datuje p\u00f4vod tejto pamiatky? Zvonica v obci Jovice\u00a0bola postaven\u00e1 v roku 1892. Ako vyzer\u00e1 jej architekt\u00fara? Ide o hranolov\u00fa dvojve\u017eat\u00fa stavbu, ktor\u00e1 je ukon\u010den\u00e1\u00a0ihlancovou strechou. [&hellip;]","uagb_featured_image_src":{"full":["https:\/\/www.slovensky-kras.eu\/info\/wp-content\/uploads\/2020\/11\/jovice2.jpg",1000,563,false],"thumbnail":["https:\/\/www.slovensky-kras.eu\/info\/wp-content\/uploads\/2020\/11\/jovice2-150x150.jpg",150,150,true],"medium":["https:\/\/www.slovensky-kras.eu\/info\/wp-content\/uploads\/2020\/11\/jovice2-800x450.jpg",800,450,true],"medium_large":["https:\/\/www.slovensky-kras.eu\/info\/wp-content\/uploads\/2020\/11\/jovice2-768x432.jpg",768,432,true],"large":["https:\/\/www.slovensky-kras.eu\/info\/wp-content\/uploads\/2020\/11\/jovice2.jpg",1000,563,false],"1536x1536":["https:\/\/www.slovensky-kras.eu\/info\/wp-content\/uploads\/2020\/11\/jovice2.jpg",1000,563,false],"2048x2048":["https:\/\/www.slovensky-kras.eu\/info\/wp-content\/uploads\/2020\/11\/jovice2.jpg",1000,563,false]},"uagb_author_info":{"display_name":"admin","author_link":"https:\/\/www.slovensky-kras.eu\/info\/author\/admin\/"},"uagb_comment_info":0,"uagb_excerpt":"Menu: Podkateg\u00f3ria: Ak\u00fdm rokom sa datuje p\u00f4vod tejto pamiatky? Zvonica v obci Jovice\u00a0bola postaven\u00e1 v roku 1892. Ako vyzer\u00e1 jej architekt\u00fara? Ide o hranolov\u00fa dvojve\u017eat\u00fa stavbu, ktor\u00e1 je ukon\u010den\u00e1\u00a0ihlancovou strechou. [&hellip;]","_links":{"self":[{"href":"https:\/\/www.slovensky-kras.eu\/info\/wp-json\/wp\/v2\/pages\/717","targetHints":{"allow":["GET"]}}],"collection":[{"href":"https:\/\/www.slovensky-kras.eu\/info\/wp-json\/wp\/v2\/pages"}],"about":[{"href":"https:\/\/www.slovensky-kras.eu\/info\/wp-json\/wp\/v2\/types\/page"}],"author":[{"embeddable":true,"href":"https:\/\/www.slovensky-kras.eu\/info\/wp-json\/wp\/v2\/users\/1"}],"replies":[{"embeddable":true,"href":"https:\/\/www.slovensky-kras.eu\/info\/wp-json\/wp\/v2\/comments?post=717"}],"version-history":[{"count":5,"href":"https:\/\/www.slovensky-kras.eu\/info\/wp-json\/wp\/v2\/pages\/717\/revisions"}],"predecessor-version":[{"id":28917,"href":"https:\/\/www.slovensky-kras.eu\/info\/wp-json\/wp\/v2\/pages\/717\/revisions\/28917"}],"up":[{"embeddable":true,"href":"https:\/\/www.slovensky-kras.eu\/info\/wp-json\/wp\/v2\/pages\/15"}],"wp:featuredmedia":[{"embeddable":true,"href":"https:\/\/www.slovensky-kras.eu\/info\/wp-json\/wp\/v2\/media\/18096"}],"wp:attachment":[{"href":"https:\/\/www.slovensky-kras.eu\/info\/wp-json\/wp\/v2\/media?parent=717"}],"curies":[{"name":"wp","href":"https:\/\/api.w.org\/{rel}","templated":true}]}}

<p><strong>Menu: </strong><a href="http://www.slovensky-kras.eu/info/" class="su-button su-button-style-default" style="color:#000000;background-color:#FFCF2F;border-color:#cca626;border-radius:5px" target="_self"><span style="color:#000000;padding:6px 16px;font-size:13px;line-height:20px;border-color:#ffde6e;border-radius:5px;text-shadow:none"><i class="sui sui-arrow-right" style="font-size:13px;color:#000000"></i>  Úvod / Aktuality </span></a>
<a href="http://www.slovensky-kras.eu/info/kam-za-pamiatkami/" class="su-button su-button-style-default" style="color:#000000;background-color:#FFCF2F;border-color:#cca626;border-radius:5px" target="_self"><span style="color:#000000;padding:6px 16px;font-size:13px;line-height:20px;border-color:#ffde6e;border-radius:5px;text-shadow:none"><i class="sui sui-arrow-right" style="font-size:13px;color:#000000"></i>  Kam za pamiatkami </span></a>
<div class="su-divider su-divider-style-default" style="margin:15px 0;border-width:0px;border-color:#000000"></div>
<strong>Podkategória: </strong> <a href="http://www.slovensky-kras.eu/info/kam-za-pamiatkami/ostatne-pamiatky/" class="su-button su-button-style-default" style="color:#000000;background-color:#afd144;border-color:#8ca837;border-radius:5px" target="_self"><span style="color:#000000;padding:6px 16px;font-size:13px;line-height:20px;border-color:#c7df7d;border-radius:5px;text-shadow:none"><i class="sui sui-arrow-right" style="font-size:13px;color:#000000"></i>  Ostatné pamiatky </span></a>
<div class="su-divider su-divider-style-default" style="margin:15px 0;border-width:2px;border-color:#000000"></div>
<figure id="attachment_18096" aria-describedby="caption-attachment-18096" style="width: 900px" class="wp-caption aligncenter"><a href="https://www.slovensky-kras.eu/info/wp-content/uploads/2020/11/jovice2.jpg"><img loading="lazy" decoding="async" class="wp-image-18096" src="https://www.slovensky-kras.eu/info/wp-content/uploads/2020/11/jovice2-800x450.jpg" alt="Zvonica v obci Jovice" width="900" height="507" srcset="https://www.slovensky-kras.eu/info/wp-content/uploads/2020/11/jovice2-800x450.jpg 800w, https://www.slovensky-kras.eu/info/wp-content/uploads/2020/11/jovice2-768x432.jpg 768w, https://www.slovensky-kras.eu/info/wp-content/uploads/2020/11/jovice2.jpg 1000w" sizes="auto, (max-width: 900px) 100vw, 900px" /></a><figcaption id="caption-attachment-18096" class="wp-caption-text">Dedinská zvonica v obci Jovice</figcaption></figure>
<div class="su-divider su-divider-style-default" style="margin:15px 0;border-width:2px;border-color:#000000"></div>
<h2 class="ds-markdown-paragraph"><span style="color: #800000;">Akým rokom sa datuje pôvod tejto pamiatky?</span></h2>
<p class="ds-markdown-paragraph"><strong>Zvonica v obci Jovice</strong> bola postavená v roku 1892.</p>
<h2 class="ds-markdown-paragraph"><span style="color: #800000;">Ako vyzerá jej architektúra?</span></h2>
<p class="ds-markdown-paragraph">Ide o <strong>hranolovú dvojvežatú stavbu</strong>, ktorá je ukončená <strong>ihlancovou strechou</strong>.</p>
<h2 class="ds-markdown-paragraph"><span style="color: #800000;">Aké špecifické prvky sa nachádzajú na jej zvukových oknách?</span></h2>
<p class="ds-markdown-paragraph"><strong>Zvukové okná</strong> sú segmentovo zaklenuté a uzatvorené <strong>drevenými žalúziami</strong>.</p>
<h2 class="ds-markdown-paragraph"><span style="color: #800000;">Je možné zistiť presný dátum výstavby priamo na mieste?</span></h2>
<p class="ds-markdown-paragraph">Áno, priamo nad vstupom je zachované pôvodné datovanie – 1892.</p>
<h2 class="ds-markdown-paragraph"><span style="color: #800000;">Koľko zvonov sa v zvonici nachádza?</span></h2>
<p class="ds-markdown-paragraph">V jej interiéri sa nachádzajú dva zvony.</p>
<h2 class="ds-markdown-paragraph"><span style="color: #800000;">Čo je napísané na väčšom zvone?</span></h2>
<p class="ds-markdown-paragraph">Nápis na <strong>veľkom zvone</strong> znie: 1888 – JÓLÉSZ KÖZSÉG HÍVEINEK ÖNTÖTTE SCHOLTZ ADOLF CSETNEKEN.</p>
<h2 class="ds-markdown-paragraph"><span style="color: #800000;">A čo je napísané na menšom zvone?</span></h2>
<p class="ds-markdown-paragraph">Nápis na <strong>malom zvone</strong> je: KÉSZÍTET AZ IOLÉSY KATHOLIKA ECCLESIA SZÁMÁRA 1801 LULEY TISZTELENDÖ ÚR DIRECTORSÁGA ALAT.</p>
<h2><span style="color: #800000;">Čo je to vlastne zvonica a ako sa líši od zvoničky?</span></h2>
<p><strong>Zvonica</strong> je stavba slúžiaca výhradne alebo väčšinou na zavesenie zvonov. Menšie stavby sa označujú ako <strong>zvoničky</strong>, pričom niektorí autori rozlišujú zvoničky od zvoníc nielen podľa veľkosti a typu (stavebného prevedenia), ale aj podľa toho, či majú spojitosť s kostolom.</p>
<h3><span style="color: #808000;">Blízke stredisko, turistické centrum, obec alebo mesto:</span></h3>
<ul>
<li><a href="http://www.slovensky-kras.eu/info/strediska-a-centra/obec-jovice/">Obec Jovice (čítaj viac&#8230;)</a></li>
</ul>
<h2><span style="color: #800000;">Mapy</span></h2>
<p><strong>Vrstvy: </strong>Turistická mapa, Automapa, Cyklomapa, Lyžiarska mapa, Satelitná mapa a OpenStreetMap.</p>
<p><strong>Kliknutím na logo &#8222;Freemap.sk&#8220; sa Vám mapa zobrazí na celej ploche obrazovky.</strong></p>
<p><iframe style="width: 900px; height: 600px; border: 0;" src="https://www.freemap.sk/?map=14/48.631178/20.551686&amp;info-point=48.631178/20.551686,Obec Jovice&amp;layers=X&amp;embed=search" allowfullscreen="allowfullscreen"><span data-mce-type="bookmark" style="display: inline-block; width: 0px; overflow: hidden; line-height: 0;" class="mce_SELRES_start">﻿</span></iframe></p>
<h2><span style="color: #800000;">Počasie</span></h2>
<p><iframe style="width: 900px; height: 610px;" src="https://www.meteoblue.com/sk/po%C4%8Dasie/widget/three/jovice_slovensk%c3%a1-republika_724554?geoloc=fixed&amp;nocurrent=0&amp;noforecast=0&amp;days=6&amp;tempunit=CELSIUS&amp;windunit=KILOMETER_PER_HOUR&amp;layout=image" frameborder="0" scrolling="NO" sandbox="allow-same-origin allow-scripts allow-popups allow-popups-to-escape-sandbox"></iframe></p>
<div><!-- DO NOT REMOVE THIS LINK --><a href="https://www.meteoblue.com/sk/po%C4%8Dasie/predpove%C4%8F/t%C3%BD%C5%BEde%C5%88/jovice_slovensk%c3%a1-republika_724554?utm_source=weather_widget&amp;utm_medium=linkus&amp;utm_content=three&amp;utm_campaign=Weather%2BWidget" target="_blank" rel="noopener noreferrer">meteoblue</a></div>
<p>&nbsp;</p>

<p>Menu: Podkategória: Akým rokom sa datuje pôvod tejto pamiatky? Zvonica v obci Jovice bola postavená v roku 1892. Ako vyzerá jej architektúra? Ide o hranolovú dvojvežatú stavbu, ktorá je ukončená ihlancovou strechou. [&hellip;]</p>

Menu: Podkategória: Akým rokom sa datuje pôvod tejto pamiatky? Zvonica v obci Jovice bola postavená v roku 1892. Ako vyzerá jej architektúra? Ide o hranolovú dvojvežatú stavbu, ktorá je ukončená ihlancovou strechou. [&hellip;]
