{"id":680,"date":"2013-06-30T05:54:46","date_gmt":"2013-06-30T03:54:46","guid":{"rendered":"http:\/\/www.slovensky-kras.eu\/info\/?page_id=680"},"modified":"2025-11-19T18:46:18","modified_gmt":"2025-11-19T17:46:18","slug":"stolna-dionyz-v-drnave","status":"publish","type":"page","link":"https:\/\/www.slovensky-kras.eu\/info\/kam-za-pamiatkami\/stolna-dionyz-v-drnave\/","title":{"rendered":"\u0160t\u00f4l\u0148a Dion\u00fdz (D\u00e9nes) v Drnave"},"content":{"rendered":"<p><strong>Menu: <\/strong><a href=\"http:\/\/www.slovensky-kras.eu\/info\/\" class=\"su-button su-button-style-default\" style=\"color:#000000;background-color:#FFCF2F;border-color:#cca626;border-radius:5px\" target=\"_self\"><span style=\"color:#000000;padding:6px 16px;font-size:13px;line-height:20px;border-color:#ffde6e;border-radius:5px;text-shadow:none\"><i class=\"sui sui-arrow-right\" style=\"font-size:13px;color:#000000\"><\/i>  \u00davod \/ Aktuality <\/span><\/a>\n<a href=\"http:\/\/www.slovensky-kras.eu\/info\/kam-za-pamiatkami\/\" class=\"su-button su-button-style-default\" style=\"color:#000000;background-color:#FFCF2F;border-color:#cca626;border-radius:5px\" target=\"_self\"><span style=\"color:#000000;padding:6px 16px;font-size:13px;line-height:20px;border-color:#ffde6e;border-radius:5px;text-shadow:none\"><i class=\"sui sui-arrow-right\" style=\"font-size:13px;color:#000000\"><\/i>  Kam za pamiatkami <\/span><\/a>\n<div class=\"su-divider su-divider-style-default\" style=\"margin:15px 0;border-width:0px;border-color:#000000\"><\/div>\n<strong>Podkateg\u00f3ria: <\/strong> <a href=\"http:\/\/www.slovensky-kras.eu\/info\/kam-za-pamiatkami\/technicke-pamiatky\/\" class=\"su-button su-button-style-default\" style=\"color:#000000;background-color:#afd144;border-color:#8ca837;border-radius:5px\" target=\"_self\"><span style=\"color:#000000;padding:6px 16px;font-size:13px;line-height:20px;border-color:#c7df7d;border-radius:5px;text-shadow:none\"><i class=\"sui sui-arrow-right\" style=\"font-size:13px;color:#000000\"><\/i>  Technick\u00e9 pamiatky <\/span><\/a>\n<div class=\"su-divider su-divider-style-default\" style=\"margin:15px 0;border-width:2px;border-color:#000000\"><\/div>\n<figure id=\"attachment_21113\" aria-describedby=\"caption-attachment-21113\" style=\"width: 800px\" class=\"wp-caption aligncenter\"><a href=\"https:\/\/www.slovensky-kras.eu\/info\/wp-content\/uploads\/2021\/11\/denes.jpg\"><img loading=\"lazy\" decoding=\"async\" class=\"wp-image-21113 size-medium\" src=\"https:\/\/www.slovensky-kras.eu\/info\/wp-content\/uploads\/2021\/11\/denes-800x466.jpg\" alt=\"\" width=\"800\" height=\"466\" srcset=\"https:\/\/www.slovensky-kras.eu\/info\/wp-content\/uploads\/2021\/11\/denes-800x466.jpg 800w, https:\/\/www.slovensky-kras.eu\/info\/wp-content\/uploads\/2021\/11\/denes-768x447.jpg 768w, https:\/\/www.slovensky-kras.eu\/info\/wp-content\/uploads\/2021\/11\/denes.jpg 1000w\" sizes=\"auto, (max-width: 800px) 100vw, 800px\" \/><\/a><figcaption id=\"caption-attachment-21113\" class=\"wp-caption-text\">\u0160t\u00f4l\u0148a Dion\u00fdz (D\u00e9nes) v Drnave, Foto: Po\u017ei\u010dov\u0148a elektrobicyklov Ro\u017e\u0148ava \u2013 Drnava: Tulip\u00e1n \u2013 Sedliacky dvor<\/figcaption><\/figure>\n<div class=\"su-divider su-divider-style-default\" style=\"margin:15px 0;border-width:2px;border-color:#000000\"><\/div>\n<h2 dir=\"auto\"><span style=\"color: #800000;\">\u010co je <strong>\u0160t\u00f4l\u0148a Dion\u00fdz<\/strong> a pre\u010do by ste ju mali nav\u0161t\u00edvi\u0165?<\/span><\/h2>\n<p dir=\"auto\"><strong>\u0160t\u00f4l\u0148a Dion\u00fdz<\/strong> je jednou z najzachovalej\u0161\u00edch technick\u00fdch pamiatok ban\u00edctva na Gemeri a patr\u00ed medzi najv\u00fdznamnej\u0161ie historick\u00e9 <strong>\u017eelezorudn\u00e9 bane<\/strong> na Slovensku. U\u017e od 15. storo\u010dia patrila medzi v\u00fdznamn\u00e9 lo\u017eisk\u00e1 <strong>\u017eeleznej rudy<\/strong> a dnes predstavuje fascinuj\u00facu kombin\u00e1ciu hist\u00f3rie, pr\u00edrody a dobrodru\u017estva len p\u00e1r min\u00fat od obce Drnava.<\/p>\n<h2 dir=\"auto\"><span style=\"color: #800000;\">Kedy sa za\u010dala \u0165a\u017eba v oblasti <strong>\u0160t\u00f4lne Dion\u00fdz<\/strong>?<\/span><\/h2>\n<p dir=\"auto\">Bansk\u00e1 \u010dinnos\u0165 v tomto rudnom raj\u00f3ne siaha do d\u00e1vnej minulosti. V po\u010diatkoch sa na Malom vrchu a ju\u017en\u00fdch svahoch Pip\u00edtky povrchov\u00fdm sp\u00f4sobom \u0165a\u017eila <strong>strieborn\u00e1 ruda<\/strong> a <strong>me\u010f<\/strong>. Severne od obce B\u00f4rka sa \u0165a\u017eilo dokonca <strong>zlato<\/strong>.<\/p>\n<h2 dir=\"auto\"><span style=\"color: #800000;\">Kto vlastnil <strong>\u0160t\u00f4l\u0148u Dion\u00fdz<\/strong> a okolit\u00e9 bane?<\/span><\/h2>\n<p dir=\"auto\">V\u0161etky rudn\u00e9 lo\u017eisk\u00e1 v okol\u00ed Kr\u00e1snej H\u00f4rky a Drnavy patrili panstvu hradu Kr\u00e1sna H\u00f4rka vo vlastn\u00edctve rodu Andr\u00e1\u0161iovcov (Andr\u00e1ssyovcov). T\u00e1to <strong>\u0161t\u00f4l\u0148a Dion\u00fdz<\/strong> sa sp\u00e1ja najm\u00e4 s rodom Andr\u00e1\u0161iovcov, ktor\u00ed dali postavi\u0165 v roku 1825 v Drnave <strong>\u017eeleziare\u0148<\/strong> a napomohli tak v\u00e4\u010d\u0161iemu rozmachu \u0165a\u017eby v tejto \u0161t\u00f4lni.<\/p>\n<h2 dir=\"auto\"><span style=\"color: #800000;\">Ak\u00e9 rudy sa tu \u0165a\u017eili?<\/span><\/h2>\n<p dir=\"auto\">Dob\u00fdvali sa tu hlavne <strong>\u017eelezn\u00e9 rudy<\/strong> <strong>limonit<\/strong> a <strong>siderit<\/strong>, ktor\u00e9 sa tavili v slovensk\u00fdch peciach v Drnave p\u00edsomne uv\u00e1dzan\u00fdch u\u017e v roku 1619. Nesk\u00f4r pri obci L\u00fa\u010dka, v bansk\u00fdch poliach Gabriela, Em\u00edlia, Klement a Konr\u00e1d a v obci B\u00f4rka sa \u0165a\u017eila \u017eelezn\u00e1 ruda <strong>hematit<\/strong>. \u0164a\u017eba <strong>\u017eelezn\u00fdch r\u00fad<\/strong> a <strong>barytu<\/strong> na Malom vrchu sa koncentrovala na \u017eily \u0160tefan, Anton a Piatkov\u00fd potok a v Drnave na \u017eilu Dion\u00fdz.<\/p>\n<h2 dir=\"auto\"><span style=\"color: #800000;\">Ak\u00e9 bane patrili pod <strong>\u0160t\u00f4l\u0148u Dion\u00fdz<\/strong> koncom 19. storo\u010dia?<\/span><\/h2>\n<p dir=\"auto\">V roku 1894 boli na \u00fazem\u00ed obce tieto <strong>\u017eelezorudn\u00e9 bane<\/strong> \u2013 Karoly, Francziska, Cajetama, D\u00e9nes, Rebeka, Clemens, Erz\u00e9bet, Arnold, Lajos, Irma, Ferdinand, Nath\u00e1lia, Anna, Rudolf, Boldizs\u00e1r, G\u00e9za, Imre, Hedvig. Ich majite\u013eom bol koncom 19. a za\u010diatkom 20. storo\u010dia gr\u00f3f <strong>Dion\u00fdz Andr\u00e1\u0161i<\/strong> (Andr\u00e1ssy) (*1835 \u2013 \u20201913), ktor\u00fd dal bane do pren\u00e1jmu.<\/p>\n<h2 dir=\"auto\"><span style=\"color: #800000;\">Kto prev\u00e1dzkoval bane po gr\u00f3fovi Andr\u00e1\u0161im?<\/span><\/h2>\n<p dir=\"auto\">Prv\u00fdm n\u00e1jomn\u00edkom bola spolo\u010dnos\u0165 Dernoi vasgy\u00e1r berlo tarsulat, od roku 1898 spolo\u010dnos\u0165 Unio a nakoniec do roku 1945 <strong>Rimamur\u00e1nska spolo\u010dnos\u0165<\/strong>. Rimamur\u00e1nska spolo\u010dnos\u0165 pokra\u010dovala v otv\u00e1rkov\u00fdch pr\u00e1cach na hlavnej \u017eile D\u00e9nes.<\/p>\n<h2 dir=\"auto\"><span style=\"color: #800000;\">Ako sa vyv\u00edjala \u0165a\u017eba v 20. storo\u010d\u00ed?<\/span><\/h2>\n<p dir=\"auto\">Po\u010das I. svetovej vojny sa rozvoj \u0165a\u017eby spomalil. Roku 1929 bola zriaden\u00e1 samostatn\u00e1 z\u00e1vodn\u00e1 spr\u00e1va a ba\u0148a v Drnave sa stala samostatnou organiza\u010dnou jednotkou. V roku 1935 sa za\u010dala \u0165a\u017eba na lo\u017eisku D\u00e9nes. Po roku 1942 sa dedi\u010dn\u00e1 <strong>\u0161t\u00f4l\u0148a Dion\u00fdz<\/strong> v Drnave spojila \u00fazkoko\u013eajovou \u017eeleznicou s lo\u017eiskom na Malom vrchu, odkia\u013e sa na dopravu rudy do \u00fapravn\u00ed v Ro\u017e\u0148avskej Bani vybudovala 7,5 km dlh\u00e1 lanovkov\u00e1 dr\u00e1ha. V roku 1945 boli bane pri\u010dlenen\u00e9 k n\u00e1rodn\u00e9mu podniku <strong>\u017delezorudn\u00e9 bane<\/strong>. \u0164a\u017eba \u017eelezn\u00fdch r\u00fad a barytu na Malom vrchu bola ukon\u010den\u00e1 v roku 1969 a \u0165a\u017eba sideritu v Drnave v roku 1974.<\/p>\n<h2 dir=\"auto\"><span style=\"color: #800000;\">\u010co sa zachovalo zo <strong>\u0160t\u00f4lne Dion\u00fdz<\/strong> dodnes?<\/span><\/h2>\n<p dir=\"auto\">Zauj\u00edmav\u00fd je dodnes zachovan\u00fd port\u00e1l dedi\u010dnej <strong>\u0161t\u00f4lne Dion\u00fdz<\/strong>. Pred \u0161t\u00f4l\u0148ou sa nach\u00e1dza pr\u00edjemn\u00e1 oddychov\u00e1 z\u00f3na s alt\u00e1nkom, mal\u00fdm jazierkom, lavi\u010dkami a ohniskom \u2013 ide\u00e1lne miesto na oddych po prech\u00e1dzke.<\/p>\n<h2 dir=\"auto\"><span style=\"color: #800000;\">Ako dlho trv\u00e1 cesta k port\u00e1lu <strong>\u0160t\u00f4lne Dion\u00fdz<\/strong>?<\/span><\/h2>\n<p dir=\"auto\">Cesta k samotn\u00e9mu port\u00e1lu <strong>\u0161t\u00f4lne Dion\u00fdz<\/strong> trv\u00e1 pribli\u017ene 10 min\u00fat pohodlnou ch\u00f4dzou.<\/p>\n<h2 dir=\"auto\"><span style=\"color: #800000;\">Ako sa dosta\u0165 k <strong>\u0160t\u00f4lni Dion\u00fdz<\/strong>?<\/span><\/h2>\n<p dir=\"auto\">Ku tejto technickej pamiatke vedie zna\u010den\u00fd n\u00e1u\u010dn\u00fd chodn\u00edk Poklady Drnavy. Taktie\u017e sa sem m\u00f4\u017eete dosta\u0165 <strong>elektrobicyklom<\/strong>, ktor\u00fd si m\u00f4\u017eete po\u017ei\u010da\u0165 v Po\u017ei\u010dovni elektrobicyklov v Drnave.<\/p>\n<h2><span style=\"color: #800000;\">Fotogal\u00e9ria<\/span><\/h2>\n<style type=\"text\/css\">\n#foogallery-gallery-28822 .fg-image { width: 200px; }<\/style>\n\t\t\t<div class=\"foogallery foogallery-container foogallery-carousel foogallery-lightbox-foogallery fg-carousel fg-ready fg-light fg-border-medium fg-round-small fg-shadow-medium fg-loading-default fg-loaded-fade-in fg-hover-semi-zoomed fg-hover-fade fg-hover-circle-plus2\" id=\"foogallery-gallery-28822\" data-foogallery=\"{&quot;item&quot;:{&quot;showCaptionTitle&quot;:true,&quot;showCaptionDescription&quot;:true},&quot;lazy&quot;:true,&quot;template&quot;:{&quot;maxItems&quot;:5,&quot;scale&quot;:0.11999999999999999555910790149937383830547332763671875,&quot;gutter&quot;:{&quot;min&quot;:-40,&quot;max&quot;:-20,&quot;unit&quot;:&quot;%&quot;},&quot;autoplay&quot;:{&quot;time&quot;:0,&quot;interaction&quot;:&quot;pause&quot;},&quot;centerOnClick&quot;:true,&quot;align&quot;:&quot;center&quot;,&quot;activePosition&quot;:&quot;center&quot;}}\" data-foogallery-lightbox=\"{&quot;thumbs&quot;:&quot;bottom&quot;,&quot;thumbsCaptions&quot;:false,&quot;thumbsBestFit&quot;:false,&quot;thumbsSmall&quot;:false,&quot;thumbsCaptionsAlign&quot;:&quot;default&quot;,&quot;info&quot;:&quot;bottom&quot;,&quot;infoVisible&quot;:true,&quot;infoOverlay&quot;:true,&quot;infoAlign&quot;:&quot;default&quot;,&quot;transition&quot;:&quot;fade&quot;,&quot;hoverButtons&quot;:false,&quot;fitMedia&quot;:false,&quot;noScrollbars&quot;:true,&quot;preserveButtonSpace&quot;:true,&quot;buttons&quot;:{&quot;fullscreen&quot;:true,&quot;info&quot;:true,&quot;thumbs&quot;:false},&quot;video&quot;:{&quot;autoPlay&quot;:true}}\" style=\"--fg-title-line-clamp: 0; --fg-description-line-clamp: 0;\" >\n\t<button type=\"button\" class=\"fg-carousel-prev\" title=\"Previous\"><\/button>\n\t<div class=\"fg-carousel-inner\">\n\t\t<div class=\"fg-carousel-center\"><\/div>\n\t\t<div class=\"fg-item fg-type-image fg-idle\"><figure class=\"fg-item-inner\"><a href=\"https:\/\/www.slovensky-kras.eu\/info\/wp-content\/uploads\/2020\/06\/denes.jpg\" data-caption-title=\"\u0160t\u00f4l\u0148a Dion\u00fdz (D\u00e9nes) v Drnave - Autor fotografie: Mgr. Anton Medvec\" data-attachment-id=\"17449\" data-type=\"image\" class=\"fg-thumb\"><span class=\"fg-image-wrap\"><img decoding=\"async\" alt=\"\u0160t\u00f4l\u0148a Dion\u00fdz (D\u00e9nes) v Drnave - Autor fotografie: Mgr. Anton Medvec\" title=\"\u0160t\u00f4l\u0148a Dion\u00fdz (D\u00e9nes) v Drnave - Autor fotografie: Mgr. Anton Medvec\" width=\"200\" height=\"200\" class=\"skip-lazy fg-image\" data-src-fg=\"https:\/\/www.slovensky-kras.eu\/info\/wp-content\/uploads\/cache\/2020\/06\/denes\/816442620.jpg\" src=\"data:image\/svg+xml,%3Csvg%20xmlns%3D%22http%3A%2F%2Fwww.w3.org%2F2000%2Fsvg%22%20width%3D%22200%22%20height%3D%22200%22%20viewBox%3D%220%200%20200%20200%22%3E%3C%2Fsvg%3E\" loading=\"eager\"><\/span><span class=\"fg-image-overlay\"><\/span><\/a><figcaption class=\"fg-caption\"><div class=\"fg-caption-inner\"><div class=\"fg-caption-title\">\u0160t\u00f4l\u0148a Dion\u00fdz (D\u00e9nes) v Drnave - Autor fotografie: Mgr. Anton Medvec<\/div><\/div><\/figcaption><\/figure><div class=\"fg-loader\"><\/div><\/div><div class=\"fg-item fg-type-image fg-idle\"><figure class=\"fg-item-inner\"><a href=\"https:\/\/www.slovensky-kras.eu\/info\/wp-content\/uploads\/2021\/11\/denes.jpg\" data-caption-title=\"\u0160t\u00f4l\u0148a Dion\u00fdz (D\u00e9nes) v Drnave - Autor fotografie: Mgr. Anton Medvec\" data-attachment-id=\"21113\" data-type=\"image\" class=\"fg-thumb\"><span class=\"fg-image-wrap\"><img decoding=\"async\" alt=\"\u0160t\u00f4l\u0148a Dion\u00fdz (D\u00e9nes) v Drnave - Autor fotografie: Mgr. Anton Medvec\" title=\"\u0160t\u00f4l\u0148a Dion\u00fdz (D\u00e9nes) v Drnave - Autor fotografie: Mgr. Anton Medvec\" width=\"200\" height=\"200\" class=\"skip-lazy fg-image\" data-src-fg=\"https:\/\/www.slovensky-kras.eu\/info\/wp-content\/uploads\/cache\/2021\/11\/denes\/1106035019.jpg\" src=\"data:image\/svg+xml,%3Csvg%20xmlns%3D%22http%3A%2F%2Fwww.w3.org%2F2000%2Fsvg%22%20width%3D%22200%22%20height%3D%22200%22%20viewBox%3D%220%200%20200%20200%22%3E%3C%2Fsvg%3E\" loading=\"eager\"><\/span><span class=\"fg-image-overlay\"><\/span><\/a><figcaption class=\"fg-caption\"><div class=\"fg-caption-inner\"><div class=\"fg-caption-title\">\u0160t\u00f4l\u0148a Dion\u00fdz (D\u00e9nes) v Drnave - Autor fotografie: Mgr. Anton Medvec<\/div><\/div><\/figcaption><\/figure><div class=\"fg-loader\"><\/div><\/div><div class=\"fg-item fg-type-image fg-idle\"><figure class=\"fg-item-inner\"><a href=\"https:\/\/www.slovensky-kras.eu\/info\/wp-content\/uploads\/2020\/12\/bana-dionyz.jpg\" data-attachment-id=\"18679\" data-type=\"image\" class=\"fg-thumb\"><span class=\"fg-image-wrap\"><img decoding=\"async\" width=\"200\" height=\"200\" class=\"skip-lazy fg-image\" data-src-fg=\"https:\/\/www.slovensky-kras.eu\/info\/wp-content\/uploads\/cache\/2020\/12\/bana-dionyz\/1114456896.jpg\" src=\"data:image\/svg+xml,%3Csvg%20xmlns%3D%22http%3A%2F%2Fwww.w3.org%2F2000%2Fsvg%22%20width%3D%22200%22%20height%3D%22200%22%20viewBox%3D%220%200%20200%20200%22%3E%3C%2Fsvg%3E\" loading=\"eager\"><\/span><span class=\"fg-image-overlay\"><\/span><\/a><\/figure><div class=\"fg-loader\"><\/div><\/div>\t<\/div>\n\t<div class=\"fg-carousel-bottom\"><\/div>\n\t<div class=\"fg-carousel-progress\"><\/div>\n\t<button type=\"button\" class=\"fg-carousel-next\" title=\"Next\"><\/button>\n<\/div>\n<h3><span style=\"color: #808000;\">Bl\u00edzke stredisko, turistick\u00e9 centrum, obec alebo mesto:<\/span><\/h3>\n<ul>\n<li><a href=\"http:\/\/www.slovensky-kras.eu\/info\/strediska-a-centra\/obec-drnava\/\">Obec Drnava (\u010d\u00edtaj viac&#8230;)<\/a><\/li>\n<\/ul>\n<h2><span style=\"color: #800000;\">Mapy<\/span><\/h2>\n<p><strong>Vrstvy: <\/strong>Turistick\u00e1 mapa, Automapa, Cyklomapa, Ly\u017eiarska mapa, Satelitn\u00e1 mapa a OpenStreetMap.<\/p>\n<p><strong>Kliknut\u00edm na logo &#8222;Freemap.sk&#8220; sa V\u00e1m mapa zobraz\u00ed na celej ploche obrazovky.<\/strong><\/p>\n<p><iframe style=\"width: 900px; height: 600px; border: 0;\" src=\"https:\/\/www.freemap.sk\/?map=14\/48.640651\/20.658975&amp;info-point=48.640651\/20.658975,Obec Drnava&amp;layers=X&amp;embed=search\" allowfullscreen=\"allowfullscreen\"><span data-mce-type=\"bookmark\" style=\"display: inline-block; width: 0px; overflow: hidden; line-height: 0;\" class=\"mce_SELRES_start\">\ufeff<\/span><\/iframe><\/p>\n<h2><span style=\"color: #800000;\">Po\u010dasie<\/span><\/h2>\n<p><iframe style=\"width: 900px; height: 609px;\" src=\"https:\/\/www.meteoblue.com\/sk\/po%C4%8Dasie\/widget\/three\/drnava_slovensk%c3%a1-republika_724863?geoloc=fixed&amp;nocurrent=0&amp;noforecast=0&amp;days=6&amp;tempunit=CELSIUS&amp;windunit=KILOMETER_PER_HOUR&amp;layout=image\" frameborder=\"0\" scrolling=\"NO\" sandbox=\"allow-same-origin allow-scripts allow-popups allow-popups-to-escape-sandbox\"><span data-mce-type=\"bookmark\" style=\"display: inline-block; width: 0px; overflow: hidden; line-height: 0;\" class=\"mce_SELRES_start\">\ufeff<\/span><\/iframe><\/p>\n<div><!-- DO NOT REMOVE THIS LINK --><a href=\"https:\/\/www.meteoblue.com\/sk\/po%C4%8Dasie\/predpove%C4%8F\/t%C3%BD%C5%BEde%C5%88\/drnava_slovensk%c3%a1-republika_724863?utm_source=weather_widget&amp;utm_medium=linkus&amp;utm_content=three&amp;utm_campaign=Weather%2BWidget\" target=\"_blank\" rel=\"noopener noreferrer\">meteoblue<\/a><\/div>\n<p><strong>Ot\u00e1zka pre JazykovaPoradna.sk: <\/strong><br \/>\nAko sa spr\u00e1vne p\u00ed\u0161e rod P\u00e1lffyovcov? Pre\u0161lo v poslednom \u010dase nejak\u00fdmi pravopisn\u00fdmi zmenami aj p\u00edsanie in\u00fdch mien, napr. Eszterh\u00e1zyovci, Zichyovci?<\/p>\n<p><strong>Odpove\u010f:<\/strong><\/p>\n<p>V 80. rokoch minul\u00e9ho storo\u010dia sa prijali z\u00e1sady p\u00edsania mien os\u00f4b vystupuj\u00facich v uhorskom obdob\u00ed slovensk\u00fdch dej\u00edn do roku 1918, ktor\u00e9 boli vypracovan\u00e9 v s\u00falade so z\u00e1vermi komisie pre historick\u00fa terminol\u00f3giu pri Historickom \u00fastave SAV. M\u00f4\u017eete si ich pre\u010d\u00edta\u0165 v Pravidl\u00e1ch slovensk\u00e9ho pravopisu (2000) v kapitole P\u00edsanie historick\u00fdch osobn\u00fdch mien z uhorsk\u00e9ho obdobia slovensk\u00fdch dej\u00edn. Pravidl\u00e1 slovensk\u00e9ho pravopisu s\u00fa spr\u00edstupnen\u00e9 aj v elektronickej verzii na str\u00e1nke Jazykovedn\u00e9ho \u00fastavu \u013d. \u0160t\u00fara SAV <a href=\"http:\/\/www.juls.savba.sk\/pravidla_sloven_pravopisu.html\" target=\"_blank\" rel=\"noopener noreferrer\">http:\/\/www.juls.savba.sk\/pravidla_sloven_pravopisu.html<\/a> (zvo\u013ete textov\u00fa \u010das\u0165). Priezvisko P\u00e1lffy\/P\u00e1lffi sa pod\u013ea z\u00e1sad slovensk\u00e9ho prepisu p\u00ed\u0161e P\u00e1lfi, tak\u017ee pomenovanie rodu m\u00e1 podobu rod P\u00e1lfiovcov a rodinn\u00e9 pomenovanie je P\u00e1lfiovci. Podobne je to pri men\u00e1ch Eszterh\u00e1zy a Zichy, ktor\u00e9 sa pod\u013ea spom\u00ednan\u00fdch z\u00e1sad p\u00ed\u0161u Esterh\u00e1zi a Zi\u010di. Rodinn\u00e9 pomenovanie m\u00e1 podobu Esterh\u00e1ziovci, Zi\u010diovci.<br \/>\n<strong>Zdroj inform\u00e1ci\u00ed:<\/strong> <a href=\"http:\/\/jazykovaporadna.sme.sk\/q\/4965\/#axzz4hOkYiI9I\" target=\"_blank\" rel=\"noopener noreferrer\">http:\/\/jazykovaporadna.sme.sk\/q\/4965\/#axzz4hOkYiI9I<\/a><\/p>\n<p><strong><br \/>\nOt\u00e1zka pre jazykov\u00fa porad\u0148u (Jazykovedn\u00fd \u00fastav \u013dudov\u00edta \u0160t\u00fara)<\/strong><\/p>\n<p>Ak potrebujete z\u00edska\u0165 odpove\u010f v kr\u00e1tkom \u010dase, odpor\u00fa\u010dame v\u00e1m vyu\u017ei\u0165 mo\u017enos\u0165 telefonickej konzult\u00e1cie na telef\u00f3nnom \u010d\u00edsle +421 2 54431761-2 v pracovn\u00fdch d\u0148och od 8.00 do 11.00 hodiny.<br \/>\n<strong><br \/>\nV pr\u00edpade technick\u00fdch probl\u00e9mov:<\/strong> <a href=\"mailto:jazykovaporadna@smeonline.sk\" target=\"_blank\" rel=\"noopener noreferrer\">jazykovaporadna@smeonline.sk<\/a><\/p>\n<p><strong>\u010c\u00edtajte viac:<\/strong> <a href=\"http:\/\/jazykovaporadna.sme.sk\/question\/add\/#axzz4hOkYiI9I\" target=\"_blank\" rel=\"noopener noreferrer\">http:\/\/jazykovaporadna.sme.sk\/question\/add\/#axzz4hOkYiI9I<\/a><\/p>\n","protected":false},"excerpt":{"rendered":"<p>Menu: Podkateg\u00f3ria: \u010co je \u0160t\u00f4l\u0148a Dion\u00fdz a pre\u010do by ste ju mali nav\u0161t\u00edvi\u0165? \u0160t\u00f4l\u0148a Dion\u00fdz je jednou z najzachovalej\u0161\u00edch technick\u00fdch pamiatok ban\u00edctva na Gemeri a patr\u00ed medzi najv\u00fdznamnej\u0161ie historick\u00e9 \u017eelezorudn\u00e9 [&hellip;]<\/p>\n","protected":false},"author":1,"featured_media":21113,"parent":15,"menu_order":0,"comment_status":"closed","ping_status":"open","template":"","meta":{"_uag_custom_page_level_css":"","footnotes":""},"class_list":["post-680","page","type-page","status-publish","has-post-thumbnail","hentry"],"featured_image_src":"https:\/\/www.slovensky-kras.eu\/info\/wp-content\/uploads\/2021\/11\/denes.jpg","featured_image_src_square":"https:\/\/www.slovensky-kras.eu\/info\/wp-content\/uploads\/2021\/11\/denes.jpg","rbea_author_info":{"display_name":"admin","author_link":"https:\/\/www.slovensky-kras.eu\/info\/author\/admin\/"},"rbea_excerpt_info":"Menu: Podkateg\u00f3ria: \u010co je \u0160t\u00f4l\u0148a Dion\u00fdz a pre\u010do by ste ju mali nav\u0161t\u00edvi\u0165? \u0160t\u00f4l\u0148a Dion\u00fdz je jednou z najzachovalej\u0161\u00edch technick\u00fdch pamiatok ban\u00edctva na Gemeri a patr\u00ed medzi najv\u00fdznamnej\u0161ie historick\u00e9 \u017eelezorudn\u00e9 [&hellip;]","uagb_featured_image_src":{"full":["https:\/\/www.slovensky-kras.eu\/info\/wp-content\/uploads\/2021\/11\/denes.jpg",1000,582,false],"thumbnail":["https:\/\/www.slovensky-kras.eu\/info\/wp-content\/uploads\/2021\/11\/denes-150x150.jpg",150,150,true],"medium":["https:\/\/www.slovensky-kras.eu\/info\/wp-content\/uploads\/2021\/11\/denes-800x466.jpg",800,466,true],"medium_large":["https:\/\/www.slovensky-kras.eu\/info\/wp-content\/uploads\/2021\/11\/denes-768x447.jpg",768,447,true],"large":["https:\/\/www.slovensky-kras.eu\/info\/wp-content\/uploads\/2021\/11\/denes.jpg",1000,582,false],"1536x1536":["https:\/\/www.slovensky-kras.eu\/info\/wp-content\/uploads\/2021\/11\/denes.jpg",1000,582,false],"2048x2048":["https:\/\/www.slovensky-kras.eu\/info\/wp-content\/uploads\/2021\/11\/denes.jpg",1000,582,false]},"uagb_author_info":{"display_name":"admin","author_link":"https:\/\/www.slovensky-kras.eu\/info\/author\/admin\/"},"uagb_comment_info":0,"uagb_excerpt":"Menu: Podkateg\u00f3ria: \u010co je \u0160t\u00f4l\u0148a Dion\u00fdz a pre\u010do by ste ju mali nav\u0161t\u00edvi\u0165? \u0160t\u00f4l\u0148a Dion\u00fdz je jednou z najzachovalej\u0161\u00edch technick\u00fdch pamiatok ban\u00edctva na Gemeri a patr\u00ed medzi najv\u00fdznamnej\u0161ie historick\u00e9 \u017eelezorudn\u00e9 [&hellip;]","_links":{"self":[{"href":"https:\/\/www.slovensky-kras.eu\/info\/wp-json\/wp\/v2\/pages\/680","targetHints":{"allow":["GET"]}}],"collection":[{"href":"https:\/\/www.slovensky-kras.eu\/info\/wp-json\/wp\/v2\/pages"}],"about":[{"href":"https:\/\/www.slovensky-kras.eu\/info\/wp-json\/wp\/v2\/types\/page"}],"author":[{"embeddable":true,"href":"https:\/\/www.slovensky-kras.eu\/info\/wp-json\/wp\/v2\/users\/1"}],"replies":[{"embeddable":true,"href":"https:\/\/www.slovensky-kras.eu\/info\/wp-json\/wp\/v2\/comments?post=680"}],"version-history":[{"count":15,"href":"https:\/\/www.slovensky-kras.eu\/info\/wp-json\/wp\/v2\/pages\/680\/revisions"}],"predecessor-version":[{"id":28824,"href":"https:\/\/www.slovensky-kras.eu\/info\/wp-json\/wp\/v2\/pages\/680\/revisions\/28824"}],"up":[{"embeddable":true,"href":"https:\/\/www.slovensky-kras.eu\/info\/wp-json\/wp\/v2\/pages\/15"}],"wp:featuredmedia":[{"embeddable":true,"href":"https:\/\/www.slovensky-kras.eu\/info\/wp-json\/wp\/v2\/media\/21113"}],"wp:attachment":[{"href":"https:\/\/www.slovensky-kras.eu\/info\/wp-json\/wp\/v2\/media?parent=680"}],"curies":[{"name":"wp","href":"https:\/\/api.w.org\/{rel}","templated":true}]}}