{"id":654,"date":"2013-06-29T19:57:15","date_gmt":"2013-06-29T17:57:15","guid":{"rendered":"http:\/\/www.slovensky-kras.eu\/info\/?page_id=654"},"modified":"2020-12-04T04:51:21","modified_gmt":"2020-12-04T03:51:21","slug":"kostol-narodenia-panny-marie-v-medzeve","status":"publish","type":"page","link":"https:\/\/www.slovensky-kras.eu\/info\/kam-za-pamiatkami\/kostol-narodenia-panny-marie-v-medzeve\/","title":{"rendered":"Kostol narodenia Panny M\u00e1rie v Medzeve"},"content":{"rendered":"<p><strong>Menu: <\/strong><a href=\"http:\/\/www.slovensky-kras.eu\/info\/\" class=\"su-button su-button-style-default\" style=\"color:#000000;background-color:#FFCF2F;border-color:#cca626;border-radius:5px\" target=\"_self\"><span style=\"color:#000000;padding:6px 16px;font-size:13px;line-height:20px;border-color:#ffde6e;border-radius:5px;text-shadow:none\"><i class=\"sui sui-arrow-right\" style=\"font-size:13px;color:#000000\"><\/i>  \u00davod \/ Aktuality <\/span><\/a>\n<a href=\"http:\/\/www.slovensky-kras.eu\/info\/kam-za-pamiatkami\/\" class=\"su-button su-button-style-default\" style=\"color:#000000;background-color:#FFCF2F;border-color:#cca626;border-radius:5px\" target=\"_self\"><span style=\"color:#000000;padding:6px 16px;font-size:13px;line-height:20px;border-color:#ffde6e;border-radius:5px;text-shadow:none\"><i class=\"sui sui-arrow-right\" style=\"font-size:13px;color:#000000\"><\/i>  Kam za pamiatkami <\/span><\/a>\n<div class=\"su-divider su-divider-style-default\" style=\"margin:15px 0;border-width:0px;border-color:#000000\"><\/div>\n<strong>Podkateg\u00f3ria: <\/strong> <a href=\"http:\/\/www.slovensky-kras.eu\/info\/kam-za-pamiatkami\/nabozenske-pamiatky\/\" class=\"su-button su-button-style-default\" style=\"color:#000000;background-color:#afd144;border-color:#8ca837;border-radius:5px\" target=\"_self\"><span style=\"color:#000000;padding:6px 16px;font-size:13px;line-height:20px;border-color:#c7df7d;border-radius:5px;text-shadow:none\"><i class=\"sui sui-arrow-right\" style=\"font-size:13px;color:#000000\"><\/i>  N\u00e1bo\u017eensk\u00e9 pamiatky <\/span><\/a>\n<div class=\"su-divider su-divider-style-default\" style=\"margin:15px 0;border-width:2px;border-color:#000000\"><\/div>\n<h3><span style=\"color: #808000;\">V\u0161eobecn\u00e9 inform\u00e1cie<\/span><\/h3>\n<p>P\u00f4vodne gotick\u00fd kostol zo za\u010diatku 15. storo\u010dia sa nach\u00e1dza priamo v centre na Mari\u00e1nskom n\u00e1mest\u00ed v Medzeve.<\/p>\n<figure id=\"attachment_18495\" aria-describedby=\"caption-attachment-18495\" style=\"width: 800px\" class=\"wp-caption aligncenter\"><a href=\"http:\/\/www.slovensky-kras.eu\/info\/wp-content\/uploads\/2020\/12\/medzev.jpg\"><img loading=\"lazy\" decoding=\"async\" class=\"wp-image-18495 size-full\" src=\"http:\/\/www.slovensky-kras.eu\/info\/wp-content\/uploads\/2020\/12\/medzev.jpg\" alt=\"\" width=\"800\" height=\"533\" srcset=\"https:\/\/www.slovensky-kras.eu\/info\/wp-content\/uploads\/2020\/12\/medzev.jpg 800w, https:\/\/www.slovensky-kras.eu\/info\/wp-content\/uploads\/2020\/12\/medzev-768x512.jpg 768w\" sizes=\"auto, (max-width: 800px) 100vw, 800px\" \/><\/a><figcaption id=\"caption-attachment-18495\" class=\"wp-caption-text\">kostol narodenia Panny M\u00e1rie<\/figcaption><\/figure>\n<p>Prv\u00e1 &#8222;barokov\u00e1&#8220; prestavba na kostole bola v rokoch 1732 a\u017e 1735.<\/p>\n<p>V roku 1891 kostol zachv\u00e1til ve\u013ek\u00fd po\u017eiar, po ktorom nastali \u010fal\u0161ie stavebn\u00e9 \u00fapravy.<\/p>\n<p>Prestavby mali za n\u00e1sledok, \u017ee z gotiky sa zachovalo len polygon\u00e1lne presbyt\u00e9rium zo za\u010diatku 15. storo\u010dia a vz\u00e1cna kamenn\u00e1 gotick\u00e1 krstite\u013enica.<\/p>\n<p>Ve\u017ea v stredoveku nebola s\u00fa\u010das\u0165ou kostola.<\/p>\n<p>Ta sa stala s\u00fa\u010das\u0165ou kostola v 18. storo\u010d\u00ed, kedy bola obklopen\u00e1 bo\u010dn\u00fdmi pr\u00edstavbami .<\/p>\n<p>Pri re\u0161taurovan\u00ed na konci 19. storo\u010dia ve\u017eu e\u0161te doplnili drevenou neorenesan\u010dnou pavla\u010dou a zastre\u0161ili laternovou kupolou, ktor\u00fa uzatv\u00e1ra vysok\u00fd ihlan.<\/p>\n<p>Najstar\u0161ou s\u00fa\u010das\u0165ou interi\u00e9ru tejto dominanty mesta je kamenn\u00e1 krstite\u013enica z konca 17. storo\u010dia a fresky dvan\u00e1stich apo\u0161tolov na ch\u00f3re.<\/p>\n<p>Kostol zvy\u010dajne b\u00fdva otvoren\u00fd po\u010das cel\u00e9ho d\u0148a.<\/p>\n<h3><span style=\"color: #808000;\">Kontakt<\/span><\/h3>\n<p><strong>Kostol narodenia Panny M\u00e1rie<\/strong><br \/>\nMari\u00e1nske N\u00e1mestie 36,<br \/>\n04425 Ni\u017en\u00fd Medzev<br \/>\n<strong>Tel.:<\/strong> 055\/4663155<\/p>\n<h3><span style=\"color: #808000;\">Pravideln\u00e9 bohoslu\u017eby<\/span><\/h3>\n<p><strong>Nede\u013ea: <\/strong>9:00 (nemecky), 10:30<br \/>\n<strong>Sviatok v de\u0148 prac. pokoja:<\/strong> 9:00 (nemecky), 10:30<\/p>\n<h3><span style=\"color: #808000;\">Bl\u00edzke stredisko, turistick\u00e9 centrum, obec alebo mesto:<\/span><\/h3>\n<ul>\n<li><a href=\"http:\/\/www.slovensky-kras.eu\/info\/strediska-a-centra\/mesto-medzev\/\">Mesto Medzev (\u010d\u00edtaj viac&#8230;)<\/a><\/li>\n<\/ul>\n<h3><span style=\"color: #808000;\">Mapy<\/span><\/h3>\n<p><strong>Vrstvy: <\/strong>Turistick\u00e1 mapa, Automapa, Cyklomapa, Ly\u017eiarska mapa, Satelitn\u00e1 mapa a OpenStreetMap.<\/p>\n<p><strong>Kliknut\u00edm na logo &#8222;Freemap.sk&#8220; sa V\u00e1m mapa zobraz\u00ed na celej ploche obrazovky.<\/strong><\/p>\n<p><iframe style=\"width: 800px; height: 600px; border: 0;\" src=\"https:\/\/www.freemap.sk\/?map=14\/48.700110\/20.892692&amp;info-point=48.700110\/20.892692,Kostol narodenia Panny M\u00e1rie v Medzeve&amp;layers=T&amp;embed=search\" allowfullscreen=\"allowfullscreen\"><\/iframe><\/p>\n<h3><span style=\"color: #808000;\">Po\u010dasie<\/span><\/h3>\n<p><iframe style=\"width: 800px; height: 609px;\" src=\"https:\/\/www.meteoblue.com\/sk\/po%C4%8Dasie\/widget\/three\/medzev_slovensk%c3%a1-republika_724159?geoloc=fixed&amp;nocurrent=0&amp;noforecast=0&amp;days=6&amp;tempunit=CELSIUS&amp;windunit=KILOMETER_PER_HOUR&amp;layout=image\" frameborder=\"0\" scrolling=\"NO\" sandbox=\"allow-same-origin allow-scripts allow-popups allow-popups-to-escape-sandbox\"><span data-mce-type=\"bookmark\" style=\"display: inline-block; width: 0px; overflow: hidden; line-height: 0;\" class=\"mce_SELRES_start\">\ufeff<\/span><\/iframe><\/p>\n<div><!-- DO NOT REMOVE THIS LINK --><a href=\"https:\/\/www.meteoblue.com\/sk\/po%C4%8Dasie\/predpove%C4%8F\/t%C3%BD%C5%BEde%C5%88\/medzev_slovensk%c3%a1-republika_724159?utm_source=weather_widget&amp;utm_medium=linkus&amp;utm_content=three&amp;utm_campaign=Weather%2BWidget\" target=\"_blank\" rel=\"noopener noreferrer\">meteoblue<\/a><\/div>\n","protected":false},"excerpt":{"rendered":"<p>Menu: Podkateg\u00f3ria: V\u0161eobecn\u00e9 inform\u00e1cie P\u00f4vodne gotick\u00fd kostol zo za\u010diatku 15. storo\u010dia sa nach\u00e1dza priamo v centre na Mari\u00e1nskom n\u00e1mest\u00ed v Medzeve. Prv\u00e1 &#8222;barokov\u00e1&#8220; prestavba na kostole bola v rokoch 1732 [&hellip;]<\/p>\n","protected":false},"author":1,"featured_media":0,"parent":15,"menu_order":0,"comment_status":"closed","ping_status":"open","template":"","meta":{"_uag_custom_page_level_css":"","footnotes":""},"class_list":["post-654","page","type-page","status-publish","hentry"],"featured_image_src":"","featured_image_src_square":false,"rbea_author_info":{"display_name":"admin","author_link":"https:\/\/www.slovensky-kras.eu\/info\/author\/admin\/"},"rbea_excerpt_info":"Menu: Podkateg\u00f3ria: V\u0161eobecn\u00e9 inform\u00e1cie P\u00f4vodne gotick\u00fd kostol zo za\u010diatku 15. storo\u010dia sa nach\u00e1dza priamo v centre na Mari\u00e1nskom n\u00e1mest\u00ed v Medzeve. Prv\u00e1 &#8222;barokov\u00e1&#8220; prestavba na kostole bola v rokoch 1732 [&hellip;]","uagb_featured_image_src":{"full":false,"thumbnail":false,"medium":false,"medium_large":false,"large":false,"1536x1536":false,"2048x2048":false},"uagb_author_info":{"display_name":"admin","author_link":"https:\/\/www.slovensky-kras.eu\/info\/author\/admin\/"},"uagb_comment_info":0,"uagb_excerpt":"Menu: Podkateg\u00f3ria: V\u0161eobecn\u00e9 inform\u00e1cie P\u00f4vodne gotick\u00fd kostol zo za\u010diatku 15. storo\u010dia sa nach\u00e1dza priamo v centre na Mari\u00e1nskom n\u00e1mest\u00ed v Medzeve. Prv\u00e1 &#8222;barokov\u00e1&#8220; prestavba na kostole bola v rokoch 1732 [&hellip;]","_links":{"self":[{"href":"https:\/\/www.slovensky-kras.eu\/info\/wp-json\/wp\/v2\/pages\/654","targetHints":{"allow":["GET"]}}],"collection":[{"href":"https:\/\/www.slovensky-kras.eu\/info\/wp-json\/wp\/v2\/pages"}],"about":[{"href":"https:\/\/www.slovensky-kras.eu\/info\/wp-json\/wp\/v2\/types\/page"}],"author":[{"embeddable":true,"href":"https:\/\/www.slovensky-kras.eu\/info\/wp-json\/wp\/v2\/users\/1"}],"replies":[{"embeddable":true,"href":"https:\/\/www.slovensky-kras.eu\/info\/wp-json\/wp\/v2\/comments?post=654"}],"version-history":[{"count":5,"href":"https:\/\/www.slovensky-kras.eu\/info\/wp-json\/wp\/v2\/pages\/654\/revisions"}],"predecessor-version":[{"id":18501,"href":"https:\/\/www.slovensky-kras.eu\/info\/wp-json\/wp\/v2\/pages\/654\/revisions\/18501"}],"up":[{"embeddable":true,"href":"https:\/\/www.slovensky-kras.eu\/info\/wp-json\/wp\/v2\/pages\/15"}],"wp:attachment":[{"href":"https:\/\/www.slovensky-kras.eu\/info\/wp-json\/wp\/v2\/media?parent=654"}],"curies":[{"name":"wp","href":"https:\/\/api.w.org\/{rel}","templated":true}]}}