{"id":6536,"date":"2015-06-20T20:56:32","date_gmt":"2015-06-20T18:56:32","guid":{"rendered":"http:\/\/www.slovensky-kras.eu\/info\/?page_id=6536"},"modified":"2025-11-23T08:27:08","modified_gmt":"2025-11-23T07:27:08","slug":"strazna-veza-v-roznave","status":"publish","type":"page","link":"https:\/\/www.slovensky-kras.eu\/info\/kam-za-pamiatkami\/strazna-veza-v-roznave\/","title":{"rendered":"Str\u00e1\u017ena ve\u017ea v Ro\u017e\u0148ave"},"content":{"rendered":"<p><strong>Menu: <\/strong><a href=\"http:\/\/www.slovensky-kras.eu\/info\/\" class=\"su-button su-button-style-default\" style=\"color:#000000;background-color:#FFCF2F;border-color:#cca626;border-radius:5px\" target=\"_self\"><span style=\"color:#000000;padding:6px 16px;font-size:13px;line-height:20px;border-color:#ffde6e;border-radius:5px;text-shadow:none\"><i class=\"sui sui-arrow-right\" style=\"font-size:13px;color:#000000\"><\/i>  \u00davod \/ Aktuality <\/span><\/a>\n<a href=\"http:\/\/www.slovensky-kras.eu\/info\/kam-za-pamiatkami\/\" class=\"su-button su-button-style-default\" style=\"color:#000000;background-color:#FFCF2F;border-color:#cca626;border-radius:5px\" target=\"_self\"><span style=\"color:#000000;padding:6px 16px;font-size:13px;line-height:20px;border-color:#ffde6e;border-radius:5px;text-shadow:none\"><i class=\"sui sui-arrow-right\" style=\"font-size:13px;color:#000000\"><\/i>  Kam za pamiatkami <\/span><\/a>\n<div class=\"su-divider su-divider-style-default\" style=\"margin:15px 0;border-width:0px;border-color:#000000\"><\/div>\n<strong>Podkateg\u00f3ria: <\/strong> <a href=\"http:\/\/www.slovensky-kras.eu\/info\/kam-za-pamiatkami\/ostatne-pamiatky\/\" class=\"su-button su-button-style-default\" style=\"color:#000000;background-color:#afd144;border-color:#8ca837;border-radius:5px\" target=\"_self\"><span style=\"color:#000000;padding:6px 16px;font-size:13px;line-height:20px;border-color:#c7df7d;border-radius:5px;text-shadow:none\"><i class=\"sui sui-arrow-right\" style=\"font-size:13px;color:#000000\"><\/i>  Ostatn\u00e9 pamiatky <\/span><\/a>\n<div class=\"su-divider su-divider-style-default\" style=\"margin:15px 0;border-width:2px;border-color:#000000\"><\/div>\n<figure id=\"attachment_23732\" aria-describedby=\"caption-attachment-23732\" style=\"width: 900px\" class=\"wp-caption aligncenter\"><a href=\"https:\/\/www.slovensky-kras.eu\/info\/wp-content\/uploads\/2022\/09\/roznava4-strazna-veza.jpg\"><img loading=\"lazy\" decoding=\"async\" class=\"wp-image-23732\" src=\"https:\/\/www.slovensky-kras.eu\/info\/wp-content\/uploads\/2022\/09\/roznava4-strazna-veza-800x534.jpg\" alt=\"Str\u00e1\u017ena ve\u017ea v Ro\u017e\u0148ave\" width=\"900\" height=\"600\" srcset=\"https:\/\/www.slovensky-kras.eu\/info\/wp-content\/uploads\/2022\/09\/roznava4-strazna-veza-800x534.jpg 800w, https:\/\/www.slovensky-kras.eu\/info\/wp-content\/uploads\/2022\/09\/roznava4-strazna-veza-768x512.jpg 768w, https:\/\/www.slovensky-kras.eu\/info\/wp-content\/uploads\/2022\/09\/roznava4-strazna-veza.jpg 1000w\" sizes=\"auto, (max-width: 900px) 100vw, 900px\" \/><\/a><figcaption id=\"caption-attachment-23732\" class=\"wp-caption-text\">Str\u00e1\u017ena ve\u017ea v Ro\u017e\u0148ave<\/figcaption><\/figure>\n<div class=\"su-divider su-divider-style-default\" style=\"margin:15px 0;border-width:2px;border-color:#000000\"><\/div>\n<h2 class=\"ds-markdown-paragraph\"><span style=\"color: #800000;\">Pre\u010do je Str\u00e1\u017ena ve\u017ea v Ro\u017e\u0148ave tak\u00e1 v\u00fdnimo\u010dn\u00e1?<\/span><\/h2>\n<p class=\"ds-markdown-paragraph\"><strong>Str\u00e1\u017ena ve\u017ea v Ro\u017e\u0148ave<\/strong>\u00a0je neskororenesan\u010dn\u00e1 stavba, ktor\u00e1 str\u00e1\u017ei historick\u00e9 centrum mesta. Bola postaven\u00e1 ako s\u00fa\u010das\u0165 opevnenia po\u010das obdobia\u00a0<strong>tureckej hrozby<\/strong>\u00a0v rokoch 1643-1654, po\u010das vl\u00e1dy cis\u00e1ra Ferdinanda III. Habsbursk\u00e9ho (* 13. j\u00fal 1608, Graz \u2013 \u2020 2. apr\u00edl 1657, Viede\u0148). P\u00f4vodne bola s\u00fa\u010das\u0165ou starej\u00a0<strong>gotickej radnice<\/strong>. T\u00e1to\u00a0<strong>renesan\u010dn\u00e1 ve\u017ea<\/strong> bola postaven\u00e1 na mieste star\u0161ej gotickej stavby a pristaven\u00e1 k p\u00f4vodnej radnici, ktor\u00e1 st\u00e1la na mieste dne\u0161n\u00e9ho Kostola sv. Franti\u0161ka Xaversk\u00e9ho.<\/p>\n<h2 class=\"ds-markdown-paragraph\"><span style=\"color: #800000;\"><strong>Ak\u00e9 s\u00fa jej technick\u00e9 parametre a \u010do pon\u00faka n\u00e1v\u0161tevn\u00edkom?<\/strong><\/span><\/h2>\n<p class=\"ds-markdown-paragraph\">T\u00e1to\u00a0<strong>vyhliadkov\u00e1 ve\u017ea<\/strong>\u00a0je vysok\u00e1 37 metrov (dnes 36,5 m) a \u010dak\u00e1 na v\u00e1s na nej\u00a0<strong>\u0161irok\u00fd v\u00fdh\u013ead do okolia<\/strong>. Je spr\u00edstupnen\u00e1 turistom a pon\u00faka kr\u00e1sny v\u00fdh\u013ead na historick\u00e9\u00a0<strong>N\u00e1mestie ban\u00edkov<\/strong>\u00a0mesta Ro\u017e\u0148ava, ktor\u00e9 je \u0161tvorcov\u00e9ho tvaru a je z\u00e1rove\u0148\u00a0<strong>najv\u00e4\u010d\u0161\u00edm n\u00e1mest\u00edm na Slovensku<\/strong>.<\/p>\n<p class=\"ds-markdown-paragraph\">Z\u00a0<strong>pavla\u010de Str\u00e1\u017enej ve\u017ee<\/strong>\u00a0maj\u00fa n\u00e1v\u0161tevn\u00edci n\u00e1dhern\u00fd\u00a0<strong>v\u00fdh\u013ead na v\u0161etky pamiatky historick\u00e9ho jadra<\/strong>\u00a0Ro\u017e\u0148avy, na kalv\u00e1riu a na cel\u00e9 mesto a\u00a0<strong>Ro\u017e\u0148avsk\u00fa kotlinu<\/strong>. Aj v\u010faka ve\u017ei m\u00e1 Ro\u017e\u0148ava svoj slogan:\u00a0<strong>mesto s v\u00fdh\u013eadom<\/strong>. Po prekonan\u00ed\u00a0<strong>144 schodov<\/strong> \u010dak\u00e1 na n\u00e1v\u0161tevn\u00edka skuto\u010dne kr\u00e1sny v\u00fdh\u013ead na Ro\u017e\u0148avu.<\/p>\n<h2 class=\"ds-markdown-paragraph\"><span style=\"color: #800000;\">Ak\u00e9 historick\u00e9 prvky m\u00f4\u017eem na ve\u017ei vidie\u0165?<\/span><\/h2>\n<p class=\"ds-markdown-paragraph\">Na ju\u017enej fas\u00e1de ve\u017ee sa nach\u00e1dza\u00a0<strong>pam\u00e4tn\u00e1 tabu\u013ea<\/strong>\u00a0s datovan\u00edm stavby a erbom mesta. Nad tabu\u013eou sa nach\u00e1dza\u00a0<strong>uviaznut\u00e1 tureck\u00e1 delov\u00e1 gu\u013ea<\/strong>\u00a0ako autentick\u00e1 pamiatka na\u00a0<strong>tureck\u00e9 n\u00e1jazdy<\/strong>\u00a0v 17. storo\u010d\u00ed. Na v\u00fdchodnej strane ve\u017ee sa potom nach\u00e1dza p\u00f4vodn\u00e1\u00a0<strong>strie\u013e\u0148a<\/strong>.<\/p>\n<p class=\"ds-markdown-paragraph\">Na ju\u017enej fas\u00e1de s\u00fa svedkovia historick\u00e9ho v\u00fdvoja ve\u017ee \u2013 okrem pam\u00e4tnej tabule a delovej gule aj\u00a0<strong>slne\u010dn\u00e9 hodiny<\/strong>, ktor\u00e9 vyhotovil ro\u017e\u0148avsk\u00fd rod\u00e1k Juraj G\u00f6m\u00f6ri. Pam\u00e4tn\u00e1 tabu\u013ea je z \u010dias stavby ve\u017ee a zobrazuje dobov\u00fa podobu erbu mesta a men\u00e1 vtedaj\u0161\u00edch richt\u00e1rov. Delov\u00e1 gu\u013ea, ktor\u00e1 uviazla v m\u00fare ve\u017ee po\u010das tureck\u00fdch n\u00e1jazdov, je vidite\u013en\u00e1 ako iba\u00a0<strong>pologu\u013ea<\/strong>.<\/p>\n<h2 class=\"ds-markdown-paragraph\"><span style=\"color: #800000;\">Ako sa menila ve\u017ea v priebehu storo\u010d\u00ed?<\/span><\/h2>\n<p class=\"ds-markdown-paragraph\">V roku 1766 ve\u017ea vyhorela a po\u010das n\u00e1slednej opravy dostala svoju charakteristick\u00fa\u00a0<strong>barokov\u00fa \u0161ind\u013eov\u00fa strechu<\/strong>, ktor\u00e1 jej d\u00e1va dne\u0161n\u00fa podobu. Koncom 18. storo\u010dia bola\u00a0<strong>ochodza a strecha zrenovovan\u00e1 v barokovom \u0161t\u00fdle<\/strong>. Na \u00f4smom podla\u017e\u00ed ve\u017ee bola v minulosti mal\u00e1 miestnos\u0165 pre str\u00e1\u017ecu, ktor\u00fd mal z tohto strategick\u00e9ho miesta\u00a0<strong>ve\u013emi dobr\u00fd v\u00fdh\u013ead na v\u0161etky strany<\/strong>.<\/p>\n<p class=\"ds-markdown-paragraph\">Ve\u017ea pre\u0161la obnovou v roku 1997 a bola spr\u00edstupnen\u00e1 pre turistov ako vyhliadkov\u00e1. V mesiacoch september a\u017e december 2016 bola\u00a0<strong>Str\u00e1\u017ena ve\u017ea rekon\u0161truovan\u00e1<\/strong> \u2013 vymenila sa krytina na streche, bleskozvod, opravila sa ochodza a opad\u00e1vaj\u00faca r\u00edmsa pod ochodzou.<\/p>\n<h2 class=\"ds-markdown-paragraph\"><span style=\"color: #800000;\">\u010co robilo z tejto ve\u017ee unik\u00e1t v r\u00e1mci cel\u00e9ho Uhorska?<\/span><\/h2>\n<p class=\"ds-markdown-paragraph\"><strong>Str\u00e1\u017ena ve\u017ea Ro\u017e\u0148ava<\/strong>\u00a0je zn\u00e1ma t\u00fdm, \u017ee mala v svojej hist\u00f3rii\u00a0<strong>najpresnej\u0161ie hodiny v Uhorsku<\/strong>, \u010do sved\u010dilo o vysokej technickej vyspelosti mesta. Hodiny umiestnen\u00e9 na ve\u017ei sa od za\u010diatku svojej existencie pova\u017eovali za najpresnej\u0161ie v celom Uhorsku. P\u00f4vodn\u00e9 hodiny sa s\u00edce nezachovali, ale vo ve\u017ei vo v\u00fdklenku sa zachoval \u010fal\u0161\u00ed, dnes u\u017e nefunk\u010dn\u00fd\u00a0<strong>hodinov\u00fd stroj z roku 1858<\/strong>, ktor\u00fd je dnes len technickou pamiatkou.<\/p>\n<h2 class=\"ds-markdown-paragraph\"><span style=\"color: #800000;\">Ak\u00e9 s\u00fa s\u00fa\u010dasn\u00e9 mo\u017enosti n\u00e1v\u0161tevy a ak\u00e9 \u010fal\u0161ie prekvapenia ve\u017ea pon\u00faka?<\/span><\/h2>\n<p class=\"ds-markdown-paragraph\"><strong>Str\u00e1\u017enu ve\u017eu m\u00f4\u017eu turisti nav\u0161t\u00edvi\u0165 aj bez sprievodcu<\/strong>\u00a0po\u010das otv\u00e1rac\u00edch hod\u00edn Turisticko-informa\u010dnej kancel\u00e1rie (TIK) v Ro\u017e\u0148ave, ktor\u00e1 prehliadku zabezpe\u010duje. Jedn\u00fdm z p\u00f4vabn\u00fdch z\u00e1\u017eitkov je\u00a0<strong>zvonkohra z ve\u017ee<\/strong>, ktor\u00e1 rozozv\u00e1\u0148a centrum mesta ka\u017ed\u00fa cel\u00fa hodinu jemn\u00fdmi mel\u00f3diami.<\/p>\n<h2><span style=\"color: #800000;\">Otv\u00e1racie hodiny a kontakt:<\/span><\/h2>\n<ul>\n<li><a href=\"https:\/\/www.slovensky-kras.eu\/info\/novinky-na-straznej-vezi\/\" target=\"_blank\" rel=\"noopener\">Str\u00e1\u017ena ve\u017ea v Ro\u017e\u0148ave: Otv\u00e1racie hodiny a vstupn\u00e9 (\u010d\u00edtaj viac..)<\/a><\/li>\n<\/ul>\n<h2><span style=\"color: #800000;\">Fotogal\u00e9ria<\/span><\/h2>\n<style type=\"text\/css\">\n#foogallery-gallery-28921 .fg-image { width: 200px; }<\/style>\n\t\t\t<div class=\"foogallery foogallery-container foogallery-carousel foogallery-lightbox-foogallery fg-carousel fg-ready fg-light fg-border-medium fg-round-small fg-shadow-medium fg-loading-default fg-loaded-fade-in fg-hover-semi-zoomed fg-hover-fade fg-hover-circle-plus2\" id=\"foogallery-gallery-28921\" data-foogallery=\"{&quot;item&quot;:{&quot;showCaptionTitle&quot;:true,&quot;showCaptionDescription&quot;:true},&quot;lazy&quot;:true,&quot;template&quot;:{&quot;maxItems&quot;:5,&quot;scale&quot;:0.11999999999999999555910790149937383830547332763671875,&quot;gutter&quot;:{&quot;min&quot;:-40,&quot;max&quot;:-20,&quot;unit&quot;:&quot;%&quot;},&quot;autoplay&quot;:{&quot;time&quot;:0,&quot;interaction&quot;:&quot;pause&quot;},&quot;centerOnClick&quot;:true,&quot;align&quot;:&quot;center&quot;,&quot;activePosition&quot;:&quot;center&quot;}}\" data-foogallery-lightbox=\"{&quot;thumbs&quot;:&quot;bottom&quot;,&quot;thumbsCaptions&quot;:false,&quot;thumbsBestFit&quot;:false,&quot;thumbsSmall&quot;:false,&quot;thumbsCaptionsAlign&quot;:&quot;default&quot;,&quot;info&quot;:&quot;bottom&quot;,&quot;infoVisible&quot;:true,&quot;infoOverlay&quot;:true,&quot;infoAlign&quot;:&quot;default&quot;,&quot;transition&quot;:&quot;fade&quot;,&quot;hoverButtons&quot;:false,&quot;fitMedia&quot;:false,&quot;noScrollbars&quot;:true,&quot;preserveButtonSpace&quot;:true,&quot;buttons&quot;:{&quot;fullscreen&quot;:true,&quot;info&quot;:true,&quot;thumbs&quot;:false},&quot;video&quot;:{&quot;autoPlay&quot;:true}}\" style=\"--fg-title-line-clamp: 1; --fg-description-line-clamp: 2;\" >\n\t<button type=\"button\" class=\"fg-carousel-prev\" title=\"Previous\"><\/button>\n\t<div class=\"fg-carousel-inner\">\n\t\t<div class=\"fg-carousel-center\"><\/div>\n\t\t<div class=\"fg-item fg-type-image fg-idle\"><figure class=\"fg-item-inner\"><a href=\"https:\/\/www.slovensky-kras.eu\/info\/wp-content\/uploads\/2021\/12\/roznava-veza-old.jpg\" data-caption-title=\"Str\u00e1\u017ena ve\u017ea v Ro\u017e\u0148ave\" data-caption-desc=\"Str\u00e1\u017ena ve\u017ea v Ro\u017e\u0148ave - za\u010diatok 20. storo\u010dia\" data-attachment-id=\"21846\" data-type=\"image\" class=\"fg-thumb\"><span class=\"fg-image-wrap\"><img decoding=\"async\" alt=\"Str\u00e1\u017ena ve\u017ea v Ro\u017e\u0148ave\" title=\"Str\u00e1\u017ena ve\u017ea v Ro\u017e\u0148ave\" width=\"200\" height=\"200\" class=\"skip-lazy fg-image\" data-src-fg=\"https:\/\/www.slovensky-kras.eu\/info\/wp-content\/uploads\/cache\/2021\/12\/roznava-veza-old\/3204126085.jpg\" src=\"data:image\/svg+xml,%3Csvg%20xmlns%3D%22http%3A%2F%2Fwww.w3.org%2F2000%2Fsvg%22%20width%3D%22200%22%20height%3D%22200%22%20viewBox%3D%220%200%20200%20200%22%3E%3C%2Fsvg%3E\" loading=\"eager\"><\/span><span class=\"fg-image-overlay\"><\/span><\/a><figcaption class=\"fg-caption\"><div class=\"fg-caption-inner\"><div class=\"fg-caption-title\">Str\u00e1\u017ena ve\u017ea v Ro\u017e\u0148ave<\/div><div class=\"fg-caption-desc\">Str\u00e1\u017ena ve\u017ea v Ro\u017e\u0148ave - za\u010diatok 20. storo\u010dia<\/div><\/div><\/figcaption><\/figure><div class=\"fg-loader\"><\/div><\/div><div class=\"fg-item fg-type-image fg-idle\"><figure class=\"fg-item-inner\"><a href=\"https:\/\/www.slovensky-kras.eu\/info\/wp-content\/uploads\/2022\/09\/roznava4-strazna-veza.jpg\" data-caption-title=\"Str\u00e1\u017ena ve\u017ea v Ro\u017e\u0148ave\" data-caption-desc=\"Str\u00e1\u017ena ve\u017ea v Ro\u017e\u0148ave, Fotograf: Jozef Mare\u010dek (https:\/\/www.facebook.com\/jozef.marecek.94)\" data-attachment-id=\"23732\" data-type=\"image\" class=\"fg-thumb\"><span class=\"fg-image-wrap\"><img decoding=\"async\" alt=\"Str\u00e1\u017ena ve\u017ea v Ro\u017e\u0148ave\" title=\"Str\u00e1\u017ena ve\u017ea v Ro\u017e\u0148ave\" width=\"200\" height=\"200\" class=\"skip-lazy fg-image\" data-src-fg=\"https:\/\/www.slovensky-kras.eu\/info\/wp-content\/uploads\/cache\/2022\/09\/roznava4-strazna-veza\/1819715997.jpg\" src=\"data:image\/svg+xml,%3Csvg%20xmlns%3D%22http%3A%2F%2Fwww.w3.org%2F2000%2Fsvg%22%20width%3D%22200%22%20height%3D%22200%22%20viewBox%3D%220%200%20200%20200%22%3E%3C%2Fsvg%3E\" loading=\"eager\"><\/span><span class=\"fg-image-overlay\"><\/span><\/a><figcaption class=\"fg-caption\"><div class=\"fg-caption-inner\"><div class=\"fg-caption-title\">Str\u00e1\u017ena ve\u017ea v Ro\u017e\u0148ave<\/div><div class=\"fg-caption-desc\">Str\u00e1\u017ena ve\u017ea v Ro\u017e\u0148ave, Fotograf: Jozef Mare\u010dek (https:\/\/www.facebook.com\/jozef.marecek.94)<\/div><\/div><\/figcaption><\/figure><div class=\"fg-loader\"><\/div><\/div><div class=\"fg-item fg-type-image fg-idle\"><figure class=\"fg-item-inner\"><a href=\"https:\/\/www.slovensky-kras.eu\/info\/wp-content\/uploads\/2015\/06\/roznava.png\" data-caption-title=\"Str\u00e1\u017ena ve\u017ea v Ro\u017e\u0148ave\" data-caption-desc=\"Str\u00e1\u017ena ve\u017ea v Ro\u017e\u0148ave, v 19. storo\u010d\u00ed\" data-attachment-id=\"8482\" data-type=\"image\" class=\"fg-thumb\"><span class=\"fg-image-wrap\"><img decoding=\"async\" title=\"Str\u00e1\u017ena ve\u017ea v Ro\u017e\u0148ave\" width=\"200\" height=\"200\" class=\"skip-lazy fg-image\" data-src-fg=\"https:\/\/www.slovensky-kras.eu\/info\/wp-content\/uploads\/cache\/2015\/06\/roznava\/3375009240.png\" src=\"data:image\/svg+xml,%3Csvg%20xmlns%3D%22http%3A%2F%2Fwww.w3.org%2F2000%2Fsvg%22%20width%3D%22200%22%20height%3D%22200%22%20viewBox%3D%220%200%20200%20200%22%3E%3C%2Fsvg%3E\" loading=\"eager\"><\/span><span class=\"fg-image-overlay\"><\/span><\/a><figcaption class=\"fg-caption\"><div class=\"fg-caption-inner\"><div class=\"fg-caption-title\">Str\u00e1\u017ena ve\u017ea v Ro\u017e\u0148ave<\/div><div class=\"fg-caption-desc\">Str\u00e1\u017ena ve\u017ea v Ro\u017e\u0148ave, v 19. storo\u010d\u00ed<\/div><\/div><\/figcaption><\/figure><div class=\"fg-loader\"><\/div><\/div>\t<\/div>\n\t<div class=\"fg-carousel-bottom\"><\/div>\n\t<div class=\"fg-carousel-progress\"><\/div>\n\t<button type=\"button\" class=\"fg-carousel-next\" title=\"Next\"><\/button>\n<\/div>\n<h3><span style=\"color: #808000;\">Bl\u00edzke stredisko, turistick\u00e9 centrum, obec alebo mesto:<\/span><\/h3>\n<ul>\n<li><a href=\"http:\/\/www.slovensky-kras.eu\/info\/strediska-a-centra\/mesto-roznava\/\">Mesto Ro\u017e\u0148ava (\u010d\u00edtaj viac&#8230;)<\/a><\/li>\n<\/ul>\n<h2><span style=\"color: #800000;\">Mapy<\/span><\/h2>\n<p><strong>Kliknut\u00edm na logo &#8222;Freemap.sk&#8220; sa V\u00e1m mapa zobraz\u00ed na celej ploche obrazovky.<\/strong><\/p>\n<p><iframe style=\"width: 900px; height: 600px; border: 0;\" src=\"https:\/\/www.freemap.sk\/?map=16\/48.660285\/20.532954&amp;info-point=48.660285\/20.532954,Str\u00e1\u017ena ve\u017ea&amp;layers=X&amp;embed=search\" allowfullscreen=\"allowfullscreen\"><span data-mce-type=\"bookmark\" style=\"display: inline-block; width: 0px; overflow: hidden; line-height: 0;\" class=\"mce_SELRES_start\">\ufeff<\/span><\/iframe><\/p>\n<h2><span style=\"color: #800000;\">Po\u010dasie<\/span><\/h2>\n<p><iframe style=\"width: 900px; height: 608px;\" src=\"https:\/\/www.meteoblue.com\/sk\/po%C4%8Dasie\/widget\/three\/ro%c5%be%c5%88ava_slovensk%c3%a1-republika_723713?geoloc=fixed&amp;nocurrent=0&amp;noforecast=0&amp;days=6&amp;tempunit=CELSIUS&amp;windunit=KILOMETER_PER_HOUR&amp;layout=image\" frameborder=\"0\" scrolling=\"NO\" sandbox=\"allow-same-origin allow-scripts allow-popups allow-popups-to-escape-sandbox\"><\/iframe><\/p>\n<div><!-- DO NOT REMOVE THIS LINK --><a href=\"https:\/\/www.meteoblue.com\/sk\/po%C4%8Dasie\/predpove%C4%8F\/t%C3%BD%C5%BEde%C5%88\/ro%c5%be%c5%88ava_slovensk%c3%a1-republika_723713?utm_source=weather_widget&amp;utm_medium=linkus&amp;utm_content=three&amp;utm_campaign=Weather%2BWidget\" target=\"_blank\" rel=\"noopener noreferrer\">meteoblue<\/a><\/div>\n","protected":false},"excerpt":{"rendered":"<p>Menu: Podkateg\u00f3ria: Pre\u010do je Str\u00e1\u017ena ve\u017ea v Ro\u017e\u0148ave tak\u00e1 v\u00fdnimo\u010dn\u00e1? Str\u00e1\u017ena ve\u017ea v Ro\u017e\u0148ave\u00a0je neskororenesan\u010dn\u00e1 stavba, ktor\u00e1 str\u00e1\u017ei historick\u00e9 centrum mesta. Bola postaven\u00e1 ako s\u00fa\u010das\u0165 opevnenia po\u010das obdobia\u00a0tureckej hrozby\u00a0v rokoch [&hellip;]<\/p>\n","protected":false},"author":1,"featured_media":23732,"parent":15,"menu_order":0,"comment_status":"closed","ping_status":"open","template":"","meta":{"_uag_custom_page_level_css":"","footnotes":""},"class_list":["post-6536","page","type-page","status-publish","has-post-thumbnail","hentry"],"featured_image_src":"https:\/\/www.slovensky-kras.eu\/info\/wp-content\/uploads\/2022\/09\/roznava4-strazna-veza.jpg","featured_image_src_square":"https:\/\/www.slovensky-kras.eu\/info\/wp-content\/uploads\/2022\/09\/roznava4-strazna-veza.jpg","rbea_author_info":{"display_name":"admin","author_link":"https:\/\/www.slovensky-kras.eu\/info\/author\/admin\/"},"rbea_excerpt_info":"Menu: Podkateg\u00f3ria: Pre\u010do je Str\u00e1\u017ena ve\u017ea v Ro\u017e\u0148ave tak\u00e1 v\u00fdnimo\u010dn\u00e1? Str\u00e1\u017ena ve\u017ea v Ro\u017e\u0148ave\u00a0je neskororenesan\u010dn\u00e1 stavba, ktor\u00e1 str\u00e1\u017ei historick\u00e9 centrum mesta. Bola postaven\u00e1 ako s\u00fa\u010das\u0165 opevnenia po\u010das obdobia\u00a0tureckej hrozby\u00a0v rokoch [&hellip;]","uagb_featured_image_src":{"full":["https:\/\/www.slovensky-kras.eu\/info\/wp-content\/uploads\/2022\/09\/roznava4-strazna-veza.jpg",1000,667,false],"thumbnail":["https:\/\/www.slovensky-kras.eu\/info\/wp-content\/uploads\/2022\/09\/roznava4-strazna-veza-150x150.jpg",150,150,true],"medium":["https:\/\/www.slovensky-kras.eu\/info\/wp-content\/uploads\/2022\/09\/roznava4-strazna-veza-800x534.jpg",800,534,true],"medium_large":["https:\/\/www.slovensky-kras.eu\/info\/wp-content\/uploads\/2022\/09\/roznava4-strazna-veza-768x512.jpg",768,512,true],"large":["https:\/\/www.slovensky-kras.eu\/info\/wp-content\/uploads\/2022\/09\/roznava4-strazna-veza.jpg",1000,667,false],"1536x1536":["https:\/\/www.slovensky-kras.eu\/info\/wp-content\/uploads\/2022\/09\/roznava4-strazna-veza.jpg",1000,667,false],"2048x2048":["https:\/\/www.slovensky-kras.eu\/info\/wp-content\/uploads\/2022\/09\/roznava4-strazna-veza.jpg",1000,667,false]},"uagb_author_info":{"display_name":"admin","author_link":"https:\/\/www.slovensky-kras.eu\/info\/author\/admin\/"},"uagb_comment_info":0,"uagb_excerpt":"Menu: Podkateg\u00f3ria: Pre\u010do je Str\u00e1\u017ena ve\u017ea v Ro\u017e\u0148ave tak\u00e1 v\u00fdnimo\u010dn\u00e1? Str\u00e1\u017ena ve\u017ea v Ro\u017e\u0148ave\u00a0je neskororenesan\u010dn\u00e1 stavba, ktor\u00e1 str\u00e1\u017ei historick\u00e9 centrum mesta. Bola postaven\u00e1 ako s\u00fa\u010das\u0165 opevnenia po\u010das obdobia\u00a0tureckej hrozby\u00a0v rokoch [&hellip;]","_links":{"self":[{"href":"https:\/\/www.slovensky-kras.eu\/info\/wp-json\/wp\/v2\/pages\/6536","targetHints":{"allow":["GET"]}}],"collection":[{"href":"https:\/\/www.slovensky-kras.eu\/info\/wp-json\/wp\/v2\/pages"}],"about":[{"href":"https:\/\/www.slovensky-kras.eu\/info\/wp-json\/wp\/v2\/types\/page"}],"author":[{"embeddable":true,"href":"https:\/\/www.slovensky-kras.eu\/info\/wp-json\/wp\/v2\/users\/1"}],"replies":[{"embeddable":true,"href":"https:\/\/www.slovensky-kras.eu\/info\/wp-json\/wp\/v2\/comments?post=6536"}],"version-history":[{"count":16,"href":"https:\/\/www.slovensky-kras.eu\/info\/wp-json\/wp\/v2\/pages\/6536\/revisions"}],"predecessor-version":[{"id":28925,"href":"https:\/\/www.slovensky-kras.eu\/info\/wp-json\/wp\/v2\/pages\/6536\/revisions\/28925"}],"up":[{"embeddable":true,"href":"https:\/\/www.slovensky-kras.eu\/info\/wp-json\/wp\/v2\/pages\/15"}],"wp:featuredmedia":[{"embeddable":true,"href":"https:\/\/www.slovensky-kras.eu\/info\/wp-json\/wp\/v2\/media\/23732"}],"wp:attachment":[{"href":"https:\/\/www.slovensky-kras.eu\/info\/wp-json\/wp\/v2\/media?parent=6536"}],"curies":[{"name":"wp","href":"https:\/\/api.w.org\/{rel}","templated":true}]}}