{"id":570,"date":"2013-06-29T17:57:41","date_gmt":"2013-06-29T15:57:41","guid":{"rendered":"http:\/\/www.slovensky-kras.eu\/info\/?page_id=570"},"modified":"2026-04-23T07:58:19","modified_gmt":"2026-04-23T05:58:19","slug":"kastiel-okolicsanyiovcov-v-brzotine","status":"publish","type":"page","link":"https:\/\/www.slovensky-kras.eu\/info\/kam-za-pamiatkami\/kastiel-okolicsanyiovcov-v-brzotine\/","title":{"rendered":"Ka\u0161tie\u013e Okoli\u010d\u00e1niovcov (Okolics\u00e1nyiovcov) v Brzot\u00edne"},"content":{"rendered":"<p><strong>Menu: <\/strong><a href=\"http:\/\/www.slovensky-kras.eu\/info\/\" class=\"su-button su-button-style-default\" style=\"color:#000000;background-color:#FFCF2F;border-color:#cca626;border-radius:5px\" target=\"_self\"><span style=\"color:#000000;padding:6px 16px;font-size:13px;line-height:20px;border-color:#ffde6e;border-radius:5px;text-shadow:none\"><i class=\"sui sui-arrow-right\" style=\"font-size:13px;color:#000000\"><\/i>  \u00davod \/ Aktuality <\/span><\/a>\n<a href=\"http:\/\/www.slovensky-kras.eu\/info\/kam-za-pamiatkami\/\" class=\"su-button su-button-style-default\" style=\"color:#000000;background-color:#FFCF2F;border-color:#cca626;border-radius:5px\" target=\"_self\"><span style=\"color:#000000;padding:6px 16px;font-size:13px;line-height:20px;border-color:#ffde6e;border-radius:5px;text-shadow:none\"><i class=\"sui sui-arrow-right\" style=\"font-size:13px;color:#000000\"><\/i>  Kam za pamiatkami <\/span><\/a>\n<div class=\"su-divider su-divider-style-default\" style=\"margin:15px 0;border-width:0px;border-color:#000000\"><\/div>\n<strong>Podkateg\u00f3ria: <\/strong> <a href=\"http:\/\/www.slovensky-kras.eu\/info\/kam-za-pamiatkami\/kastiele-a-kurie\/\" class=\"su-button su-button-style-default\" style=\"color:#000000;background-color:#afd144;border-color:#8ca837;border-radius:5px\" target=\"_self\"><span style=\"color:#000000;padding:6px 16px;font-size:13px;line-height:20px;border-color:#c7df7d;border-radius:5px;text-shadow:none\"><i class=\"sui sui-arrow-right\" style=\"font-size:13px;color:#000000\"><\/i>  Ka\u0161tiele a k\u00farie <\/span><\/a>\n<div class=\"su-divider su-divider-style-default\" style=\"margin:15px 0;border-width:2px;border-color:#000000\"><\/div>\n<figure id=\"attachment_30320\" aria-describedby=\"caption-attachment-30320\" style=\"width: 900px\" class=\"wp-caption aligncenter\"><a href=\"https:\/\/www.slovensky-kras.eu\/info\/wp-content\/uploads\/2025\/11\/kastiel-okolicany-brzotin-1917.jpeg\"><img loading=\"lazy\" decoding=\"async\" class=\"wp-image-30320\" src=\"https:\/\/www.slovensky-kras.eu\/info\/wp-content\/uploads\/2025\/11\/kastiel-okolicany-brzotin-1917.jpeg\" alt=\"Ka\u0161tie\u013e Okoli\u010d\u00e1niovcov v Brzot\u00edne\" width=\"900\" height=\"502\" srcset=\"https:\/\/www.slovensky-kras.eu\/info\/wp-content\/uploads\/2025\/11\/kastiel-okolicany-brzotin-1917.jpeg 1376w, https:\/\/www.slovensky-kras.eu\/info\/wp-content\/uploads\/2025\/11\/kastiel-okolicany-brzotin-1917-800x447.jpeg 800w, https:\/\/www.slovensky-kras.eu\/info\/wp-content\/uploads\/2025\/11\/kastiel-okolicany-brzotin-1917-1024x572.jpeg 1024w, https:\/\/www.slovensky-kras.eu\/info\/wp-content\/uploads\/2025\/11\/kastiel-okolicany-brzotin-1917-768x429.jpeg 768w\" sizes=\"auto, (max-width: 900px) 100vw, 900px\" \/><\/a><figcaption id=\"caption-attachment-30320\" class=\"wp-caption-text\">Ka\u0161tie\u013e Okoli\u010d\u00e1niovcov (Okolics\u00e1nyiovcov) v Brzot\u00edne v roku 1917<\/figcaption><\/figure>\n<div class=\"su-divider su-divider-style-default\" style=\"margin:15px 0;border-width:2px;border-color:#000000\"><\/div>\n<h2 data-path-to-node=\"0\"><span style=\"color: #800000;\"><b data-path-to-node=\"0\" data-index-in-node=\"0\">Barokov\u00fd skvost ukryt\u00fd v Brzot\u00edne<\/b><\/span><\/h2>\n<p data-path-to-node=\"1\">Predstavte si eleganciu roku <b data-path-to-node=\"1\" data-index-in-node=\"29\">1729<\/b>, ktor\u00fa do Brzot\u00edna priniesol gr\u00f3f <b data-path-to-node=\"1\" data-index-in-node=\"68\">M\u00e1ri\u00e1ssy<\/b> v podobe ve\u013ekolep\u00e9ho <b data-path-to-node=\"1\" data-index-in-node=\"98\">barokov\u00e9ho ka\u0161tie\u013ea<\/b>. T\u00e1to architektonick\u00e1 perla s ikonick\u00fdm <b data-path-to-node=\"1\" data-index-in-node=\"158\">balk\u00f3nom<\/b> a vz\u00e1cnymi <b data-path-to-node=\"1\" data-index-in-node=\"178\">klenbami<\/b> zmenila meno po romantickej svadbe s rodom <b data-path-to-node=\"1\" data-index-in-node=\"230\">Okoli\u010d\u00e1ni<\/b>. Odha\u013ete pr\u00edbeh \u0161\u013eachtick\u00e9ho s\u00eddla, ktor\u00e9 pre\u017eilo st\u00e1ro\u010dia od ban\u00edckej sl\u00e1vy a\u017e po funkciu <b data-path-to-node=\"1\" data-index-in-node=\"331\">\u0161t\u00e1tneho arch\u00edvu<\/b>. Dnes tento <b data-path-to-node=\"1\" data-index-in-node=\"360\">historick\u00fd unik\u00e1t<\/b> d\u00fdcha atmosf\u00e9rou star\u00fdch \u010dias a \u010dak\u00e1 na va\u0161e objavenie!<\/p>\n<h2 dir=\"auto\"><span style=\"color: #800000;\">Kedy a k\u00fdm bol <strong>Ka\u0161tie\u013e Okoli\u010d\u00e1niovcov<\/strong> postaven\u00fd?<\/span><\/h2>\n<p dir=\"auto\"><strong>Ka\u0161tie\u013e Okoli\u010d\u00e1niovcov<\/strong> postavili okolo roku 1729. Dal ho vybudova\u0165 gr\u00f3f <strong>M\u00e1rk VI. M\u00e1ri\u00e1ssy<\/strong> (Mari\u00e1\u0161i) (*1698 \u2013 \u20201768). Pr\u00e1ve rok 1729 je vyzna\u010den\u00fd aj na erbe pod balk\u00f3nom na hlavnej fas\u00e1de.<\/p>\n<h2 dir=\"auto\"><span style=\"color: #800000;\">Ak\u00fd je architektonick\u00fd \u0161t\u00fdl a vzh\u013ead <strong>Ka\u0161tie\u013ea Okoli\u010d\u00e1niovcov<\/strong>?<\/span><\/h2>\n<p dir=\"auto\"><strong>Ka\u0161tie\u013e Okoli\u010d\u00e1niovcov<\/strong> je dvojpodla\u017en\u00e1 a dvojtraktov\u00e1 barokov\u00e1 stavba. M\u00e1 v\u00fdrazn\u00fd stredn\u00fd rizalit s balk\u00f3nom na hlavnom prie\u010del\u00ed a dve postrann\u00e9 rizality. Hlavn\u00fd rizalit je podopret\u00fd dvomi predstavan\u00fdmi st\u013apmi ukon\u010den\u00fdmi i\u00f3nskymi hlavicami. Medzi st\u013apmi sa nach\u00e1dza ve\u013ek\u00e9 franc\u00fazske okno. Hlavn\u00e1 fas\u00e1da je ozdoben\u00e1 balk\u00f3nom, pod ktor\u00fdm je umiestnen\u00fd erb s datovan\u00edm 1729. Z manzardovej strechy vystupuje mal\u00e1 kupola, strecha je pokryt\u00e1 drevenou \u0161ind\u013eovou krytinou a kupola meden\u00fdm plechom.<\/p>\n<h2 id=\"preo-ho-postavili\" class=\"font-editorial font-bold mb-2 mt-4 [.has-inline-images_&amp;]:clear-end text-lg first:mt-0 md:text-lg [hr+&amp;]:mt-4\"><span style=\"color: #800000;\">Pre\u010do ho postavili v Brzot\u00edne?<\/span><\/h2>\n<p class=\"my-2 [&amp;+p]:mt-4 [&amp;_strong:has(+br)]:inline-block [&amp;_strong:has(+br)]:pb-2\">Brzot\u00edn bol od stredoveku strategicky aj hospod\u00e1rsky zauj\u00edmav\u00e9 miesto: le\u017eal pri banskom a \u017eeleziarskom prostred\u00ed, mal p\u00f4du, panstvo a star\u0161ie \u0161\u013eachtick\u00e9 z\u00e1zemie. Obecn\u00e9 dejiny spom\u00ednaj\u00fa ban\u00edctvo, pastierstvo, nesk\u00f4r aj \u017eeleziarstvo, \u010do vysvet\u013euje, pre\u010do tu miestni zemania a \u0161\u013eachta investovali do trval\u00fdch s\u00eddel.<\/p>\n<h2 dir=\"auto\"><span style=\"color: #800000;\">Ako vyzeraj\u00fa interi\u00e9ry <strong>Ka\u0161tie\u013ea Okoli\u010d\u00e1niovcov<\/strong>?<\/span><\/h2>\n<p dir=\"auto\">Miestnosti <strong>ka\u0161tie\u013ea<\/strong> s\u00fa zaklenut\u00e9 n\u00e1dhern\u00fdmi kr\u00ed\u017eov\u00fdmi, prusk\u00fdmi a zrkadlov\u00fdmi klenbami. Na poschodie sa dostanete reprezentat\u00edvnym schodiskom priamo zo vstupnej haly.<\/p>\n<h2 dir=\"auto\"><span style=\"color: #800000;\">Pre\u010do sa ka\u0161tie\u013e naz\u00fdva <strong>Ka\u0161tie\u013e Okoli\u010d\u00e1niovcov<\/strong> alebo Okoli\u010d\u00e1niovsk\u00fd?<\/span><\/h2>\n<p dir=\"auto\">V roku 1899 sa <strong>Margita M\u00e1ri\u00e1\u0161i<\/strong> (ma\u010f. Margit M\u00e1ri\u00e1ssy) (*1878 \u2013 \u20201949) vydala za gr\u00f3fa <strong>Edu Okoli\u010d\u00e1niho<\/strong> (ma\u010f. Ede Okolics\u00e1nyi) (*1871 \u2013 \u2020?). Odvtedy ho \u013eudia v obci Brzot\u00edn za\u010dali naz\u00fdva\u0165 <strong>Ka\u0161tie\u013e Okoli\u010d\u00e1niovcov<\/strong> (alebo Okoli\u010d\u00e1niovsk\u00fd\/Okolics\u00e1nyiovsk\u00fd ka\u0161tie\u013e). P\u00f4vodne sa naz\u00fdval <strong>Mari\u00e1\u0161iovsk\u00fd ka\u0161tie\u013e<\/strong>. Zmena n\u00e1zvu tak odr\u00e1\u017ea nielen vlastn\u00edcke a rodinn\u00e9 v\u00e4zby, ale aj sp\u00f4sob, ak\u00fdm si ho obyvatelia Brzot\u00edna postupne osvojili v historickej pam\u00e4ti.<\/p>\n<h2 dir=\"auto\"><span style=\"color: #800000;\">Na \u010do sl\u00fa\u017eil <strong>Ka\u0161tie\u013e Okoli\u010d\u00e1niovcov<\/strong> v ned\u00e1vnej minulosti?<\/span><\/h2>\n<p dir=\"auto\"><strong>Ka\u0161tie\u013e Okoli\u010d\u00e1niovcov<\/strong> sl\u00fa\u017eil doned\u00e1vna ako \u0161t\u00e1tny arch\u00edv. Dnes je ka\u0161tie\u013e vn\u00edman\u00fd najm\u00e4 ako historick\u00e1 pamiatka Brzot\u00edna a s\u00fa\u010das\u0165 miestneho kult\u00farneho dedi\u010dstva.<\/p>\n<h2 data-path-to-node=\"0\"><span style=\"color: #800000;\"><b data-path-to-node=\"0\" data-index-in-node=\"0\">Sta\u0148te sa s\u00fa\u010das\u0165ou \u017eivej hist\u00f3rie<\/b><\/span><\/h2>\n<p data-path-to-node=\"1\"><em><b data-path-to-node=\"1\" data-index-in-node=\"0\">Ka\u0161tie\u013e Okoli\u010d\u00e1niovcov<\/b> nie je len chladn\u00fdm pam\u00e4tn\u00edkom, ale bij\u00facim srdcom <b data-path-to-node=\"1\" data-index-in-node=\"74\">kult\u00farneho dedi\u010dstva<\/b> Gemera. Nechajte sa o\u010dari\u0165 detailmi <b data-path-to-node=\"1\" data-index-in-node=\"131\">dobovej architekt\u00fary<\/b> a pr\u00edbehmi \u0161\u013eachtick\u00fdch rodov, ktor\u00e9 formovali na\u0161u minulos\u0165. Pr\u00ed\u010fte presk\u00fama\u0165 toto magick\u00e9 miesto v <b data-path-to-node=\"1\" data-index-in-node=\"253\">Brzot\u00edne<\/b>, kde sa hist\u00f3ria stret\u00e1va s pr\u00edtomnos\u0165ou v ka\u017edom obl\u00faku jeho <b data-path-to-node=\"1\" data-index-in-node=\"324\">vz\u00e1cnych klenieb<\/b>. Va\u0161a cesta za poznan\u00edm slovensk\u00fdch skvostov za\u010d\u00edna pr\u00e1ve pri tomto <b data-path-to-node=\"1\" data-index-in-node=\"409\">barokovom unik\u00e1te<\/b>.<\/em><\/p>\n<h2><span style=\"color: #800000;\">Fotogal\u00e9ria\u00a0<\/span><\/h2>\n<style type=\"text\/css\">\n#foogallery-gallery-28764 .fg-image { width: 200px; }<\/style>\n\t\t\t<div class=\"foogallery foogallery-container foogallery-carousel foogallery-lightbox-foogallery fg-carousel fg-ready fg-light fg-border-medium fg-round-small fg-shadow-medium fg-loading-default fg-loaded-fade-in fg-hover-semi-zoomed fg-hover-fade fg-hover-circle-plus2\" id=\"foogallery-gallery-28764\" data-foogallery=\"{&quot;panel&quot;:{&quot;buttons&quot;:{&quot;download&quot;:false}},&quot;item&quot;:{&quot;showCaptionTitle&quot;:true,&quot;showCaptionDescription&quot;:true},&quot;lazy&quot;:true,&quot;template&quot;:{&quot;maxItems&quot;:5,&quot;scale&quot;:0.11999999999999999555910790149937383830547332763671875,&quot;gutter&quot;:{&quot;min&quot;:-40,&quot;max&quot;:-20,&quot;unit&quot;:&quot;%&quot;},&quot;autoplay&quot;:{&quot;time&quot;:0,&quot;interaction&quot;:&quot;pause&quot;},&quot;centerOnClick&quot;:true,&quot;align&quot;:&quot;center&quot;,&quot;activePosition&quot;:&quot;center&quot;}}\" data-foogallery-lightbox=\"{&quot;thumbs&quot;:&quot;bottom&quot;,&quot;thumbsCaptions&quot;:false,&quot;thumbsBestFit&quot;:false,&quot;thumbsSmall&quot;:false,&quot;thumbsCaptionsAlign&quot;:&quot;default&quot;,&quot;info&quot;:&quot;bottom&quot;,&quot;infoVisible&quot;:true,&quot;infoOverlay&quot;:true,&quot;infoAlign&quot;:&quot;default&quot;,&quot;transition&quot;:&quot;fade&quot;,&quot;hoverButtons&quot;:false,&quot;fitMedia&quot;:false,&quot;noScrollbars&quot;:true,&quot;preserveButtonSpace&quot;:true,&quot;buttons&quot;:{&quot;fullscreen&quot;:true,&quot;info&quot;:true,&quot;thumbs&quot;:false,&quot;download&quot;:false},&quot;video&quot;:{&quot;autoPlay&quot;:true}}\" style=\"--fg-title-line-clamp: 0; --fg-description-line-clamp: 0;\" >\n\t<button type=\"button\" class=\"fg-carousel-prev\" title=\"Previous\"><\/button>\n\t<div class=\"fg-carousel-inner\">\n\t\t<div class=\"fg-carousel-center\"><\/div>\n\t\t<div class=\"fg-item fg-type-image fg-idle\"><figure class=\"fg-item-inner\"><a href=\"https:\/\/www.slovensky-kras.eu\/info\/wp-content\/uploads\/2021\/12\/Brzotin-kastiel.png\" data-attachment-id=\"21756\" data-type=\"image\" class=\"fg-thumb\"><span class=\"fg-image-wrap\"><img decoding=\"async\" width=\"200\" height=\"200\" class=\"skip-lazy fg-image\" data-src-fg=\"https:\/\/www.slovensky-kras.eu\/info\/wp-content\/uploads\/cache\/2021\/12\/Brzotin-kastiel\/3832623709.png\" src=\"data:image\/svg+xml,%3Csvg%20xmlns%3D%22http%3A%2F%2Fwww.w3.org%2F2000%2Fsvg%22%20width%3D%22200%22%20height%3D%22200%22%20viewBox%3D%220%200%20200%20200%22%3E%3C%2Fsvg%3E\" loading=\"eager\"><\/span><span class=\"fg-image-overlay\"><\/span><\/a><\/figure><div class=\"fg-loader\"><\/div><\/div><div class=\"fg-item fg-type-image fg-idle\"><figure class=\"fg-item-inner\"><a href=\"https:\/\/www.slovensky-kras.eu\/info\/wp-content\/uploads\/2021\/03\/brzotin10.jpg\" data-attachment-id=\"19812\" data-type=\"image\" class=\"fg-thumb\"><span class=\"fg-image-wrap\"><img decoding=\"async\" width=\"200\" height=\"200\" class=\"skip-lazy fg-image\" data-src-fg=\"https:\/\/www.slovensky-kras.eu\/info\/wp-content\/uploads\/cache\/2021\/03\/brzotin10\/3304901137.jpg\" src=\"data:image\/svg+xml,%3Csvg%20xmlns%3D%22http%3A%2F%2Fwww.w3.org%2F2000%2Fsvg%22%20width%3D%22200%22%20height%3D%22200%22%20viewBox%3D%220%200%20200%20200%22%3E%3C%2Fsvg%3E\" loading=\"eager\"><\/span><span class=\"fg-image-overlay\"><\/span><\/a><\/figure><div class=\"fg-loader\"><\/div><\/div><div class=\"fg-item fg-type-image fg-idle\"><figure class=\"fg-item-inner\"><a href=\"https:\/\/www.slovensky-kras.eu\/info\/wp-content\/uploads\/2021\/03\/brzotin9.jpg\" data-attachment-id=\"19814\" data-type=\"image\" class=\"fg-thumb\"><span class=\"fg-image-wrap\"><img decoding=\"async\" width=\"200\" height=\"200\" class=\"skip-lazy fg-image\" data-src-fg=\"https:\/\/www.slovensky-kras.eu\/info\/wp-content\/uploads\/cache\/2021\/03\/brzotin9\/1321298067.jpg\" src=\"data:image\/svg+xml,%3Csvg%20xmlns%3D%22http%3A%2F%2Fwww.w3.org%2F2000%2Fsvg%22%20width%3D%22200%22%20height%3D%22200%22%20viewBox%3D%220%200%20200%20200%22%3E%3C%2Fsvg%3E\" loading=\"eager\"><\/span><span class=\"fg-image-overlay\"><\/span><\/a><\/figure><div class=\"fg-loader\"><\/div><\/div><div class=\"fg-item fg-type-image fg-idle\"><figure class=\"fg-item-inner\"><a href=\"https:\/\/www.slovensky-kras.eu\/info\/wp-content\/uploads\/2021\/12\/okolicsany-kastiel-brzotin.png\" data-attachment-id=\"21757\" data-type=\"image\" class=\"fg-thumb\"><span class=\"fg-image-wrap\"><img decoding=\"async\" width=\"200\" height=\"200\" class=\"skip-lazy fg-image\" data-src-fg=\"https:\/\/www.slovensky-kras.eu\/info\/wp-content\/uploads\/cache\/2021\/12\/okolicsany-kastiel-brzotin\/3984427009.png\" src=\"data:image\/svg+xml,%3Csvg%20xmlns%3D%22http%3A%2F%2Fwww.w3.org%2F2000%2Fsvg%22%20width%3D%22200%22%20height%3D%22200%22%20viewBox%3D%220%200%20200%20200%22%3E%3C%2Fsvg%3E\" loading=\"eager\"><\/span><span class=\"fg-image-overlay\"><\/span><\/a><\/figure><div class=\"fg-loader\"><\/div><\/div><div class=\"fg-item fg-type-image fg-idle\"><figure class=\"fg-item-inner\"><a href=\"https:\/\/www.slovensky-kras.eu\/info\/wp-content\/uploads\/2025\/11\/kastiel-okolicany-brzotin-1917.jpeg\" data-caption-title=\"Ka\u0161tie\u013e Okoli\u010d\u00e1niovcov (Okolics\u00e1nyiovcov) v Brzot\u00edne v roku 1917\" data-caption-desc=\"Ka\u0161tie\u013e Okoli\u010d\u00e1niovcov (Okolics\u00e1nyiovcov) v Brzot\u00edne v roku 1917\" data-attachment-id=\"30320\" data-type=\"image\" class=\"fg-thumb\"><span class=\"fg-image-wrap\"><img decoding=\"async\" alt=\"Ka\u0161tie\u013e Okoli\u010d\u00e1niovcov v Brzot\u00edne\" title=\"Ka\u0161tie\u013e Okoli\u010d\u00e1niovcov (Okolics\u00e1nyiovcov) v Brzot\u00edne v roku 1917\" width=\"200\" height=\"200\" class=\"skip-lazy fg-image\" data-src-fg=\"https:\/\/www.slovensky-kras.eu\/info\/wp-content\/uploads\/cache\/2025\/11\/kastiel-okolicany-brzotin-1917\/705038183.jpeg\" src=\"data:image\/svg+xml,%3Csvg%20xmlns%3D%22http%3A%2F%2Fwww.w3.org%2F2000%2Fsvg%22%20width%3D%22200%22%20height%3D%22200%22%20viewBox%3D%220%200%20200%20200%22%3E%3C%2Fsvg%3E\" loading=\"eager\"><\/span><span class=\"fg-image-overlay\"><\/span><\/a><figcaption class=\"fg-caption\"><div class=\"fg-caption-inner\"><div class=\"fg-caption-title\">Ka\u0161tie\u013e Okoli\u010d\u00e1niovcov (Okolics\u00e1nyiovcov) v Brzot\u00edne v roku 1917<\/div><div class=\"fg-caption-desc\">Ka\u0161tie\u013e Okoli\u010d\u00e1niovcov (Okolics\u00e1nyiovcov) v Brzot\u00edne v roku 1917<\/div><\/div><\/figcaption><\/figure><div class=\"fg-loader\"><\/div><\/div>\t<\/div>\n\t<div class=\"fg-carousel-bottom\"><\/div>\n\t<div class=\"fg-carousel-progress\"><\/div>\n\t<button type=\"button\" class=\"fg-carousel-next\" title=\"Next\"><\/button>\n<\/div>\n<h3><span style=\"color: #808000;\">Bl\u00edzke stredisko, turistick\u00e9 centrum, obec alebo mesto:<\/span><\/h3>\n<ul>\n<li><a href=\"http:\/\/www.slovensky-kras.eu\/info\/strediska-a-centra\/obec-brzotin\/\">Obec Brzot\u00edn (\u010d\u00edtaj viac&#8230;)<\/a><\/li>\n<\/ul>\n<h2><span style=\"color: #800000;\">Mapy<\/span><\/h2>\n<p><strong>Vrstvy: <\/strong>Turistick\u00e1 mapa, Automapa, Cyklomapa, Ly\u017eiarska mapa, Satelitn\u00e1 mapa a OpenStreetMap.<\/p>\n<p><strong>Kliknut\u00edm na logo &#8222;Freemap.sk&#8220; sa V\u00e1m mapa zobraz\u00ed na celej ploche obrazovky.<\/strong><\/p>\n<p><iframe style=\"width: 900px; height: 600px; border: 0;\" src=\"https:\/\/www.freemap.sk\/?map=13\/48.631831\/20.497484&amp;info-point=48.631831\/20.497484,Obec Brzot\u00edn&amp;layers=X&amp;embed=search\" allowfullscreen=\"allowfullscreen\"><\/iframe><\/p>\n<h2><span style=\"color: #800000;\">Po\u010dasie<\/span><\/h2>\n<p><iframe style=\"width: 900px; height: 610px;\" src=\"https:\/\/www.meteoblue.com\/sk\/po%C4%8Dasie\/widget\/three\/brzot%c3%adn_slovensk%c3%a1-republika_725062?geoloc=fixed&amp;nocurrent=0&amp;noforecast=0&amp;days=6&amp;tempunit=CELSIUS&amp;windunit=KILOMETER_PER_HOUR&amp;layout=image\" frameborder=\"0\" scrolling=\"NO\" sandbox=\"allow-same-origin allow-scripts allow-popups allow-popups-to-escape-sandbox\"><span data-mce-type=\"bookmark\" style=\"display: inline-block; width: 0px; overflow: hidden; line-height: 0;\" class=\"mce_SELRES_start\">\ufeff<\/span><\/iframe><\/p>\n<div><!-- DO NOT REMOVE THIS LINK --><a href=\"https:\/\/www.meteoblue.com\/sk\/po%C4%8Dasie\/predpove%C4%8F\/t%C3%BD%C5%BEde%C5%88\/brzot%c3%adn_slovensk%c3%a1-republika_725062?utm_source=weather_widget&amp;utm_medium=linkus&amp;utm_content=three&amp;utm_campaign=Weather%2BWidget\" target=\"_blank\" rel=\"noopener noreferrer\">meteoblue<\/a><\/div>\n<h3><span style=\"color: #808000;\">Ot\u00e1zka pre JazykovaPoradna.sk:<\/span><\/h3>\n<p>Ako sa spr\u00e1vne p\u00ed\u0161e rod P\u00e1lffyovcov? Pre\u0161lo v poslednom \u010dase nejak\u00fdmi pravopisn\u00fdmi zmenami aj p\u00edsanie in\u00fdch mien, napr. Eszterh\u00e1zyovci, Zichyovci?<\/p>\n<h3><span style=\"color: #808000;\">Odpove\u010f:<\/span><\/h3>\n<p>V 80. rokoch minul\u00e9ho storo\u010dia sa prijali z\u00e1sady p\u00edsania mien os\u00f4b vystupuj\u00facich v uhorskom obdob\u00ed slovensk\u00fdch dej\u00edn do roku 1918, ktor\u00e9 boli vypracovan\u00e9 v s\u00falade so z\u00e1vermi komisie pre historick\u00fa terminol\u00f3giu pri Historickom \u00fastave SAV. M\u00f4\u017eete si ich pre\u010d\u00edta\u0165 v Pravidl\u00e1ch slovensk\u00e9ho pravopisu (2000) v kapitole P\u00edsanie historick\u00fdch osobn\u00fdch mien z uhorsk\u00e9ho obdobia slovensk\u00fdch dej\u00edn. Pravidl\u00e1 slovensk\u00e9ho pravopisu s\u00fa spr\u00edstupnen\u00e9 aj v elektronickej verzii na str\u00e1nke Jazykovedn\u00e9ho \u00fastavu \u013d. \u0160t\u00fara SAV <a href=\"http:\/\/www.juls.savba.sk\/pravidla_sloven_pravopisu.html\" target=\"_blank\" rel=\"noopener noreferrer\">http:\/\/www.juls.savba.sk\/pravidla_sloven_pravopisu.html<\/a> (zvo\u013ete textov\u00fa \u010das\u0165). Priezvisko P\u00e1lffy\/P\u00e1lffi sa pod\u013ea z\u00e1sad slovensk\u00e9ho prepisu p\u00ed\u0161e P\u00e1lfi, tak\u017ee pomenovanie rodu m\u00e1 podobu rod P\u00e1lfiovcov a rodinn\u00e9 pomenovanie je P\u00e1lfiovci. Podobne je to pri men\u00e1ch Eszterh\u00e1zy a Zichy, ktor\u00e9 sa pod\u013ea spom\u00ednan\u00fdch z\u00e1sad p\u00ed\u0161u Esterh\u00e1zi a Zi\u010di. Rodinn\u00e9 pomenovanie m\u00e1 podobu Esterh\u00e1ziovci, Zi\u010diovci.<br \/>\n<strong>Zdroj inform\u00e1ci\u00ed:<\/strong> <a href=\"http:\/\/jazykovaporadna.sme.sk\/q\/4965\/#axzz4hOkYiI9I\" target=\"_blank\" rel=\"noopener noreferrer\">http:\/\/jazykovaporadna.sme.sk\/q\/4965\/#axzz4hOkYiI9I<\/a><\/p>\n<h3><span style=\"color: #808000;\">Ot\u00e1zka pre jazykov\u00fa porad\u0148u (Jazykovedn\u00fd \u00fastav \u013dudov\u00edta \u0160t\u00fara)<\/span><\/h3>\n<p>Ak potrebujete z\u00edska\u0165 odpove\u010f v kr\u00e1tkom \u010dase, odpor\u00fa\u010dame v\u00e1m vyu\u017ei\u0165 mo\u017enos\u0165 telefonickej konzult\u00e1cie na telef\u00f3nnom \u010d\u00edsle +421 2 54431761-2 v pracovn\u00fdch d\u0148och od 8.00 do 11.00 hodiny.<br \/>\n<strong><br \/>\nV pr\u00edpade technick\u00fdch probl\u00e9mov:<\/strong> <a href=\"mailto:jazykovaporadna@smeonline.sk\" target=\"_blank\" rel=\"noopener noreferrer\">jazykovaporadna@smeonline.sk<\/a><\/p>\n<p><strong>\u010c\u00edtajte viac:<\/strong> <a href=\"http:\/\/jazykovaporadna.sme.sk\/question\/add\/#axzz4hOkYiI9I\" target=\"_blank\" rel=\"noopener noreferrer\">http:\/\/jazykovaporadna.sme.sk\/question\/add\/#axzz4hOkYiI9I<\/a><\/p>\n","protected":false},"excerpt":{"rendered":"<p>Menu: Podkateg\u00f3ria: Barokov\u00fd skvost ukryt\u00fd v Brzot\u00edne Predstavte si eleganciu roku 1729, ktor\u00fa do Brzot\u00edna priniesol gr\u00f3f M\u00e1ri\u00e1ssy v podobe ve\u013ekolep\u00e9ho barokov\u00e9ho ka\u0161tie\u013ea. T\u00e1to architektonick\u00e1 perla s ikonick\u00fdm balk\u00f3nom a [&hellip;]<\/p>\n","protected":false},"author":1,"featured_media":30320,"parent":15,"menu_order":0,"comment_status":"closed","ping_status":"open","template":"","meta":{"_uag_custom_page_level_css":"","footnotes":""},"class_list":["post-570","page","type-page","status-publish","has-post-thumbnail","hentry"],"featured_image_src":"https:\/\/www.slovensky-kras.eu\/info\/wp-content\/uploads\/2025\/11\/kastiel-okolicany-brzotin-1917.jpeg","featured_image_src_square":"https:\/\/www.slovensky-kras.eu\/info\/wp-content\/uploads\/2025\/11\/kastiel-okolicany-brzotin-1917.jpeg","rbea_author_info":{"display_name":"admin","author_link":"https:\/\/www.slovensky-kras.eu\/info\/author\/admin\/"},"rbea_excerpt_info":"Menu: Podkateg\u00f3ria: Barokov\u00fd skvost ukryt\u00fd v Brzot\u00edne Predstavte si eleganciu roku 1729, ktor\u00fa do Brzot\u00edna priniesol gr\u00f3f M\u00e1ri\u00e1ssy v podobe ve\u013ekolep\u00e9ho barokov\u00e9ho ka\u0161tie\u013ea. T\u00e1to architektonick\u00e1 perla s ikonick\u00fdm balk\u00f3nom a [&hellip;]","uagb_featured_image_src":{"full":["https:\/\/www.slovensky-kras.eu\/info\/wp-content\/uploads\/2025\/11\/kastiel-okolicany-brzotin-1917.jpeg",1376,768,false],"thumbnail":["https:\/\/www.slovensky-kras.eu\/info\/wp-content\/uploads\/2025\/11\/kastiel-okolicany-brzotin-1917-150x150.jpeg",150,150,true],"medium":["https:\/\/www.slovensky-kras.eu\/info\/wp-content\/uploads\/2025\/11\/kastiel-okolicany-brzotin-1917-800x447.jpeg",800,447,true],"medium_large":["https:\/\/www.slovensky-kras.eu\/info\/wp-content\/uploads\/2025\/11\/kastiel-okolicany-brzotin-1917-768x429.jpeg",768,429,true],"large":["https:\/\/www.slovensky-kras.eu\/info\/wp-content\/uploads\/2025\/11\/kastiel-okolicany-brzotin-1917-1024x572.jpeg",1024,572,true],"1536x1536":["https:\/\/www.slovensky-kras.eu\/info\/wp-content\/uploads\/2025\/11\/kastiel-okolicany-brzotin-1917.jpeg",1376,768,false],"2048x2048":["https:\/\/www.slovensky-kras.eu\/info\/wp-content\/uploads\/2025\/11\/kastiel-okolicany-brzotin-1917.jpeg",1376,768,false]},"uagb_author_info":{"display_name":"admin","author_link":"https:\/\/www.slovensky-kras.eu\/info\/author\/admin\/"},"uagb_comment_info":0,"uagb_excerpt":"Menu: Podkateg\u00f3ria: Barokov\u00fd skvost ukryt\u00fd v Brzot\u00edne Predstavte si eleganciu roku 1729, ktor\u00fa do Brzot\u00edna priniesol gr\u00f3f M\u00e1ri\u00e1ssy v podobe ve\u013ekolep\u00e9ho barokov\u00e9ho ka\u0161tie\u013ea. T\u00e1to architektonick\u00e1 perla s ikonick\u00fdm balk\u00f3nom a [&hellip;]","_links":{"self":[{"href":"https:\/\/www.slovensky-kras.eu\/info\/wp-json\/wp\/v2\/pages\/570","targetHints":{"allow":["GET"]}}],"collection":[{"href":"https:\/\/www.slovensky-kras.eu\/info\/wp-json\/wp\/v2\/pages"}],"about":[{"href":"https:\/\/www.slovensky-kras.eu\/info\/wp-json\/wp\/v2\/types\/page"}],"author":[{"embeddable":true,"href":"https:\/\/www.slovensky-kras.eu\/info\/wp-json\/wp\/v2\/users\/1"}],"replies":[{"embeddable":true,"href":"https:\/\/www.slovensky-kras.eu\/info\/wp-json\/wp\/v2\/comments?post=570"}],"version-history":[{"count":13,"href":"https:\/\/www.slovensky-kras.eu\/info\/wp-json\/wp\/v2\/pages\/570\/revisions"}],"predecessor-version":[{"id":30322,"href":"https:\/\/www.slovensky-kras.eu\/info\/wp-json\/wp\/v2\/pages\/570\/revisions\/30322"}],"up":[{"embeddable":true,"href":"https:\/\/www.slovensky-kras.eu\/info\/wp-json\/wp\/v2\/pages\/15"}],"wp:featuredmedia":[{"embeddable":true,"href":"https:\/\/www.slovensky-kras.eu\/info\/wp-json\/wp\/v2\/media\/30320"}],"wp:attachment":[{"href":"https:\/\/www.slovensky-kras.eu\/info\/wp-json\/wp\/v2\/media?parent=570"}],"curies":[{"name":"wp","href":"https:\/\/api.w.org\/{rel}","templated":true}]}}