{"id":559,"date":"2013-06-29T17:27:19","date_gmt":"2013-06-29T15:27:19","guid":{"rendered":"http:\/\/www.slovensky-kras.eu\/info\/?page_id=559"},"modified":"2025-11-17T08:10:03","modified_gmt":"2025-11-17T07:10:03","slug":"hrad-szadvar-np-aggtelek","status":"publish","type":"page","link":"https:\/\/www.slovensky-kras.eu\/info\/kam-za-pamiatkami\/hrad-szadvar-np-aggtelek\/","title":{"rendered":"Hrad Sz\u00e1dv\u00e1r &#8211; NP Aggtelek &#8211; zr\u00facanina"},"content":{"rendered":"<p><strong>Menu: <\/strong><a href=\"http:\/\/www.slovensky-kras.eu\/info\/\" class=\"su-button su-button-style-default\" style=\"color:#000000;background-color:#FFCF2F;border-color:#cca626;border-radius:5px\" target=\"_self\"><span style=\"color:#000000;padding:6px 16px;font-size:13px;line-height:20px;border-color:#ffde6e;border-radius:5px;text-shadow:none\"><i class=\"sui sui-arrow-right\" style=\"font-size:13px;color:#000000\"><\/i>  \u00davod \/ Aktuality <\/span><\/a>\n<a href=\"http:\/\/www.slovensky-kras.eu\/info\/kam-za-pamiatkami\/\" class=\"su-button su-button-style-default\" style=\"color:#000000;background-color:#FFCF2F;border-color:#cca626;border-radius:5px\" target=\"_self\"><span style=\"color:#000000;padding:6px 16px;font-size:13px;line-height:20px;border-color:#ffde6e;border-radius:5px;text-shadow:none\"><i class=\"sui sui-arrow-right\" style=\"font-size:13px;color:#000000\"><\/i>  Kam za pamiatkami <\/span><\/a>\n<div class=\"su-divider su-divider-style-default\" style=\"margin:15px 0;border-width:0px;border-color:#000000\"><\/div>\n<strong>Podkateg\u00f3ria: <\/strong> <a href=\"http:\/\/www.slovensky-kras.eu\/info\/kam-za-pamiatkami\/hrady-a-hradiska\/\" class=\"su-button su-button-style-default\" style=\"color:#000000;background-color:#afd144;border-color:#8ca837;border-radius:5px\" target=\"_self\"><span style=\"color:#000000;padding:6px 16px;font-size:13px;line-height:20px;border-color:#c7df7d;border-radius:5px;text-shadow:none\"><i class=\"sui sui-arrow-right\" style=\"font-size:13px;color:#000000\"><\/i>  Hrady, hradisk\u00e1 a zr\u00facaniny <\/span><\/a>\n<div class=\"su-divider su-divider-style-default\" style=\"margin:15px 0;border-width:2px;border-color:#000000\"><\/div>\n<figure id=\"attachment_21302\" aria-describedby=\"caption-attachment-21302\" style=\"width: 900px\" class=\"wp-caption aligncenter\"><a href=\"https:\/\/www.slovensky-kras.eu\/info\/wp-content\/uploads\/2021\/12\/szadvar.jpg\"><img loading=\"lazy\" decoding=\"async\" class=\"wp-image-21302\" src=\"https:\/\/www.slovensky-kras.eu\/info\/wp-content\/uploads\/2021\/12\/szadvar.jpg\" alt=\"Hrad Sz\u00e1dv\u00e1r - NP Aggtelek - zr\u00facanina\" width=\"900\" height=\"600\" srcset=\"https:\/\/www.slovensky-kras.eu\/info\/wp-content\/uploads\/2021\/12\/szadvar.jpg 800w, https:\/\/www.slovensky-kras.eu\/info\/wp-content\/uploads\/2021\/12\/szadvar-768x512.jpg 768w\" sizes=\"auto, (max-width: 900px) 100vw, 900px\" \/><\/a><figcaption id=\"caption-attachment-21302\" class=\"wp-caption-text\">Hrad Sz\u00e1dv\u00e1r &#8211; NP Aggtelek &#8211; zr\u00facanina<\/figcaption><\/figure>\n<div class=\"su-divider su-divider-style-default\" style=\"margin:15px 0;border-width:2px;border-color:#000000\"><\/div>\n<h2 class=\"ds-markdown-paragraph\"><span style=\"color: #800000;\">\u010co je za\u010d Hrad Sz\u00e1dv\u00e1r a kde ho n\u00e1jdete?<\/span><\/h2>\n<p class=\"ds-markdown-paragraph\"><strong>Hrad Sz\u00e1dv\u00e1r<\/strong>\u00a0je jedn\u00fdm z najstar\u0161\u00edch hradov na \u00fazem\u00ed b\u00fdvalej Turnianskej \u017eupy. Zr\u00facanina tohto\u00a0<strong>stredovek\u00e9ho opevnenia<\/strong>\u00a0sa nach\u00e1dza v bl\u00edzkosti hranice Ma\u010farska so Slovenskom, ne\u010faleko obce Hru\u0161ov (pribli\u017ene 6 km), v katastri ma\u010farskej obce Sz\u00f6gliget.<\/p>\n<p class=\"ds-markdown-paragraph\">Le\u017e\u00ed na Vysokom hradnom vrchu (ma\u010f. Magas V\u00e1rhegy) vo v\u00fd\u0161ke 460 metrov nad morom, nad \u00fadol\u00edm St\u00e1d (ma\u010f. M\u00e9nes-v\u00f6lgy). Poskytuje pekn\u00fd v\u00fdh\u013ead na okolit\u00fa krajinu, a to zvl\u00e1\u0161\u0165 smerom do Ma\u010farska, no za priazniv\u00e9ho po\u010dasia je mo\u017en\u00e9 z neho vidie\u0165 aj\u00a0<strong>Vysok\u00e9 Tatry<\/strong>.<\/p>\n<h2 class=\"ds-markdown-paragraph\"><span style=\"color: #800000;\">Ak\u00e1 je hist\u00f3ria vzniku Hradu Sz\u00e1dv\u00e1r?<\/span><\/h2>\n<p class=\"ds-markdown-paragraph\">Bol postaven\u00fd v 13. storo\u010d\u00ed ako kr\u00e1\u013eovsk\u00fd kamenn\u00fd hrad. T\u00fato\u00a0<strong>kr\u00e1\u013eovsk\u00fa pevnos\u0165<\/strong>\u00a0dal postavi\u0165 kr\u00e1\u013e Belo IV. (ma\u010f. IV. B\u00e9la) ako priamu reakciu na mongolsk\u00e9 drancovanie v 13. storo\u010d\u00ed.<\/p>\n<p class=\"ds-markdown-paragraph\">Prv\u00e1 p\u00edsomn\u00e1 zmienka o\u00a0<strong>hrde Sz\u00e1dv\u00e1r<\/strong> sa spom\u00edna v listine kr\u00e1\u013ea \u0160tefana V. (ma\u010f. V. Istv\u00e1n) z roku 1268. Koncom 14. storo\u010dia daroval kr\u00e1\u013e \u017digmund Luxembursk\u00fd (ma\u010f. Zsigmond) hrad vplyvn\u00fdm Bebekovcom.<\/p>\n<h2 class=\"ds-markdown-paragraph\"><span style=\"color: #800000;\">Pre\u0161iel hrad nejak\u00fdmi bojmi?<\/span><\/h2>\n<p class=\"ds-markdown-paragraph\">\u00c1no, v 15. storo\u010d\u00ed hrad obsadili a spusto\u0161ili husiti. T\u00fato\u00a0<strong>stredisko husitsk\u00e9ho odporu<\/strong> vtedy obsadil husitsk\u00fd hejtman Poliak Peter Komorovsk\u00fd (ma\u010f. Lengyel Komorowski P\u00e9ter) so svoj\u00edm vojskom.<\/p>\n<h2 class=\"ds-markdown-paragraph\"><span style=\"color: #800000;\">Kto hrad vlastnil a ako sa \u010falej vyv\u00edjal?<\/span><\/h2>\n<p class=\"ds-markdown-paragraph\">Za\u010diatkom 16. storo\u010dia, po bitke pri Moh\u00e1\u010di (ma\u010f. Moh\u00e1csi csata), sa\u00a0<strong>hradn\u00e1 zr\u00facanina<\/strong>\u00a0stala majetkom Franti\u0161ka Bebeka (ma\u010f. Ferenc Bebek) (1490-1558) a nesk\u00f4r jeho syna Juraja Bebeka (ma\u010f. Gy\u00f6rgy Bebek de Pels\u0151cz) (?-1567). T\u00ed ho dobudovali a upravili do jeho poslednej podoby, zosilnili hradby a vytvorili delov\u00e9 otvory zvan\u00e9 rondely.<\/p>\n<p class=\"ds-markdown-paragraph\">Bebekovci v\u0161ak o\u00a0<strong>hrad Sz\u00e1dv\u00e1r<\/strong>\u00a0pri\u0161li v roku 1567, kedy ho so svojimi vojskami obsadil hlavn\u00fd ko\u0161ick\u00fd kapit\u00e1n Lazar \u0160venda (nem. Lazarus Freiherr von Schwendi, ma\u010f. Schwendi L\u00e1z\u00e1r) (1522-1583). Vojsk\u00e1 kapit\u00e1na Horn\u00e9ho Uhorska Lazara \u0160vendu obk\u013e\u00fa\u010dili hrad a po \u0161tvord\u0148ovej delostreleckej pa\u013ebe otvorili \u00faseky severn\u00e9ho m\u00faru hradu.<\/p>\n<p class=\"ds-markdown-paragraph\">Z tohto d\u00f4vodu bola man\u017eelka Juraja Bebeka \u017dofia Pat\u00f3csyov\u00e1 (ma\u010f. Zs\u00f3fia Pat\u00f3chy) (1533-1583), ktor\u00e1 hrdinsky hrad br\u00e1nila, n\u00faten\u00e1 sa vzda\u0165 a po vyjednanom vo\u013enom odchode hrad opusti\u0165.<\/p>\n<h2 class=\"ds-markdown-paragraph\"><span style=\"color: #800000;\">Pre\u010do je dnes hrad zr\u00facaninou?<\/span><\/h2>\n<p class=\"ds-markdown-paragraph\">Od konca 16. storo\u010dia do konca 17. storo\u010dia mal\u00a0<strong>hrad Sz\u00e1dv\u00e1r<\/strong>\u00a0r\u00f4znych majite\u013eov. Jeho posledn\u00fdmi vlastn\u00edkmi boli Th\u00f6k\u00f6lyho kuruci (ma\u010f. Th\u00f6k\u00f6ly kurucok).<\/p>\n<p class=\"ds-markdown-paragraph\">Po potla\u010den\u00ed Th\u00f6k\u00f6lyho povstania (ma\u010f. Th\u00f6k\u00f6ly-felkel\u00e9s) sa cis\u00e1rsky dvor vo Viedni rozhodol v roku 1686 hrad zb\u00fara\u0165, a odvtedy hrad pustol.<\/p>\n<h2 class=\"ds-markdown-paragraph\"><span style=\"color: #800000;\">Kto sa dnes star\u00e1 o t\u00fato pamiatku?<\/span><\/h2>\n<p class=\"ds-markdown-paragraph\">V s\u00fa\u010dasnosti sa o\u00a0<strong>t\u00fato historicku pamiatku<\/strong> star\u00e1 ob\u010dianske zdru\u017eenie Sz\u00e1dv\u00e1r\u00e9rt Bar\u00e1ti K\u00f6r (Okruh priate\u013eov Sz\u00e1dv\u00e1ru).<\/p>\n<h2 class=\"ds-markdown-paragraph\"><span style=\"color: #800000;\">Ako sa dosta\u0165 na Hrad Sz\u00e1dv\u00e1r?<\/span><\/h2>\n<p class=\"ds-markdown-paragraph\">K zr\u00facanin\u00e1m\u00a0<strong>hradu Sz\u00e1dv\u00e1r<\/strong>\u00a0sa m\u00f4\u017eete dosta\u0165 z Budape\u0161ti (ma\u010f. Budapest) do Mi\u0161kovca (ma\u010f. Miskolc) po dia\u013enici M3, potom odbo\u010di\u0165 smerom na sever na cestu \u010d. 26 do Saj\u00f3szentp\u00e9ter, odkia\u013e sa po ceste \u010d. 27 dostanete do dediny Sz\u00f6gliget.<\/p>\n<p class=\"ds-markdown-paragraph\">Za posledn\u00fdmi domami Sz\u00f6gligetu sa nach\u00e1dza Salamandra \u2013 turistick\u00e1 ubytov\u0148a s parkoviskom. Od tejto ubytovne u\u017e vedie len \u010derven\u00e1 turistick\u00e1 trasa priamo k\u00a0<strong>zr\u00facanin\u00e1m hradu<\/strong>.<\/p>\n<p class=\"ds-markdown-paragraph\">Druh\u00e1 cesta vedie z obce Hru\u0161ov po zelenej turistickej trase, ktor\u00e1 v\u00e1s zavedie a\u017e k r\u00e1zcestn\u00edku Star\u00fd les (hranica s Ma\u010farskom). Na \u00fazem\u00ed Ma\u010farska pokra\u010dujete modrou turistickou trasou, ktor\u00e1 sa n\u00e1sledne napoj\u00ed na \u010derven\u00fa zna\u010dku ved\u00facu na\u00a0<strong>hrad Sz\u00e1dv\u00e1r<\/strong>.<\/p>\n<h2><span style=\"color: #800000;\">Fotogal\u00e9ria<\/span><\/h2>\n<style type=\"text\/css\">\n#foogallery-gallery-28685 .fg-image { width: 200px; }<\/style>\n\t\t\t<div class=\"foogallery foogallery-container foogallery-carousel foogallery-lightbox-foogallery fg-carousel fg-ready fg-light fg-border-medium fg-round-small fg-shadow-medium fg-loading-default fg-loaded-fade-in fg-hover-semi-zoomed fg-hover-fade fg-hover-circle-plus2\" id=\"foogallery-gallery-28685\" data-foogallery=\"{&quot;item&quot;:{&quot;showCaptionTitle&quot;:true,&quot;showCaptionDescription&quot;:true},&quot;lazy&quot;:true,&quot;template&quot;:{&quot;maxItems&quot;:5,&quot;scale&quot;:0.11999999999999999555910790149937383830547332763671875,&quot;gutter&quot;:{&quot;min&quot;:-40,&quot;max&quot;:-20,&quot;unit&quot;:&quot;%&quot;},&quot;autoplay&quot;:{&quot;time&quot;:0,&quot;interaction&quot;:&quot;pause&quot;},&quot;centerOnClick&quot;:true,&quot;align&quot;:&quot;center&quot;,&quot;activePosition&quot;:&quot;center&quot;}}\" data-foogallery-lightbox=\"{&quot;thumbs&quot;:&quot;bottom&quot;,&quot;thumbsCaptions&quot;:false,&quot;thumbsBestFit&quot;:false,&quot;thumbsSmall&quot;:false,&quot;thumbsCaptionsAlign&quot;:&quot;default&quot;,&quot;info&quot;:&quot;bottom&quot;,&quot;infoVisible&quot;:true,&quot;infoOverlay&quot;:true,&quot;infoAlign&quot;:&quot;default&quot;,&quot;transition&quot;:&quot;fade&quot;,&quot;hoverButtons&quot;:false,&quot;fitMedia&quot;:false,&quot;noScrollbars&quot;:true,&quot;preserveButtonSpace&quot;:true,&quot;buttons&quot;:{&quot;fullscreen&quot;:true,&quot;info&quot;:true,&quot;thumbs&quot;:false},&quot;video&quot;:{&quot;autoPlay&quot;:true}}\" style=\"--fg-title-line-clamp: 0; --fg-description-line-clamp: 0;\" >\n\t<button type=\"button\" class=\"fg-carousel-prev\" title=\"Previous\"><\/button>\n\t<div class=\"fg-carousel-inner\">\n\t\t<div class=\"fg-carousel-center\"><\/div>\n\t\t<div class=\"fg-item fg-type-image fg-idle\"><figure class=\"fg-item-inner\"><a href=\"https:\/\/www.slovensky-kras.eu\/info\/wp-content\/uploads\/2021\/12\/szadvar.jpg\" data-attachment-id=\"21302\" data-type=\"image\" class=\"fg-thumb\"><span class=\"fg-image-wrap\"><img decoding=\"async\" alt=\"Hrad Sz\u00e1dv\u00e1r\" width=\"200\" height=\"200\" class=\"skip-lazy fg-image\" data-src-fg=\"https:\/\/www.slovensky-kras.eu\/info\/wp-content\/uploads\/cache\/2021\/12\/szadvar\/2902212307.jpg\" src=\"data:image\/svg+xml,%3Csvg%20xmlns%3D%22http%3A%2F%2Fwww.w3.org%2F2000%2Fsvg%22%20width%3D%22200%22%20height%3D%22200%22%20viewBox%3D%220%200%20200%20200%22%3E%3C%2Fsvg%3E\" loading=\"eager\"><\/span><span class=\"fg-image-overlay\"><\/span><\/a><\/figure><div class=\"fg-loader\"><\/div><\/div><div class=\"fg-item fg-type-image fg-idle\"><figure class=\"fg-item-inner\"><a href=\"https:\/\/www.slovensky-kras.eu\/info\/wp-content\/uploads\/2021\/12\/szadvar1.jpg\" data-attachment-id=\"21303\" data-type=\"image\" class=\"fg-thumb\"><span class=\"fg-image-wrap\"><img decoding=\"async\" width=\"200\" height=\"200\" class=\"skip-lazy fg-image\" data-src-fg=\"https:\/\/www.slovensky-kras.eu\/info\/wp-content\/uploads\/cache\/2021\/12\/szadvar1\/667659526.jpg\" src=\"data:image\/svg+xml,%3Csvg%20xmlns%3D%22http%3A%2F%2Fwww.w3.org%2F2000%2Fsvg%22%20width%3D%22200%22%20height%3D%22200%22%20viewBox%3D%220%200%20200%20200%22%3E%3C%2Fsvg%3E\" loading=\"eager\"><\/span><span class=\"fg-image-overlay\"><\/span><\/a><\/figure><div class=\"fg-loader\"><\/div><\/div><div class=\"fg-item fg-type-image fg-idle\"><figure class=\"fg-item-inner\"><a href=\"https:\/\/www.slovensky-kras.eu\/info\/wp-content\/uploads\/2021\/12\/szadvar55.jpg\" data-attachment-id=\"21307\" data-type=\"image\" class=\"fg-thumb\"><span class=\"fg-image-wrap\"><img decoding=\"async\" width=\"200\" height=\"200\" class=\"skip-lazy fg-image\" data-src-fg=\"https:\/\/www.slovensky-kras.eu\/info\/wp-content\/uploads\/cache\/2021\/12\/szadvar55\/1437000519.jpg\" src=\"data:image\/svg+xml,%3Csvg%20xmlns%3D%22http%3A%2F%2Fwww.w3.org%2F2000%2Fsvg%22%20width%3D%22200%22%20height%3D%22200%22%20viewBox%3D%220%200%20200%20200%22%3E%3C%2Fsvg%3E\" loading=\"eager\"><\/span><span class=\"fg-image-overlay\"><\/span><\/a><\/figure><div class=\"fg-loader\"><\/div><\/div><div class=\"fg-item fg-type-image fg-idle\"><figure class=\"fg-item-inner\"><a href=\"https:\/\/www.slovensky-kras.eu\/info\/wp-content\/uploads\/2021\/12\/szadvar4.jpg\" data-attachment-id=\"21306\" data-type=\"image\" class=\"fg-thumb\"><span class=\"fg-image-wrap\"><img decoding=\"async\" width=\"200\" height=\"200\" class=\"skip-lazy fg-image\" data-src-fg=\"https:\/\/www.slovensky-kras.eu\/info\/wp-content\/uploads\/cache\/2021\/12\/szadvar4\/240075581.jpg\" src=\"data:image\/svg+xml,%3Csvg%20xmlns%3D%22http%3A%2F%2Fwww.w3.org%2F2000%2Fsvg%22%20width%3D%22200%22%20height%3D%22200%22%20viewBox%3D%220%200%20200%20200%22%3E%3C%2Fsvg%3E\" loading=\"eager\"><\/span><span class=\"fg-image-overlay\"><\/span><\/a><\/figure><div class=\"fg-loader\"><\/div><\/div><div class=\"fg-item fg-type-image fg-idle\"><figure class=\"fg-item-inner\"><a href=\"https:\/\/www.slovensky-kras.eu\/info\/wp-content\/uploads\/2021\/12\/szadvar3.jpg\" data-attachment-id=\"21305\" data-type=\"image\" class=\"fg-thumb\"><span class=\"fg-image-wrap\"><img decoding=\"async\" width=\"200\" height=\"200\" class=\"skip-lazy fg-image\" data-src-fg=\"https:\/\/www.slovensky-kras.eu\/info\/wp-content\/uploads\/cache\/2021\/12\/szadvar3\/2458314798.jpg\" src=\"data:image\/svg+xml,%3Csvg%20xmlns%3D%22http%3A%2F%2Fwww.w3.org%2F2000%2Fsvg%22%20width%3D%22200%22%20height%3D%22200%22%20viewBox%3D%220%200%20200%20200%22%3E%3C%2Fsvg%3E\" loading=\"eager\"><\/span><span class=\"fg-image-overlay\"><\/span><\/a><\/figure><div class=\"fg-loader\"><\/div><\/div><div class=\"fg-item fg-type-image fg-idle\"><figure class=\"fg-item-inner\"><a href=\"https:\/\/www.slovensky-kras.eu\/info\/wp-content\/uploads\/2025\/11\/hrad-szadvar.jpeg\" data-caption-title=\"Hrad Sz\u00e1dv\u00e1r\" data-attachment-id=\"29926\" data-type=\"image\" class=\"fg-thumb\"><span class=\"fg-image-wrap\"><img decoding=\"async\" alt=\"Hrad Sz\u00e1dv\u00e1r\" title=\"Hrad Sz\u00e1dv\u00e1r\" width=\"200\" height=\"200\" class=\"skip-lazy fg-image\" data-src-fg=\"https:\/\/www.slovensky-kras.eu\/info\/wp-content\/uploads\/cache\/2025\/11\/hrad-szadvar\/1965567995.jpeg\" src=\"data:image\/svg+xml,%3Csvg%20xmlns%3D%22http%3A%2F%2Fwww.w3.org%2F2000%2Fsvg%22%20width%3D%22200%22%20height%3D%22200%22%20viewBox%3D%220%200%20200%20200%22%3E%3C%2Fsvg%3E\" loading=\"eager\"><\/span><span class=\"fg-image-overlay\"><\/span><\/a><figcaption class=\"fg-caption\"><div class=\"fg-caption-inner\"><div class=\"fg-caption-title\">Hrad Sz\u00e1dv\u00e1r<\/div><\/div><\/figcaption><\/figure><div class=\"fg-loader\"><\/div><\/div>\t<\/div>\n\t<div class=\"fg-carousel-bottom\"><\/div>\n\t<div class=\"fg-carousel-progress\"><\/div>\n\t<button type=\"button\" class=\"fg-carousel-next\" title=\"Next\"><\/button>\n<\/div>\n<h3><span style=\"color: #808000;\">Bl\u00edzke stredisko, turistick\u00e9 centrum, obec alebo mesto:<\/span><\/h3>\n<ul>\n<li><a href=\"http:\/\/www.slovensky-kras.eu\/info\/strediska-a-centra\/obec-hrusov\/\">Obec Hru\u0161ov (\u010d\u00edtaj viac&#8230;)<\/a><\/li>\n<\/ul>\n<ul>\n<li><a href=\"http:\/\/www.szogliget.hu\/\" target=\"_blank\" rel=\"noopener noreferrer\">Obec Sz\u00f6gliget (\u010d\u00edtaj viac&#8230;)<\/a><\/li>\n<\/ul>\n<h2><span style=\"color: #800000;\">Mapy<\/span><\/h2>\n<p><strong>Vrstvy: <\/strong>Turistick\u00e1 mapa, Automapa, Cyklomapa, Ly\u017eiarska mapa, Satelitn\u00e1 mapa a OpenStreetMap.<\/p>\n<p><strong>Kliknut\u00edm na logo &#8222;Freemap.sk&#8220; sa V\u00e1m mapa zobraz\u00ed na celej ploche obrazovky.<\/strong><\/p>\n<p><iframe style=\"width: 900px; height: 600px; border: 0;\" src=\"https:\/\/www.freemap.sk\/?map=15\/48.544470\/20.663588&amp;info-point=48.544470\/20.663588,Hrad Sz\u00e1dv\u00e1r &amp;layers=X&amp;embed=search\" allowfullscreen=\"allowfullscreen\"><span data-mce-type=\"bookmark\" style=\"display: inline-block; width: 0px; overflow: hidden; line-height: 0;\" class=\"mce_SELRES_start\">\ufeff<\/span><\/iframe><\/p>\n<h2><span style=\"color: #800000;\">Po\u010dasie<\/span><\/h2>\n<p><iframe style=\"width: 900px; height: 600px;\" src=\"https:\/\/www.meteoblue.com\/sk\/po%C4%8Dasie\/widget\/three\/sz%c3%b6gliget_ma%c4%8farsko_715171?geoloc=fixed&amp;nocurrent=0&amp;noforecast=0&amp;days=6&amp;tempunit=CELSIUS&amp;windunit=KILOMETER_PER_HOUR&amp;layout=image\" frameborder=\"0\" scrolling=\"NO\" sandbox=\"allow-same-origin allow-scripts allow-popups allow-popups-to-escape-sandbox\"><span data-mce-type=\"bookmark\" style=\"display: inline-block; width: 0px; overflow: hidden; line-height: 0;\" class=\"mce_SELRES_start\">\ufeff<\/span><\/iframe><\/p>\n<div><!-- DO NOT REMOVE THIS LINK --><a href=\"https:\/\/www.meteoblue.com\/sk\/po%C4%8Dasie\/predpove%C4%8F\/t%C3%BD%C5%BEde%C5%88\/sz%c3%b6gliget_ma%c4%8farsko_715171?utm_source=weather_widget&amp;utm_medium=linkus&amp;utm_content=three&amp;utm_campaign=Weather%2BWidget\" target=\"_blank\" rel=\"noopener noreferrer\">meteoblue<\/a><\/div>\n<h2><span style=\"color: #800000;\">Vide\u00e1<\/span><\/h2>\n<p><iframe loading=\"lazy\" src=\"\/\/www.youtube-nocookie.com\/embed\/ouBhEckmSDE\" width=\"800\" height=\"390\" frameborder=\"0\" allowfullscreen=\"allowfullscreen\"><\/iframe><\/p>\n<p><iframe loading=\"lazy\" src=\"\/\/www.youtube-nocookie.com\/embed\/E4M2GDNYVWc\" width=\"800\" height=\"390\" frameborder=\"0\" allowfullscreen=\"allowfullscreen\"><\/iframe><\/p>\n<p><iframe loading=\"lazy\" src=\"\/\/www.youtube-nocookie.com\/embed\/9mDl9365Sys\" width=\"800\" height=\"390\" frameborder=\"0\" allowfullscreen=\"allowfullscreen\"><span data-mce-type=\"bookmark\" style=\"display: inline-block; width: 0px; overflow: hidden; line-height: 0;\" class=\"mce_SELRES_start\">\ufeff<\/span><\/iframe><\/p>\n<h3><span style=\"color: #808000;\">Ot\u00e1zka pre JazykovaPoradna.sk:<\/span><\/h3>\n<p>Ako sa spr\u00e1vne p\u00ed\u0161e rod P\u00e1lffyovcov? Pre\u0161lo v poslednom \u010dase nejak\u00fdmi pravopisn\u00fdmi zmenami aj p\u00edsanie in\u00fdch mien, napr. Eszterh\u00e1zyovci, Zichyovci?<\/p>\n<h3><span style=\"color: #808000;\">Odpove\u010f :<\/span><\/h3>\n<p>V 80. rokoch minul\u00e9ho storo\u010dia sa prijali z\u00e1sady p\u00edsania mien os\u00f4b vystupuj\u00facich v uhorskom obdob\u00ed slovensk\u00fdch dej\u00edn do roku 1918, ktor\u00e9 boli vypracovan\u00e9 v s\u00falade so z\u00e1vermi komisie pre historick\u00fa terminol\u00f3giu pri Historickom \u00fastave SAV. M\u00f4\u017eete si ich pre\u010d\u00edta\u0165 v Pravidl\u00e1ch slovensk\u00e9ho pravopisu (2000) v kapitole P\u00edsanie historick\u00fdch osobn\u00fdch mien z uhorsk\u00e9ho obdobia slovensk\u00fdch dej\u00edn. Pravidl\u00e1 slovensk\u00e9ho pravopisu s\u00fa spr\u00edstupnen\u00e9 aj v elektronickej verzii na str\u00e1nke Jazykovedn\u00e9ho \u00fastavu \u013d. \u0160t\u00fara SAV <a href=\"http:\/\/www.juls.savba.sk\/pravidla_sloven_pravopisu.html\" target=\"_blank\" rel=\"noopener noreferrer\">http:\/\/www.juls.savba.sk\/pravidla_sloven_pravopisu.html<\/a> (zvo\u013ete textov\u00fa \u010das\u0165). Priezvisko P\u00e1lffy\/P\u00e1lffi sa pod\u013ea z\u00e1sad slovensk\u00e9ho prepisu p\u00ed\u0161e P\u00e1lfi, tak\u017ee pomenovanie rodu m\u00e1 podobu rod P\u00e1lfiovcov a rodinn\u00e9 pomenovanie je P\u00e1lfiovci. Podobne je to pri men\u00e1ch Eszterh\u00e1zy a Zichy, ktor\u00e9 sa pod\u013ea spom\u00ednan\u00fdch z\u00e1sad p\u00ed\u0161u Esterh\u00e1zi a Zi\u010di. Rodinn\u00e9 pomenovanie m\u00e1 podobu Esterh\u00e1ziovci, Zi\u010diovci.<br \/>\n<strong>Zdroj inform\u00e1ci\u00ed:<\/strong> <a href=\"http:\/\/jazykovaporadna.sme.sk\/q\/4965\/#axzz4hOkYiI9I\" target=\"_blank\" rel=\"noopener noreferrer\">http:\/\/jazykovaporadna.sme.sk\/q\/4965\/#axzz4hOkYiI9I<\/a><\/p>\n<h3><strong><br \/>\n<\/strong><span style=\"color: #808000;\">Ot\u00e1zka pre jazykov\u00fa porad\u0148u (Jazykovedn\u00fd \u00fastav \u013dudov\u00edta \u0160t\u00fara)<\/span><\/h3>\n<p>Ak potrebujete z\u00edska\u0165 odpove\u010f v kr\u00e1tkom \u010dase, odpor\u00fa\u010dame v\u00e1m vyu\u017ei\u0165 mo\u017enos\u0165 telefonickej konzult\u00e1cie na telef\u00f3nnom \u010d\u00edsle +421 2 54431761-2 v pracovn\u00fdch d\u0148och od 8.00 do 11.00 hodiny.<br \/>\n<strong><br \/>\nV pr\u00edpade technick\u00fdch probl\u00e9mov:<\/strong> <a href=\"mailto:jazykovaporadna@smeonline.sk\" target=\"_blank\" rel=\"noopener noreferrer\">jazykovaporadna@smeonline.sk<\/a><\/p>\n<p><strong>\u010c\u00edtajte viac:<\/strong> <a href=\"http:\/\/jazykovaporadna.sme.sk\/question\/add\/#axzz4hOkYiI9I\" target=\"_blank\" rel=\"noopener noreferrer\">http:\/\/jazykovaporadna.sme.sk\/question\/add\/#axzz4hOkYiI9I<\/a><\/p>\n","protected":false},"excerpt":{"rendered":"<p>Menu: Podkateg\u00f3ria: \u010co je za\u010d Hrad Sz\u00e1dv\u00e1r a kde ho n\u00e1jdete? Hrad Sz\u00e1dv\u00e1r\u00a0je jedn\u00fdm z najstar\u0161\u00edch hradov na \u00fazem\u00ed b\u00fdvalej Turnianskej \u017eupy. Zr\u00facanina tohto\u00a0stredovek\u00e9ho opevnenia\u00a0sa nach\u00e1dza v bl\u00edzkosti hranice Ma\u010farska [&hellip;]<\/p>\n","protected":false},"author":1,"featured_media":21302,"parent":15,"menu_order":0,"comment_status":"closed","ping_status":"open","template":"","meta":{"_uag_custom_page_level_css":"","footnotes":""},"class_list":["post-559","page","type-page","status-publish","has-post-thumbnail","hentry"],"featured_image_src":"https:\/\/www.slovensky-kras.eu\/info\/wp-content\/uploads\/2021\/12\/szadvar.jpg","featured_image_src_square":"https:\/\/www.slovensky-kras.eu\/info\/wp-content\/uploads\/2021\/12\/szadvar.jpg","rbea_author_info":{"display_name":"admin","author_link":"https:\/\/www.slovensky-kras.eu\/info\/author\/admin\/"},"rbea_excerpt_info":"Menu: Podkateg\u00f3ria: \u010co je za\u010d Hrad Sz\u00e1dv\u00e1r a kde ho n\u00e1jdete? Hrad Sz\u00e1dv\u00e1r\u00a0je jedn\u00fdm z najstar\u0161\u00edch hradov na \u00fazem\u00ed b\u00fdvalej Turnianskej \u017eupy. Zr\u00facanina tohto\u00a0stredovek\u00e9ho opevnenia\u00a0sa nach\u00e1dza v bl\u00edzkosti hranice Ma\u010farska [&hellip;]","uagb_featured_image_src":{"full":["https:\/\/www.slovensky-kras.eu\/info\/wp-content\/uploads\/2021\/12\/szadvar.jpg",800,533,false],"thumbnail":["https:\/\/www.slovensky-kras.eu\/info\/wp-content\/uploads\/2021\/12\/szadvar-150x150.jpg",150,150,true],"medium":["https:\/\/www.slovensky-kras.eu\/info\/wp-content\/uploads\/2021\/12\/szadvar.jpg",800,533,false],"medium_large":["https:\/\/www.slovensky-kras.eu\/info\/wp-content\/uploads\/2021\/12\/szadvar-768x512.jpg",768,512,true],"large":["https:\/\/www.slovensky-kras.eu\/info\/wp-content\/uploads\/2021\/12\/szadvar.jpg",800,533,false],"1536x1536":["https:\/\/www.slovensky-kras.eu\/info\/wp-content\/uploads\/2021\/12\/szadvar.jpg",800,533,false],"2048x2048":["https:\/\/www.slovensky-kras.eu\/info\/wp-content\/uploads\/2021\/12\/szadvar.jpg",800,533,false]},"uagb_author_info":{"display_name":"admin","author_link":"https:\/\/www.slovensky-kras.eu\/info\/author\/admin\/"},"uagb_comment_info":0,"uagb_excerpt":"Menu: Podkateg\u00f3ria: \u010co je za\u010d Hrad Sz\u00e1dv\u00e1r a kde ho n\u00e1jdete? Hrad Sz\u00e1dv\u00e1r\u00a0je jedn\u00fdm z najstar\u0161\u00edch hradov na \u00fazem\u00ed b\u00fdvalej Turnianskej \u017eupy. Zr\u00facanina tohto\u00a0stredovek\u00e9ho opevnenia\u00a0sa nach\u00e1dza v bl\u00edzkosti hranice Ma\u010farska [&hellip;]","_links":{"self":[{"href":"https:\/\/www.slovensky-kras.eu\/info\/wp-json\/wp\/v2\/pages\/559","targetHints":{"allow":["GET"]}}],"collection":[{"href":"https:\/\/www.slovensky-kras.eu\/info\/wp-json\/wp\/v2\/pages"}],"about":[{"href":"https:\/\/www.slovensky-kras.eu\/info\/wp-json\/wp\/v2\/types\/page"}],"author":[{"embeddable":true,"href":"https:\/\/www.slovensky-kras.eu\/info\/wp-json\/wp\/v2\/users\/1"}],"replies":[{"embeddable":true,"href":"https:\/\/www.slovensky-kras.eu\/info\/wp-json\/wp\/v2\/comments?post=559"}],"version-history":[{"count":11,"href":"https:\/\/www.slovensky-kras.eu\/info\/wp-json\/wp\/v2\/pages\/559\/revisions"}],"predecessor-version":[{"id":28686,"href":"https:\/\/www.slovensky-kras.eu\/info\/wp-json\/wp\/v2\/pages\/559\/revisions\/28686"}],"up":[{"embeddable":true,"href":"https:\/\/www.slovensky-kras.eu\/info\/wp-json\/wp\/v2\/pages\/15"}],"wp:featuredmedia":[{"embeddable":true,"href":"https:\/\/www.slovensky-kras.eu\/info\/wp-json\/wp\/v2\/media\/21302"}],"wp:attachment":[{"href":"https:\/\/www.slovensky-kras.eu\/info\/wp-json\/wp\/v2\/media?parent=559"}],"curies":[{"name":"wp","href":"https:\/\/api.w.org\/{rel}","templated":true}]}}