{"id":498,"date":"2013-06-29T15:52:53","date_gmt":"2013-06-29T13:52:53","guid":{"rendered":"http:\/\/www.slovensky-kras.eu\/info\/?page_id=498"},"modified":"2025-11-16T07:54:23","modified_gmt":"2025-11-16T06:54:23","slug":"pr-palanta","status":"publish","type":"page","link":"https:\/\/www.slovensky-kras.eu\/info\/kam-do-prirody\/pr-palanta\/","title":{"rendered":"PR Palanta"},"content":{"rendered":"<p><strong>Menu: <\/strong> <a href=\"http:\/\/www.slovensky-kras.eu\/info\/\" class=\"su-button su-button-style-default\" style=\"color:#000000;background-color:#FFCF2F;border-color:#cca626;border-radius:5px\" target=\"_self\"><span style=\"color:#000000;padding:6px 16px;font-size:13px;line-height:20px;border-color:#ffde6e;border-radius:5px;text-shadow:none\"><i class=\"sui sui-arrow-right\" style=\"font-size:13px;color:#000000\"><\/i>  \u00davod \/ Aktuality <\/span><\/a>\n<a href=\"http:\/\/www.slovensky-kras.eu\/info\/kam-do-prirody\/\" class=\"su-button su-button-style-default\" style=\"color:#000000;background-color:#FFCF2F;border-color:#cca626;border-radius:5px\" target=\"_self\"><span style=\"color:#000000;padding:6px 16px;font-size:13px;line-height:20px;border-color:#ffde6e;border-radius:5px;text-shadow:none\"><i class=\"sui sui-arrow-right\" style=\"font-size:13px;color:#000000\"><\/i>  Kam do pr\u00edrody <\/span><\/a>\n<p><strong>Podkateg\u00f3ria: <\/strong> <a href=\"http:\/\/www.slovensky-kras.eu\/info\/kam-do-prirody\/prirodne-rezervacie\/\" class=\"su-button su-button-style-default\" style=\"color:#000000;background-color:#C5ED2C;border-color:#9ebe24;border-radius:5px\" target=\"_self\"><span style=\"color:#000000;padding:6px 16px;font-size:13px;line-height:20px;border-color:#d7f36c;border-radius:5px;text-shadow:none\"><i class=\"sui sui-arrow-right\" style=\"font-size:13px;color:#000000\"><\/i>  Pr\u00edrodn\u00e9 rezerv\u00e1cie <\/span><\/a>\n<div class=\"su-divider su-divider-style-default\" style=\"margin:15px 0;border-width:2px;border-color:#000000\"><\/div>\n<figure id=\"attachment_28639\" aria-describedby=\"caption-attachment-28639\" style=\"width: 900px\" class=\"wp-caption aligncenter\"><a href=\"https:\/\/www.slovensky-kras.eu\/info\/wp-content\/uploads\/2025\/11\/palanta.png\"><img loading=\"lazy\" decoding=\"async\" class=\"wp-image-28639\" src=\"https:\/\/www.slovensky-kras.eu\/info\/wp-content\/uploads\/2025\/11\/palanta.png\" alt=\"PR Palanta\" width=\"900\" height=\"620\" srcset=\"https:\/\/www.slovensky-kras.eu\/info\/wp-content\/uploads\/2025\/11\/palanta.png 1022w, https:\/\/www.slovensky-kras.eu\/info\/wp-content\/uploads\/2025\/11\/palanta-800x551.png 800w, https:\/\/www.slovensky-kras.eu\/info\/wp-content\/uploads\/2025\/11\/palanta-768x529.png 768w\" sizes=\"auto, (max-width: 900px) 100vw, 900px\" \/><\/a><figcaption id=\"caption-attachment-28639\" class=\"wp-caption-text\">PR Palanta<\/figcaption><\/figure>\n<div class=\"su-divider su-divider-style-default\" style=\"margin:15px 0;border-width:2px;border-color:#000000\"><\/div>\n<h2 dir=\"auto\"><span style=\"color: #800000;\">Kde sa nach\u00e1dza <strong>Palanta<\/strong> a \u010do ju rob\u00ed v\u00fdnimo\u010dnou?<\/span><\/h2>\n<p dir=\"auto\"><strong>Palanta<\/strong> sa nach\u00e1dza na severe od obce Drienovec-Drienoveck\u00e9 k\u00fapele, v ju\u017enej \u010dasti Jasovskej planiny v NP Slovensk\u00fd kras. T\u00e1to rezerv\u00e1cia reprezentuje lesostepn\u00e9 spolo\u010denstvo s <strong>dubom plstnat\u00fdm<\/strong> (Quercus pubescens), <strong>jase\u0148om mannov\u00fdm<\/strong> (Fraxinus ornus), <strong>javorom tat\u00e1rskym<\/strong> (Acer tataricum), <strong>kloko\u010dom perist\u00fdm<\/strong> (Staphylea pinnata) a \u010fal\u0161\u00edmi drevinami. Okolie rezerv\u00e1cie je zn\u00e1mym krasov\u00fdm reli\u00e9fom, lesostepn\u00fdmi ekosyst\u00e9mami a v\u00fdh\u013eadmi na strm\u00e9 svahy Jasovskej planiny.<\/p>\n<h2 dir=\"auto\"><span style=\"color: #800000;\">Kedy bola vyhl\u00e1sen\u00e1 pr\u00edrodn\u00e1 rezerv\u00e1cia <strong>Palanta<\/strong> a ak\u00fa m\u00e1 rozlohu?<\/span><\/h2>\n<p dir=\"auto\">PR bola vyhl\u00e1sen\u00e1 v roku 1993 a m\u00e1 rozlohu 86,93 ha. Rezerv\u00e1cia je chr\u00e1nen\u00e1 s 5. stup\u0148om ochrany od roku 1993 a sl\u00fa\u017ei ako v\u00fdskumn\u00fd objekt pre \u0161t\u00fadium extr\u00e9mnych lesn\u00fdch a skaln\u00fdch biotopov.<\/p>\n<h2 dir=\"auto\"><span style=\"color: #800000;\">Ak\u00e9 pravidl\u00e1 ochrany platia v pr\u00edrodnej rezerv\u00e1cii <strong>Palanta<\/strong> s 5. stup\u0148om ochrany?<\/span><\/h2>\n<p dir=\"auto\">Ke\u010f\u017ee je tu 5. stupe\u0148 ochrany, plat\u00ed tu z\u00e1kaz pohybova\u0165 sa mimo vyzna\u010den\u00e9ho turistick\u00e9ho chodn\u00edka alebo n\u00e1u\u010dn\u00e9ho chodn\u00edka za hranicami zastavan\u00e9ho \u00fazemia obce a vch\u00e1dza\u0165 s bicyklom na pozemky za hranicami zastavan\u00e9ho \u00fazemia obce mimo dia\u013enice, cesty, miestnej komunik\u00e1cie a vyzna\u010denej cyklotrasy!!!<\/p>\n<h2 dir=\"auto\"><span style=\"color: #800000;\">Ako z\u00edska\u0165 povolenie na vstup do pr\u00edrodnej rezerv\u00e1cie <strong>Palanta<\/strong> s 5. stup\u0148om ochrany?<\/span><\/h2>\n<p dir=\"auto\">Na vstup do pr\u00edrodnej rezerv\u00e1cie s 5. stup\u0148om ochrany je potrebn\u00e9, aby ste postupovali nasledovne:<\/p>\n<ol dir=\"auto\">\n<li>Poda\u0165 \u017eiados\u0165 na okresn\u00fd \u00farad v s\u00eddle kraja, odbor starostlivosti o \u017eivotn\u00e9 prostredie, na udelenie v\u00fdnimky z \u00fazemnej ochrany pod\u013ea \u00a7 16 ods. 1 p\u00edsm. a) z\u00e1kona \u010d. 543\/2002 Z. z. o ochrane pr\u00edrody a krajiny v znen\u00ed neskor\u0161\u00edch predpisov. Tak\u00fato \u017eiados\u0165 treba riadne od\u00f4vodni\u0165 a uvies\u0165 d\u00f4vody, pre ktor\u00e9 by mala by\u0165 v\u00fdnimka udelen\u00e1.<\/li>\n<li>Tak\u00e9to podanie sa spoplat\u0148uje pod\u013ea polo\u017eky 160 z\u00e1kona \u010d. 145\/1995 o spr\u00e1vnych poplatkoch v znen\u00ed neskor\u0161\u00edch predpisov sumou 10 eur, ak pod\u00e1va \u017eiados\u0165 fyzick\u00e1 osoba, alebo 100 eur, ak je \u017eiados\u0165 podan\u00e1 pr\u00e1vnickou osobou.<\/li>\n<\/ol>\n<h2 dir=\"auto\"><span style=\"color: #800000;\">\u010co skr\u00fdva pr\u00edrodn\u00e1 rezerv\u00e1cia <strong>Palanta<\/strong> za unik\u00e1tnu jasky\u0148u?<\/span><\/h2>\n<p dir=\"auto\"><strong>Drienovsk\u00e1 jasky\u0148a<\/strong> je v\u00fdverov\u00e1 rie\u010dna jasky\u0148a. Miestnym obyvate\u013estvom je t\u00e1to jasky\u0148a zn\u00e1ma a naz\u00fdvan\u00e1 pod p\u00f4vabn\u00fdm menom \u201e<strong>Pityk\u00f3<\/strong>\u201c. Tento n\u00e1zov \u010dasto usly\u0161\u00edte od obyvate\u013eov v okolit\u00fdch obciach. <strong>Drienovsk\u00e1 jasky\u0148a<\/strong>\u00a0m\u00e1 v\u00fdnimo\u010dn\u00fd status. V roku\u00a0<strong>1995<\/strong>\u00a0bola spolu s \u010fal\u0161\u00edmi jasky\u0148ami zap\u00edsan\u00e1 na zoznam\u00a0<strong>Svetov\u00e9ho dedi\u010dstva UNESCO<\/strong>\u00a0pod spolo\u010dn\u00fdm n\u00e1zvom\u00a0<strong>jaskyne\u00a0<a href=\"https:\/\/www.slovensky-kras.eu\/info\/vseobecne-informacie\/\">Slovensk\u00e9ho krasu<\/a>\u00a0a Aggteleck\u00e9ho krasu<\/strong>. Je tie\u017e s\u00fa\u010das\u0165ou\u00a0<strong>pr\u00edrodnej rezerv\u00e1cie\u00a0<a href=\"https:\/\/www.slovensky-kras.eu\/info\/kam-do-prirody\/npr-palanta\/\">Palanta<\/a><\/strong>. Za\u00a0<strong>n\u00e1rodn\u00fa pr\u00edrodn\u00fa pamiatku<\/strong>\u00a0bola ofici\u00e1lne vyhl\u00e1sen\u00e1 n\u00e1sledne, v roku\u00a0<strong>1996<\/strong>, \u010do sved\u010d\u00ed o jej v\u00fdnimo\u010dnej pr\u00edrodnej hodnote.<\/p>\n<h3><span style=\"color: #808000;\">Bl\u00edzke stredisko, turistick\u00e9 centrum, obec alebo mesto:<\/span><\/h3>\n<ul>\n<li><a href=\"http:\/\/www.slovensky-kras.eu\/info\/strediska-a-centra\/obec-drienovec-drienovecke-kupele\/\">Obec Drienovec-Drienoveck\u00e9 k\u00fapele (\u010d\u00edtaj viac&#8230;)<\/a><\/li>\n<\/ul>\n<h2><span style=\"color: #800000;\">Mapy<\/span><\/h2>\n<p><strong>Vrstvy: <\/strong>Turistick\u00e1 mapa, Automapa, Cyklomapa, Ly\u017eiarska mapa, Satelitn\u00e1 mapa a OpenStreetMap.<\/p>\n<p><strong>Kliknut\u00edm na logo &#8222;Freemap.sk&#8220; sa V\u00e1m mapa zobraz\u00ed na celej ploche obrazovky.<\/strong><\/p>\n<p><iframe style=\"width: 900px; height: 600px; border: 0;\" src=\"https:\/\/www.freemap.sk\/?map=13\/48.626385\/20.950327&amp;info-point=48.626385\/20.950327,NPR Palanta&amp;layers=X&amp;embed=search\" allowfullscreen=\"allowfullscreen\"><\/iframe><\/p>\n<h2><strong><br \/>\n<\/strong><span style=\"color: #800000;\">Po\u010dasie<\/span><\/h2>\n<p><iframe style=\"width: 900px; height: 610px;\" src=\"https:\/\/www.meteoblue.com\/sk\/po%C4%8Dasie\/widget\/three\/drienovec_slovensk%c3%a1-republika_724867?geoloc=fixed&amp;nocurrent=0&amp;noforecast=0&amp;days=6&amp;tempunit=CELSIUS&amp;windunit=KILOMETER_PER_HOUR&amp;layout=image\" frameborder=\"0\" scrolling=\"NO\" sandbox=\"allow-same-origin allow-scripts allow-popups allow-popups-to-escape-sandbox\"><span data-mce-type=\"bookmark\" style=\"display: inline-block; width: 0px; overflow: hidden; line-height: 0;\" class=\"mce_SELRES_start\">\ufeff<\/span><\/iframe><\/p>\n<div><!-- DO NOT REMOVE THIS LINK --><a href=\"https:\/\/www.meteoblue.com\/sk\/po%C4%8Dasie\/predpove%C4%8F\/t%C3%BD%C5%BEde%C5%88\/drienovec_slovensk%c3%a1-republika_724867?utm_source=weather_widget&amp;utm_medium=linkus&amp;utm_content=three&amp;utm_campaign=Weather%2BWidget\" target=\"_blank\" rel=\"noopener noreferrer\">meteoblue<\/a><\/div>\n<p><strong>Zdroj inform\u00e1ci\u00ed : <\/strong><a href=\"http:\/\/www.sopsr.sk\/slovkras\/\" target=\"_blank\" rel=\"noopener noreferrer\">NP Slovensk\u00fd kras<\/a><\/p>\n","protected":false},"excerpt":{"rendered":"<p>Menu: Podkateg\u00f3ria: Kde sa nach\u00e1dza Palanta a \u010do ju rob\u00ed v\u00fdnimo\u010dnou? Palanta sa nach\u00e1dza na severe od obce Drienovec-Drienoveck\u00e9 k\u00fapele, v ju\u017enej \u010dasti Jasovskej planiny v NP Slovensk\u00fd kras. T\u00e1to [&hellip;]<\/p>\n","protected":false},"author":1,"featured_media":0,"parent":13,"menu_order":0,"comment_status":"closed","ping_status":"open","template":"","meta":{"_uag_custom_page_level_css":"","footnotes":""},"class_list":["post-498","page","type-page","status-publish","hentry"],"featured_image_src":"","featured_image_src_square":false,"rbea_author_info":{"display_name":"admin","author_link":"https:\/\/www.slovensky-kras.eu\/info\/author\/admin\/"},"rbea_excerpt_info":"Menu: Podkateg\u00f3ria: Kde sa nach\u00e1dza Palanta a \u010do ju rob\u00ed v\u00fdnimo\u010dnou? Palanta sa nach\u00e1dza na severe od obce Drienovec-Drienoveck\u00e9 k\u00fapele, v ju\u017enej \u010dasti Jasovskej planiny v NP Slovensk\u00fd kras. T\u00e1to [&hellip;]","uagb_featured_image_src":{"full":false,"thumbnail":false,"medium":false,"medium_large":false,"large":false,"1536x1536":false,"2048x2048":false},"uagb_author_info":{"display_name":"admin","author_link":"https:\/\/www.slovensky-kras.eu\/info\/author\/admin\/"},"uagb_comment_info":0,"uagb_excerpt":"Menu: Podkateg\u00f3ria: Kde sa nach\u00e1dza Palanta a \u010do ju rob\u00ed v\u00fdnimo\u010dnou? Palanta sa nach\u00e1dza na severe od obce Drienovec-Drienoveck\u00e9 k\u00fapele, v ju\u017enej \u010dasti Jasovskej planiny v NP Slovensk\u00fd kras. T\u00e1to [&hellip;]","_links":{"self":[{"href":"https:\/\/www.slovensky-kras.eu\/info\/wp-json\/wp\/v2\/pages\/498","targetHints":{"allow":["GET"]}}],"collection":[{"href":"https:\/\/www.slovensky-kras.eu\/info\/wp-json\/wp\/v2\/pages"}],"about":[{"href":"https:\/\/www.slovensky-kras.eu\/info\/wp-json\/wp\/v2\/types\/page"}],"author":[{"embeddable":true,"href":"https:\/\/www.slovensky-kras.eu\/info\/wp-json\/wp\/v2\/users\/1"}],"replies":[{"embeddable":true,"href":"https:\/\/www.slovensky-kras.eu\/info\/wp-json\/wp\/v2\/comments?post=498"}],"version-history":[{"count":5,"href":"https:\/\/www.slovensky-kras.eu\/info\/wp-json\/wp\/v2\/pages\/498\/revisions"}],"predecessor-version":[{"id":28643,"href":"https:\/\/www.slovensky-kras.eu\/info\/wp-json\/wp\/v2\/pages\/498\/revisions\/28643"}],"up":[{"embeddable":true,"href":"https:\/\/www.slovensky-kras.eu\/info\/wp-json\/wp\/v2\/pages\/13"}],"wp:attachment":[{"href":"https:\/\/www.slovensky-kras.eu\/info\/wp-json\/wp\/v2\/media?parent=498"}],"curies":[{"name":"wp","href":"https:\/\/api.w.org\/{rel}","templated":true}]}}