{"id":438,"date":"2013-06-29T14:27:06","date_gmt":"2013-06-29T12:27:06","guid":{"rendered":"http:\/\/www.slovensky-kras.eu\/info\/?page_id=438"},"modified":"2026-04-15T07:03:00","modified_gmt":"2026-04-15T05:03:00","slug":"npr-domicke-skrapy","status":"publish","type":"page","link":"https:\/\/www.slovensky-kras.eu\/info\/kam-do-prirody\/npr-domicke-skrapy\/","title":{"rendered":"NPR Domick\u00e9 \u0161krapy"},"content":{"rendered":"<p><strong>Menu: <\/strong> <a href=\"http:\/\/www.slovensky-kras.eu\/info\/\" class=\"su-button su-button-style-default\" style=\"color:#000000;background-color:#FFCF2F;border-color:#cca626;border-radius:5px\" target=\"_self\"><span style=\"color:#000000;padding:6px 16px;font-size:13px;line-height:20px;border-color:#ffde6e;border-radius:5px;text-shadow:none\"><i class=\"sui sui-arrow-right\" style=\"font-size:13px;color:#000000\"><\/i>  \u00davod \/ Aktuality <\/span><\/a>\n<a href=\"http:\/\/www.slovensky-kras.eu\/info\/kam-do-prirody\/\" class=\"su-button su-button-style-default\" style=\"color:#000000;background-color:#FFCF2F;border-color:#cca626;border-radius:5px\" target=\"_self\"><span style=\"color:#000000;padding:6px 16px;font-size:13px;line-height:20px;border-color:#ffde6e;border-radius:5px;text-shadow:none\"><i class=\"sui sui-arrow-right\" style=\"font-size:13px;color:#000000\"><\/i>  Kam do pr\u00edrody <\/span><\/a>\n<p><strong>Podkateg\u00f3ria: <\/strong> <a href=\"http:\/\/www.slovensky-kras.eu\/info\/kam-do-prirody\/narodne-prirodne-rezervacie\/\" class=\"su-button su-button-style-default\" style=\"color:#000000;background-color:#C5ED2C;border-color:#9ebe24;border-radius:5px\" target=\"_self\"><span style=\"color:#000000;padding:6px 16px;font-size:13px;line-height:20px;border-color:#d7f36c;border-radius:5px;text-shadow:none\"><i class=\"sui sui-arrow-right\" style=\"font-size:13px;color:#000000\"><\/i>  N\u00e1rodn\u00e9 pr\u00edrodn\u00e9 rezerv\u00e1cie <\/span><\/a>\n<div class=\"su-divider su-divider-style-default\" style=\"margin:15px 0;border-width:2px;border-color:#000000\"><\/div>\n<figure id=\"attachment_30173\" aria-describedby=\"caption-attachment-30173\" style=\"width: 900px\" class=\"wp-caption aligncenter\"><a href=\"https:\/\/www.slovensky-kras.eu\/info\/wp-content\/uploads\/2026\/04\/domicke-skrapy-3.jpeg\"><img loading=\"lazy\" decoding=\"async\" class=\"wp-image-30173\" src=\"https:\/\/www.slovensky-kras.eu\/info\/wp-content\/uploads\/2026\/04\/domicke-skrapy-3.jpeg\" alt=\"NPR Domick\u00e9 \u0161krapy\" width=\"900\" height=\"502\" srcset=\"https:\/\/www.slovensky-kras.eu\/info\/wp-content\/uploads\/2026\/04\/domicke-skrapy-3.jpeg 1376w, https:\/\/www.slovensky-kras.eu\/info\/wp-content\/uploads\/2026\/04\/domicke-skrapy-3-800x447.jpeg 800w, https:\/\/www.slovensky-kras.eu\/info\/wp-content\/uploads\/2026\/04\/domicke-skrapy-3-1024x572.jpeg 1024w, https:\/\/www.slovensky-kras.eu\/info\/wp-content\/uploads\/2026\/04\/domicke-skrapy-3-768x429.jpeg 768w\" sizes=\"auto, (max-width: 900px) 100vw, 900px\" \/><\/a><figcaption id=\"caption-attachment-30173\" class=\"wp-caption-text\">NPR Domick\u00e9 \u0161krapy<\/figcaption><\/figure>\n<div class=\"su-divider su-divider-style-default\" style=\"margin:15px 0;border-width:2px;border-color:#000000\"><\/div>\n<h2><span style=\"color: #800000;\">Kde presne sa chr\u00e1nen\u00e9 \u00fazemie <b>NPR Domick\u00e9 \u0161krapy<\/b> nach\u00e1dza?<\/span><\/h2>\n<p data-path-to-node=\"3\"><b>NPR Domick\u00e9 \u0161krapy<\/b> bola vyhl\u00e1sen\u00e1 za rezerv\u00e1ciu v roku 1973 a rozprestiera sa na ploche 24,44 hekt\u00e1ra. Toto v\u00fdnimo\u010dn\u00e9 \u00fazemie n\u00e1jdete na \u00fabo\u010diach vrchu <b>\u010certova diera<\/b>. Z geomorfologick\u00e9ho h\u013eadiska toto \u00fazemie patr\u00ed do rozsiahlej oblasti <b>Slovensk\u00e9ho rudohoria<\/b> a jeho horsk\u00e9ho celku <b>Slovensk\u00fd kras<\/b>, konkr\u00e9tne do podcelku <b>Silick\u00e1 planina<\/b>. Nach\u00e1dza sa necel\u00fd 1 kilometer severne od <a href=\"http:\/\/www.slovensky-kras.eu\/info\/strediska-a-centra\/domica\/\">strediska <b>Domica<\/b><\/a>, priamo na <a href=\"https:\/\/www.slovensky-kras.eu\/info\/kam-do-prirody\/silicka-planina\/\"><b>Silickej planine<\/b><\/a> v N\u00e1rodnom parku <b>Slovensk\u00fd kras<\/b>.<\/p>\n<h2><span style=\"color: #800000;\">Ak\u00fd geologick\u00fd a botanick\u00fd poklad chr\u00e1nia <b>Domick\u00e9 \u0161krapy<\/b>?<\/span><\/h2>\n<p data-path-to-node=\"6\">Geologick\u00fd podklad tvor\u00ed svetl\u00fd v\u00e1penec zo stredn\u00e9ho triasu, pod ktor\u00fdm sa miestami objavuj\u00fa slab\u0161ie vrstvy gutensteinsk\u00fdch v\u00e1pencov. Hlavn\u00fdm predmetom ochrany je <b>vz\u00e1cna xerotermn\u00e1 veget\u00e1cia<\/b>, ktor\u00e1 je typick\u00e1 pre cel\u00e9 \u00fazemie <b>Slovensk\u00e9ho krasu<\/b> a jej v\u00fdnimo\u010dn\u00fd v\u00fdskyt r\u00f4znych druhov rastl\u00edn. Medzi tieto <b>vz\u00e1cne druhy rastl\u00edn<\/b> patria napr\u00edklad <b>kosatec n\u00edzky<\/b> (<i>Iris pumila<\/i>), <b>v\u010deln\u00edk rak\u00fasky<\/b> (<i>Dracocephalum austriacum<\/i>), <b>py\u0161tek naju\u017e\u0161\u00ed<\/b> (<i>Linaria pallidiflora<\/i>), <b>stepnatka \u00fazkolist\u00e1<\/b> (<i>Eremogene micradenia<\/i>), <b>krupinka oby\u010dajn\u00e1<\/b> (<i>Crupina vulgaris<\/i>), <b>sinokvet m\u00e4kk\u00fd ve\u013eko\u00faborov\u00fd<\/b> (<i>Jurinea mollis subsp. macrocalathia<\/i>), a mnoh\u00e9 in\u00e9.<\/p>\n<h2><span style=\"color: #800000;\">Ak\u00e1 <b>vz\u00e1cna fauna<\/b> sa vyvinula v tejto pr\u00edrodnej rezerv\u00e1cii?<\/span><\/h2>\n<p data-path-to-node=\"9\">V\u010faka \u0161pecifick\u00fdm podmienkam sa tu vyvinula aj <b>vz\u00e1cna teplomiln\u00e1 fauna<\/b>. Najzn\u00e1mej\u0161\u00ed je v\u00fdskyt <b>kr\u00e1tkon\u00f4\u017eky pan\u00f3nskej<\/b> (<i>Ablepharus kitaibelii<\/i>). Okrem nej tu m\u00f4\u017eete pozorova\u0165 aj viacer\u00e9 druhy <b>ja\u0161ter\u00edc<\/b>, ako aj rozmanit\u00e9 druhy <b>chrob\u00e1kov<\/b> a <b>mot\u00fd\u013eov<\/b>. T\u00e1to lokalita je k\u013e\u00fa\u010dov\u00e1 pre zachovanie biodiverzity v r\u00e1mci <b>Slovensk\u00e9ho krasu<\/b>.<\/p>\n<h2><span style=\"color: #800000;\">Ako sa dosta\u0165 k <b>NPR Domick\u00e9 \u0161krapy<\/b> a ak\u00e9 pravidl\u00e1 mus\u00edm dodr\u017eiava\u0165?<\/span><\/h2>\n<p data-path-to-node=\"12\">V tesnej bl\u00edzkosti <b>NPR Domick\u00e9 \u0161krapy<\/b> prech\u00e1dza <a href=\"https:\/\/www.slovensky-kras.eu\/info\/wp-content\/uploads\/2013\/06\/zlta.png\"><img loading=\"lazy\" decoding=\"async\" class=\"size-full wp-image-10332 alignnone\" src=\"https:\/\/www.slovensky-kras.eu\/info\/wp-content\/uploads\/2013\/06\/zlta.png\" alt=\"\" width=\"20\" height=\"21\" \/><\/a> <b>\u017elt\u00e1 turistick\u00e1 trasa<\/b> ved\u00faca zo <a href=\"http:\/\/www.slovensky-kras.eu\/info\/strediska-a-centra\/domica\/\">strediska <b>Domica<\/b><\/a>.<\/p>\n<p class=\"my-2 [&amp;+p]:mt-4 [&amp;_strong:has(+br)]:inline-block [&amp;_strong:has(+br)]:pb-2\">Ak chcete nav\u0161t\u00edvi\u0165 Domick\u00e9 \u0161krapy pe\u0161o, najlep\u0161\u00edm v\u00fdchodiskom je are\u00e1l jaskyne <a href=\"https:\/\/www.slovensky-kras.eu\/info\/jaskyne-a-priepasti\/jaskyna-domica\/\">Domica<\/a>. Odtia\u013e vedie <a href=\"https:\/\/www.slovensky-kras.eu\/info\/aktivity-a-sport\/naucny-chodnik-domica\/\">zna\u010den\u00fd n\u00e1u\u010dn\u00fd chodn\u00edk<\/a>, ktor\u00fd prech\u00e1dza krasovou krajinou Slovensk\u00e9ho krasu a pon\u00faka nen\u00e1ro\u010dn\u00fa prech\u00e1dzku v pr\u00edrode.<\/p>\n<p class=\"my-2 [&amp;+p]:mt-4 [&amp;_strong:has(+br)]:inline-block [&amp;_strong:has(+br)]:pb-2\">Trasa je vhodn\u00e1 aj pre be\u017en\u00fdch turistov, preto\u017ee ide o kr\u00e1tky a dobre zna\u010den\u00fd pe\u0161\u00ed okruh. Na ceste uvid\u00edte typick\u00e9 v\u00e1pencov\u00e9 \u0161krapy, ktor\u00e9 patria medzi najzauj\u00edmavej\u0161ie pr\u00edrodn\u00e9 \u00fatvary v tejto lokalite.<\/p>\n<p class=\"my-2 [&amp;+p]:mt-4 [&amp;_strong:has(+br)]:inline-block [&amp;_strong:has(+br)]:pb-2\">Ak si chcete v\u00fdlet pred\u013a\u017ei\u0165, m\u00f4\u017eete spoji\u0165 prech\u00e1dzku s prehliadkou jaskyne Domica. Je to ide\u00e1lna vo\u013eba pre t\u00fdch, ktor\u00ed h\u013eadaj\u00fa \u013eahk\u00fd v\u00fdlet s peknou pr\u00edrodou a geologicky zauj\u00edmav\u00fdm ter\u00e9nom.<\/p>\n<p data-path-to-node=\"13\">Ke\u010f\u017ee toto \u00fazemie spad\u00e1 pod <b>5. stupe\u0148 ochrany<\/b>, platia tu pr\u00edsne pravidl\u00e1 pre <b>turistov<\/b> a <b>cestovate\u013eov<\/b>:<\/p>\n<ul data-path-to-node=\"14\">\n<li>\n<p data-path-to-node=\"14,0,0\"><b>Z\u00e1kaz<\/b> pohybova\u0165 sa mimo <b>vyzna\u010den\u00e9ho turistick\u00e9ho chodn\u00edka<\/b> alebo <b>n\u00e1u\u010dn\u00e9ho chodn\u00edka<\/b> za hranicami zastavan\u00e9ho \u00fazemia obce.<\/p>\n<\/li>\n<li>\n<p data-path-to-node=\"14,1,0\"><b>Z\u00e1kaz<\/b> vch\u00e1dza\u0165 s bicyklom na pozemky za hranicami zastavan\u00e9ho \u00fazemia obce, okrem dia\u013enice, cesty, miestnej komunik\u00e1cie a vyzna\u010denej cyklotrasy.<\/p>\n<\/li>\n<\/ul>\n<p data-path-to-node=\"15\">Ak by ste chceli vst\u00fapi\u0165 priamo do pr\u00edrodnej rezerv\u00e1cie s <b>5. stup\u0148om ochrany<\/b> mimo vyzna\u010den\u00fdch ciest, je potrebn\u00e9 postupova\u0165 pod\u013ea nasleduj\u00faceho administrat\u00edvneho postupu:<\/p>\n<ol start=\"1\" data-path-to-node=\"16\">\n<li>\n<p data-path-to-node=\"16,0,0\">Je nutn\u00e9 poda\u0165 riadne od\u00f4vodnen\u00fa \u017eiados\u0165 o udelenie v\u00fdnimky z \u00fazemnej ochrany.<\/p>\n<ul data-path-to-node=\"16,0,1\">\n<li>\n<p data-path-to-node=\"16,0,1,0,0\">\u017diados\u0165 sa pod\u00e1va na <b>okresn\u00fd \u00farad v s\u00eddle kraja<\/b>, konkr\u00e9tne na odbor starostlivosti o \u017eivotn\u00e9 prostredie.<\/p>\n<\/li>\n<li>\n<p data-path-to-node=\"16,0,1,1,0\">Mus\u00edte uvies\u0165 d\u00f4vody, pre ktor\u00e9 by mala by\u0165 v\u00fdnimka udelen\u00e1, a postupova\u0165 pod\u013ea <span class=\"math-inline\" data-math=\"\u00a7 16\">$\u00a7 16$<\/span> ods. 1 p\u00edsm. a) z\u00e1kona \u010d. 543\/2002 Z.z. o ochrane pr\u00edrody a krajiny v znen\u00ed neskor\u0161\u00edch predpisov.<\/p>\n<\/li>\n<\/ul>\n<\/li>\n<li>\n<p data-path-to-node=\"16,1,0\">Tak\u00e9to podanie je spoplatnen\u00e9 pod\u013ea polo\u017eky 160 z\u00e1kona \u010d. 145\/1995 o spr\u00e1vnych poplatkoch v znen\u00ed neskor\u0161\u00edch predpisov:<\/p>\n<ul data-path-to-node=\"16,1,1\">\n<li>\n<p data-path-to-node=\"16,1,1,0,0\">Sumou 10 Eur, ak \u017eiados\u0165 pod\u00e1va fyzick\u00e1 osoba (pre <b>turistov<\/b>).<\/p>\n<\/li>\n<li>\n<p data-path-to-node=\"16,1,1,1,0\">Sumou 100 Eur, ak je \u017eiados\u0165 podan\u00e1 pr\u00e1vnickou osobou.<\/p>\n<\/li>\n<\/ul>\n<\/li>\n<\/ol>\n<h2><span style=\"color: #800000;\">Fotogal\u00e9ria<\/span><\/h2>\n<style type=\"text\/css\">\n#foogallery-gallery-30170 .fg-image { width: 200px; }<\/style>\n\t\t\t<div class=\"foogallery foogallery-container foogallery-carousel foogallery-lightbox-foogallery fg-carousel fg-ready fg-light fg-border-medium fg-round-small fg-shadow-medium fg-loading-default fg-loaded-fade-in fg-hover-semi-zoomed fg-hover-fade fg-hover-circle-plus2\" id=\"foogallery-gallery-30170\" data-foogallery=\"{&quot;panel&quot;:{&quot;buttons&quot;:{&quot;download&quot;:false}},&quot;item&quot;:{&quot;showCaptionTitle&quot;:true,&quot;showCaptionDescription&quot;:true},&quot;lazy&quot;:true,&quot;template&quot;:{&quot;maxItems&quot;:5,&quot;scale&quot;:0.11999999999999999555910790149937383830547332763671875,&quot;gutter&quot;:{&quot;min&quot;:-40,&quot;max&quot;:-20,&quot;unit&quot;:&quot;%&quot;},&quot;autoplay&quot;:{&quot;time&quot;:0,&quot;interaction&quot;:&quot;pause&quot;},&quot;centerOnClick&quot;:true,&quot;align&quot;:&quot;center&quot;,&quot;activePosition&quot;:&quot;center&quot;}}\" data-foogallery-lightbox=\"{&quot;thumbs&quot;:&quot;bottom&quot;,&quot;thumbsCaptions&quot;:false,&quot;thumbsBestFit&quot;:false,&quot;thumbsSmall&quot;:false,&quot;thumbsCaptionsAlign&quot;:&quot;default&quot;,&quot;info&quot;:&quot;bottom&quot;,&quot;infoVisible&quot;:true,&quot;infoOverlay&quot;:true,&quot;infoAlign&quot;:&quot;default&quot;,&quot;transition&quot;:&quot;fade&quot;,&quot;hoverButtons&quot;:false,&quot;fitMedia&quot;:false,&quot;noScrollbars&quot;:true,&quot;preserveButtonSpace&quot;:true,&quot;buttons&quot;:{&quot;fullscreen&quot;:true,&quot;info&quot;:true,&quot;thumbs&quot;:false,&quot;download&quot;:false},&quot;video&quot;:{&quot;autoPlay&quot;:true}}\" style=\"--fg-title-line-clamp: 1; --fg-description-line-clamp: 2;\" >\n\t<button type=\"button\" class=\"fg-carousel-prev\" title=\"Previous\"><\/button>\n\t<div class=\"fg-carousel-inner\">\n\t\t<div class=\"fg-carousel-center\"><\/div>\n\t\t<div class=\"fg-item fg-type-image fg-idle\"><figure class=\"fg-item-inner\"><a href=\"https:\/\/www.slovensky-kras.eu\/info\/wp-content\/uploads\/2026\/04\/domicke-skrapy-5.jpeg\" data-caption-title=\"NPR Domick\u00e9 \u0161krapy\" data-attachment-id=\"30171\" data-type=\"image\" class=\"fg-thumb\"><span class=\"fg-image-wrap\"><img decoding=\"async\" alt=\"NPR Domick\u00e9 \u0161krapy\" title=\"NPR Domick\u00e9 \u0161krapy\" width=\"200\" height=\"200\" class=\"skip-lazy fg-image\" data-src-fg=\"https:\/\/www.slovensky-kras.eu\/info\/wp-content\/uploads\/cache\/2026\/04\/domicke-skrapy-5\/3679303502.jpeg\" src=\"data:image\/svg+xml,%3Csvg%20xmlns%3D%22http%3A%2F%2Fwww.w3.org%2F2000%2Fsvg%22%20width%3D%22200%22%20height%3D%22200%22%20viewBox%3D%220%200%20200%20200%22%3E%3C%2Fsvg%3E\" loading=\"eager\"><\/span><span class=\"fg-image-overlay\"><\/span><\/a><figcaption class=\"fg-caption\"><div class=\"fg-caption-inner\"><div class=\"fg-caption-title\">NPR Domick\u00e9 \u0161krapy<\/div><\/div><\/figcaption><\/figure><div class=\"fg-loader\"><\/div><\/div><div class=\"fg-item fg-type-image fg-idle\"><figure class=\"fg-item-inner\"><a href=\"https:\/\/www.slovensky-kras.eu\/info\/wp-content\/uploads\/2026\/04\/domicke-skrapy4.jpeg\" data-caption-title=\"NPR Domick\u00e9 \u0161krapy\" data-attachment-id=\"30172\" data-type=\"image\" class=\"fg-thumb\"><span class=\"fg-image-wrap\"><img decoding=\"async\" alt=\"NPR Domick\u00e9 \u0161krapy\" title=\"NPR Domick\u00e9 \u0161krapy\" width=\"200\" height=\"200\" class=\"skip-lazy fg-image\" data-src-fg=\"https:\/\/www.slovensky-kras.eu\/info\/wp-content\/uploads\/cache\/2026\/04\/domicke-skrapy4\/1162432283.jpeg\" src=\"data:image\/svg+xml,%3Csvg%20xmlns%3D%22http%3A%2F%2Fwww.w3.org%2F2000%2Fsvg%22%20width%3D%22200%22%20height%3D%22200%22%20viewBox%3D%220%200%20200%20200%22%3E%3C%2Fsvg%3E\" loading=\"eager\"><\/span><span class=\"fg-image-overlay\"><\/span><\/a><figcaption class=\"fg-caption\"><div class=\"fg-caption-inner\"><div class=\"fg-caption-title\">NPR Domick\u00e9 \u0161krapy<\/div><\/div><\/figcaption><\/figure><div class=\"fg-loader\"><\/div><\/div><div class=\"fg-item fg-type-image fg-idle\"><figure class=\"fg-item-inner\"><a href=\"https:\/\/www.slovensky-kras.eu\/info\/wp-content\/uploads\/2026\/04\/domicke-skrapy-3.jpeg\" data-caption-title=\"NPR Domick\u00e9 \u0161krapy\" data-attachment-id=\"30173\" data-type=\"image\" class=\"fg-thumb\"><span class=\"fg-image-wrap\"><img decoding=\"async\" alt=\"NPR Domick\u00e9 \u0161krapy\" title=\"NPR Domick\u00e9 \u0161krapy\" width=\"200\" height=\"200\" class=\"skip-lazy fg-image\" data-src-fg=\"https:\/\/www.slovensky-kras.eu\/info\/wp-content\/uploads\/cache\/2026\/04\/domicke-skrapy-3\/3579234705.jpeg\" src=\"data:image\/svg+xml,%3Csvg%20xmlns%3D%22http%3A%2F%2Fwww.w3.org%2F2000%2Fsvg%22%20width%3D%22200%22%20height%3D%22200%22%20viewBox%3D%220%200%20200%20200%22%3E%3C%2Fsvg%3E\" loading=\"eager\"><\/span><span class=\"fg-image-overlay\"><\/span><\/a><figcaption class=\"fg-caption\"><div class=\"fg-caption-inner\"><div class=\"fg-caption-title\">NPR Domick\u00e9 \u0161krapy<\/div><\/div><\/figcaption><\/figure><div class=\"fg-loader\"><\/div><\/div><div class=\"fg-item fg-type-image fg-idle\"><figure class=\"fg-item-inner\"><a href=\"https:\/\/www.slovensky-kras.eu\/info\/wp-content\/uploads\/2026\/04\/domicke-skrapy2.jpeg\" data-attachment-id=\"30174\" data-type=\"image\" class=\"fg-thumb\"><span class=\"fg-image-wrap\"><img decoding=\"async\" width=\"200\" height=\"200\" class=\"skip-lazy fg-image\" data-src-fg=\"https:\/\/www.slovensky-kras.eu\/info\/wp-content\/uploads\/cache\/2026\/04\/domicke-skrapy2\/3870469657.jpeg\" src=\"data:image\/svg+xml,%3Csvg%20xmlns%3D%22http%3A%2F%2Fwww.w3.org%2F2000%2Fsvg%22%20width%3D%22200%22%20height%3D%22200%22%20viewBox%3D%220%200%20200%20200%22%3E%3C%2Fsvg%3E\" loading=\"eager\"><\/span><span class=\"fg-image-overlay\"><\/span><\/a><\/figure><div class=\"fg-loader\"><\/div><\/div><div class=\"fg-item fg-type-image fg-idle\"><figure class=\"fg-item-inner\"><a href=\"https:\/\/www.slovensky-kras.eu\/info\/wp-content\/uploads\/2026\/04\/domicke-skrapy-1.jpeg\" data-caption-title=\"NPR Domick\u00e9 \u0161krapy\" data-attachment-id=\"30175\" data-type=\"image\" class=\"fg-thumb\"><span class=\"fg-image-wrap\"><img decoding=\"async\" alt=\"NPR Domick\u00e9 \u0161krapy\" title=\"NPR Domick\u00e9 \u0161krapy\" width=\"200\" height=\"200\" class=\"skip-lazy fg-image\" data-src-fg=\"https:\/\/www.slovensky-kras.eu\/info\/wp-content\/uploads\/cache\/2026\/04\/domicke-skrapy-1\/403901341.jpeg\" src=\"data:image\/svg+xml,%3Csvg%20xmlns%3D%22http%3A%2F%2Fwww.w3.org%2F2000%2Fsvg%22%20width%3D%22200%22%20height%3D%22200%22%20viewBox%3D%220%200%20200%20200%22%3E%3C%2Fsvg%3E\" loading=\"eager\"><\/span><span class=\"fg-image-overlay\"><\/span><\/a><figcaption class=\"fg-caption\"><div class=\"fg-caption-inner\"><div class=\"fg-caption-title\">NPR Domick\u00e9 \u0161krapy<\/div><\/div><\/figcaption><\/figure><div class=\"fg-loader\"><\/div><\/div>\t<\/div>\n\t<div class=\"fg-carousel-bottom\"><\/div>\n\t<div class=\"fg-carousel-progress\"><\/div>\n\t<button type=\"button\" class=\"fg-carousel-next\" title=\"Next\"><\/button>\n<\/div>\n<h2><span style=\"color: #800000;\">Zauj\u00edmav\u00e9 odkazy<\/span><\/h2>\n<h3><span style=\"color: #808000;\">Bl\u00edzke stredisko, turistick\u00e9 centrum, obec alebo mesto:<\/span><\/h3>\n<ul>\n<li><a href=\"http:\/\/www.slovensky-kras.eu\/info\/strediska-a-centra\/obec-kecovo\/\">Obec Ke\u010dovo (\u010d\u00edtaj viac&#8230;)<\/a><\/li>\n<\/ul>\n<ul>\n<li><a href=\"http:\/\/www.slovensky-kras.eu\/info\/strediska-a-centra\/domica\/\">Stredisko Domica (\u010d\u00edtaj viac&#8230;)<\/a><\/li>\n<\/ul>\n<h2><span style=\"color: #800000;\">Mapy<\/span><\/h2>\n<p><strong>Vrstvy: <\/strong>Turistick\u00e1 mapa, Automapa, Cyklomapa, Ly\u017eiarska mapa, Satelitn\u00e1 mapa a OpenStreetMap.<\/p>\n<p><strong>Kliknut\u00edm na logo &#8222;Freemap.sk&#8220; sa V\u00e1m mapa zobraz\u00ed na celej ploche obrazovky.<\/strong><\/p>\n<p><iframe style=\"width: 900px; height: 600px; border: 0;\" src=\"https:\/\/www.freemap.sk\/?map=16\/48.479187\/20.470222&amp;info-point=48.479187\/20.470222,NPR Domick\u00e9 \u0161krapy&amp;layers=X&amp;embed=search\" allowfullscreen=\"allowfullscreen\"><\/iframe><\/p>\n<h2><span style=\"color: #800000;\">Po\u010dasie<\/span><\/h2>\n<p><iframe style=\"width: 900px; height: 600px;\" src=\"https:\/\/www.meteoblue.com\/sk\/po%C4%8Dasie\/widget\/three\/48.478N20.475E363_Europe%2FBratislava?geoloc=fixed&amp;nocurrent=0&amp;noforecast=0&amp;days=6&amp;tempunit=CELSIUS&amp;windunit=KILOMETER_PER_HOUR&amp;layout=image\" frameborder=\"0\" scrolling=\"NO\" sandbox=\"allow-same-origin allow-scripts allow-popups allow-popups-to-escape-sandbox\"><span data-mce-type=\"bookmark\" style=\"display: inline-block; width: 0px; overflow: hidden; line-height: 0;\" class=\"mce_SELRES_start\">\ufeff<\/span><span data-mce-type=\"bookmark\" style=\"display: inline-block; width: 0px; overflow: hidden; line-height: 0;\" class=\"mce_SELRES_start\">\ufeff<\/span><span data-mce-type=\"bookmark\" style=\"display: inline-block; width: 0px; overflow: hidden; line-height: 0;\" class=\"mce_SELRES_start\">\ufeff<\/span><\/iframe><\/p>\n<div><!-- DO NOT REMOVE THIS LINK --><a href=\"https:\/\/www.meteoblue.com\/sk\/po%C4%8Dasie\/predpove%C4%8F\/t%C3%BD%C5%BEde%C5%88\/48.478N20.475E363_Europe%2FBratislava?utm_source=weather_widget&amp;utm_medium=linkus&amp;utm_content=three&amp;utm_campaign=Weather%2BWidget\" target=\"_blank\" rel=\"noopener noreferrer\">meteoblue<\/a><\/div>\n<p>&nbsp;<\/p>\n","protected":false},"excerpt":{"rendered":"<p>Menu: Podkateg\u00f3ria: Kde presne sa chr\u00e1nen\u00e9 \u00fazemie NPR Domick\u00e9 \u0161krapy nach\u00e1dza? NPR Domick\u00e9 \u0161krapy bola vyhl\u00e1sen\u00e1 za rezerv\u00e1ciu v roku 1973 a rozprestiera sa na ploche 24,44 hekt\u00e1ra. Toto v\u00fdnimo\u010dn\u00e9 [&hellip;]<\/p>\n","protected":false},"author":1,"featured_media":30173,"parent":13,"menu_order":0,"comment_status":"closed","ping_status":"open","template":"","meta":{"_uag_custom_page_level_css":"","footnotes":""},"class_list":["post-438","page","type-page","status-publish","has-post-thumbnail","hentry"],"featured_image_src":"https:\/\/www.slovensky-kras.eu\/info\/wp-content\/uploads\/2026\/04\/domicke-skrapy-3.jpeg","featured_image_src_square":"https:\/\/www.slovensky-kras.eu\/info\/wp-content\/uploads\/2026\/04\/domicke-skrapy-3.jpeg","rbea_author_info":{"display_name":"admin","author_link":"https:\/\/www.slovensky-kras.eu\/info\/author\/admin\/"},"rbea_excerpt_info":"Menu: Podkateg\u00f3ria: Kde presne sa chr\u00e1nen\u00e9 \u00fazemie NPR Domick\u00e9 \u0161krapy nach\u00e1dza? NPR Domick\u00e9 \u0161krapy bola vyhl\u00e1sen\u00e1 za rezerv\u00e1ciu v roku 1973 a rozprestiera sa na ploche 24,44 hekt\u00e1ra. Toto v\u00fdnimo\u010dn\u00e9 [&hellip;]","uagb_featured_image_src":{"full":["https:\/\/www.slovensky-kras.eu\/info\/wp-content\/uploads\/2026\/04\/domicke-skrapy-3.jpeg",1376,768,false],"thumbnail":["https:\/\/www.slovensky-kras.eu\/info\/wp-content\/uploads\/2026\/04\/domicke-skrapy-3-150x150.jpeg",150,150,true],"medium":["https:\/\/www.slovensky-kras.eu\/info\/wp-content\/uploads\/2026\/04\/domicke-skrapy-3-800x447.jpeg",800,447,true],"medium_large":["https:\/\/www.slovensky-kras.eu\/info\/wp-content\/uploads\/2026\/04\/domicke-skrapy-3-768x429.jpeg",768,429,true],"large":["https:\/\/www.slovensky-kras.eu\/info\/wp-content\/uploads\/2026\/04\/domicke-skrapy-3-1024x572.jpeg",1024,572,true],"1536x1536":["https:\/\/www.slovensky-kras.eu\/info\/wp-content\/uploads\/2026\/04\/domicke-skrapy-3.jpeg",1376,768,false],"2048x2048":["https:\/\/www.slovensky-kras.eu\/info\/wp-content\/uploads\/2026\/04\/domicke-skrapy-3.jpeg",1376,768,false]},"uagb_author_info":{"display_name":"admin","author_link":"https:\/\/www.slovensky-kras.eu\/info\/author\/admin\/"},"uagb_comment_info":0,"uagb_excerpt":"Menu: Podkateg\u00f3ria: Kde presne sa chr\u00e1nen\u00e9 \u00fazemie NPR Domick\u00e9 \u0161krapy nach\u00e1dza? NPR Domick\u00e9 \u0161krapy bola vyhl\u00e1sen\u00e1 za rezerv\u00e1ciu v roku 1973 a rozprestiera sa na ploche 24,44 hekt\u00e1ra. Toto v\u00fdnimo\u010dn\u00e9 [&hellip;]","_links":{"self":[{"href":"https:\/\/www.slovensky-kras.eu\/info\/wp-json\/wp\/v2\/pages\/438","targetHints":{"allow":["GET"]}}],"collection":[{"href":"https:\/\/www.slovensky-kras.eu\/info\/wp-json\/wp\/v2\/pages"}],"about":[{"href":"https:\/\/www.slovensky-kras.eu\/info\/wp-json\/wp\/v2\/types\/page"}],"author":[{"embeddable":true,"href":"https:\/\/www.slovensky-kras.eu\/info\/wp-json\/wp\/v2\/users\/1"}],"replies":[{"embeddable":true,"href":"https:\/\/www.slovensky-kras.eu\/info\/wp-json\/wp\/v2\/comments?post=438"}],"version-history":[{"count":9,"href":"https:\/\/www.slovensky-kras.eu\/info\/wp-json\/wp\/v2\/pages\/438\/revisions"}],"predecessor-version":[{"id":30177,"href":"https:\/\/www.slovensky-kras.eu\/info\/wp-json\/wp\/v2\/pages\/438\/revisions\/30177"}],"up":[{"embeddable":true,"href":"https:\/\/www.slovensky-kras.eu\/info\/wp-json\/wp\/v2\/pages\/13"}],"wp:featuredmedia":[{"embeddable":true,"href":"https:\/\/www.slovensky-kras.eu\/info\/wp-json\/wp\/v2\/media\/30173"}],"wp:attachment":[{"href":"https:\/\/www.slovensky-kras.eu\/info\/wp-json\/wp\/v2\/media?parent=438"}],"curies":[{"name":"wp","href":"https:\/\/api.w.org\/{rel}","templated":true}]}}