{"id":380,"date":"2013-06-29T12:10:56","date_gmt":"2013-06-29T10:10:56","guid":{"rendered":"http:\/\/www.slovensky-kras.eu\/info\/?page_id=380"},"modified":"2026-04-09T08:47:27","modified_gmt":"2026-04-09T06:47:27","slug":"rieka-slana","status":"publish","type":"page","link":"https:\/\/www.slovensky-kras.eu\/info\/kam-do-prirody\/rieka-slana\/","title":{"rendered":"Rieka Slan\u00e1"},"content":{"rendered":"<p><strong>Menu: <\/strong> <a href=\"http:\/\/www.slovensky-kras.eu\/info\/\" class=\"su-button su-button-style-default\" style=\"color:#000000;background-color:#FFCF2F;border-color:#cca626;border-radius:5px\" target=\"_self\"><span style=\"color:#000000;padding:6px 16px;font-size:13px;line-height:20px;border-color:#ffde6e;border-radius:5px;text-shadow:none\"><i class=\"sui sui-arrow-right\" style=\"font-size:13px;color:#000000\"><\/i>  \u00davod \/ Aktuality <\/span><\/a>\n<a href=\"http:\/\/www.slovensky-kras.eu\/info\/kam-do-prirody\/\" class=\"su-button su-button-style-default\" style=\"color:#000000;background-color:#FFCF2F;border-color:#cca626;border-radius:5px\" target=\"_self\"><span style=\"color:#000000;padding:6px 16px;font-size:13px;line-height:20px;border-color:#ffde6e;border-radius:5px;text-shadow:none\"><i class=\"sui sui-arrow-right\" style=\"font-size:13px;color:#000000\"><\/i>  Kam do pr\u00edrody <\/span><\/a>\n<p><strong>Podkateg\u00f3ria: <\/strong> <a href=\"http:\/\/www.slovensky-kras.eu\/info\/kam-do-prirody\/vodopady-jazierka-rieky\/\" class=\"su-button su-button-style-default\" style=\"color:#000000;background-color:#C5ED2C;border-color:#9ebe24;border-radius:5px\" target=\"_self\"><span style=\"color:#000000;padding:6px 16px;font-size:13px;line-height:20px;border-color:#d7f36c;border-radius:5px;text-shadow:none\"><i class=\"sui sui-arrow-right\" style=\"font-size:13px;color:#000000\"><\/i>  Vodop\u00e1dy, jazierka, rieky \u2026 <\/span><\/a>\n<div class=\"su-divider su-divider-style-default\" style=\"margin:15px 0;border-width:2px;border-color:#000000\"><\/div>\n<figure id=\"attachment_30006\" aria-describedby=\"caption-attachment-30006\" style=\"width: 900px\" class=\"wp-caption aligncenter\"><a href=\"https:\/\/www.slovensky-kras.eu\/info\/wp-content\/uploads\/2025\/11\/rieka-slana2.jpeg\"><img loading=\"lazy\" decoding=\"async\" class=\"wp-image-30006\" src=\"https:\/\/www.slovensky-kras.eu\/info\/wp-content\/uploads\/2025\/11\/rieka-slana2.jpeg\" alt=\"Rieka Slan\u00e1\" width=\"900\" height=\"502\" srcset=\"https:\/\/www.slovensky-kras.eu\/info\/wp-content\/uploads\/2025\/11\/rieka-slana2.jpeg 1376w, https:\/\/www.slovensky-kras.eu\/info\/wp-content\/uploads\/2025\/11\/rieka-slana2-800x447.jpeg 800w, https:\/\/www.slovensky-kras.eu\/info\/wp-content\/uploads\/2025\/11\/rieka-slana2-1024x572.jpeg 1024w, https:\/\/www.slovensky-kras.eu\/info\/wp-content\/uploads\/2025\/11\/rieka-slana2-768x429.jpeg 768w\" sizes=\"auto, (max-width: 900px) 100vw, 900px\" \/><\/a><figcaption id=\"caption-attachment-30006\" class=\"wp-caption-text\">Rieka Slan\u00e1<\/figcaption><\/figure>\n<div class=\"su-divider su-divider-style-default\" style=\"margin:15px 0;border-width:2px;border-color:#000000\"><\/div>\n<h2 data-path-to-node=\"2\"><span style=\"color: #800000;\"><b data-path-to-node=\"2\" data-index-in-node=\"0\">Krvav\u00e1 hist\u00f3ria a dychber\u00faci ka\u0148on: \u010co skr\u00fdva rieka Slan\u00e1?<\/b><\/span><\/h2>\n<p data-path-to-node=\"3\">Vydajte sa po stop\u00e1ch toku, ktor\u00fd na <b data-path-to-node=\"3\" data-index-in-node=\"37\">Gemeri<\/b> vyrezal jeden z najhlb\u0161\u00edch <b data-path-to-node=\"3\" data-index-in-node=\"71\">ka\u0148onov<\/b> strednej Eur\u00f3py a nesk\u00f4r, hlboko v ma\u010farsk\u00fdch n\u00ed\u017ein\u00e1ch, odtiekol ako svedok najv\u00e4\u010d\u0161ej por\u00e1\u017eky v na\u0161ich dejin\u00e1ch.\u00a0 Zistite, pre\u010do sa pod mas\u00edvom <b data-path-to-node=\"3\" data-index-in-node=\"228\">Stolice<\/b> rod\u00ed rieka, ktor\u00e1 l\u00e1ka odv\u00e1\u017enych <b data-path-to-node=\"3\" data-index-in-node=\"269\">vod\u00e1kov<\/b> aj milovn\u00edkov nesp\u00fatanej divo\u010diny Slovensk\u00e9ho krasu.\u00a0 Odha\u013ete fascinuj\u00faci pr\u00edbeh o <b data-path-to-node=\"3\" data-index-in-node=\"362\">mongolskom vp\u00e1de<\/b>, bitke pri Muhi a zistite, pre\u010do po st\u00e1ro\u010dia ver\u00edme historick\u00e9mu omylu o \u201eTat\u00e1roch\u201c. Slan\u00e1 nie je len oby\u010dajn\u00e1 voda, je to <b data-path-to-node=\"3\" data-index-in-node=\"502\">tepna hist\u00f3rie<\/b>, ktor\u00fa mus\u00edte spozna\u0165 od prame\u0148a a\u017e po jej osudov\u00e9 brehy!<\/p>\n<h2 class=\"ds-markdown-paragraph\"><span style=\"color: #800000;\">Kde pramen\u00ed rieka Slan\u00e1 a ak\u00e9 \u00fazemia odvod\u0148uje?<\/span><\/h2>\n<p class=\"ds-markdown-paragraph\">Rieka Slan\u00e1 (ma\u010f. Saj\u00f3) odvod\u0148uje ju\u017en\u00fa \u010das\u0165 Slovensk\u00e9ho rudohoria, \u010das\u0165 Cerovej vrchoviny a Rimavsk\u00fa kotlinu.\u00a0<strong>Pramen\u00ed v Stolick\u00fdch vrchoch<\/strong>\u00a0pod mas\u00edvom vrchu Stolica (1 476 m n. m.) v nadmorskej v\u00fd\u0161ke\u00a0<strong>1 272 m n. m.<\/strong><\/p>\n<h2 class=\"ds-markdown-paragraph\"><span style=\"color: #800000;\">Ako vyzer\u00e1 tok rieky Slanej na za\u010diatku a kde n\u00e1jdeme ka\u0148on?<\/span><\/h2>\n<p class=\"ds-markdown-paragraph\">Na jej za\u010diatku te\u010die hlbokou horskou dolinou naz\u00fdvanou\u00a0<strong>Slansk\u00e1 dolina<\/strong>. Pri obci Brzot\u00edn vytv\u00e1ra pribli\u017ene\u00a0<strong>8,5 km dlh\u00e9 \u00fadolie <a href=\"https:\/\/www.slovensky-kras.eu\/info\/kam-do-prirody\/kanon-slanej\/\">ka\u0148on Slanej<\/a><\/strong>, ktor\u00e9 kon\u010d\u00ed pri obci Ple\u0161ivec. Jeho \u0161\u00edrka je od 0,6 a\u017e 1,1 km a h\u013abka sa pohybuje medzi 470 a\u017e 570 metrov. Ka\u0148on Slanej patr\u00ed medzi jedin\u00e9 dva prav\u00e9 ka\u0148ony na Slovensku a nach\u00e1dza sa v N\u00e1rodnom parku Slovensk\u00fd kras na Gemeri. T\u00fdm druh\u00fdm je <a href=\"https:\/\/www.slovensky-kras.eu\/info\/kam-do-prirody\/kanon-stitnika\/\">ka\u0148on rieky \u0160t\u00edtnik<\/a>.<\/p>\n<h2 class=\"ds-markdown-paragraph\"><span style=\"color: #800000;\">Ak\u00fd v\u00fdznam m\u00e1 \u00fadolie rieky pre okolit\u00fa krajinu?<\/span><\/h2>\n<p class=\"ds-markdown-paragraph\">Toto hlbok\u00e9 a \u0161irok\u00e9 \u00fadolie odde\u013euje\u00a0<a href=\"http:\/\/www.slovensky-kras.eu\/info\/kam-do-prirody\/plesivecka-planina\/\">Ple\u0161ivsk\u00fa planinu<\/a>\u00a0na severe od\u00a0<a href=\"http:\/\/www.slovensky-kras.eu\/info\/kam-do-prirody\/silicka-planina\/\">Silickej planiny<\/a>\u00a0na juhu.<\/p>\n<h2 class=\"ds-markdown-paragraph\"><span style=\"color: #800000;\">Ak\u00e9 s\u00fa hlavn\u00e9 pr\u00edtoky rieky Slanej?<\/span><\/h2>\n<p class=\"ds-markdown-paragraph\">Na hornom toku priber\u00e1 rieka Slan\u00e1 len mal\u00e9, m\u00e1lo rozvinut\u00e9, preva\u017ene \u013eavostrann\u00e9 pr\u00edtoky, a\u017e \u010falej po toku prib\u00fadaj\u00fa v\u00e4\u010d\u0161ie pobo\u010dky na pravej strane, ako napr\u00edklad\u00a0<strong>\u0160t\u00edtnik, Mur\u00e1\u0148 a Turiec<\/strong>. Na strednom toku prij\u00edma svoj\u00a0<strong>najv\u00e4\u010d\u0161\u00ed pravostrann\u00fd pr\u00edtok Rimavu<\/strong>\u00a0s pr\u00edtokom Rimavicou, Gortvou a Blhom. Najv\u00e4\u010d\u0161\u00edm pr\u00edtokom je rieka\u00a0<strong>Horn\u00e1d<\/strong>, ktor\u00fd do nej \u00fast\u00ed v Ma\u010farsku. V Ma\u010farsku sa do nej vlieva aj rieka\u00a0<strong>Bodva<\/strong>.<\/p>\n<h2 class=\"ds-markdown-paragraph\"><span style=\"color: #800000;\">Kde op\u00fa\u0161\u0165a rieka Slan\u00e1 \u00fazemie Slovenska?<\/span><\/h2>\n<p class=\"ds-markdown-paragraph\">Potom u\u017e Slan\u00e1 op\u00fa\u0161\u0165a slovensk\u00e9 \u00fazemie za obcou Lenartovce. Je v\u00fdznamn\u00fdm pravostrann\u00fdm pr\u00edtokom rieky Tisy.<\/p>\n<h2 class=\"ds-markdown-paragraph\"><span style=\"color: #800000;\">Ak\u00e1 je celkov\u00e1 d\u013a\u017eka rieky Slanej?<\/span><\/h2>\n<p class=\"ds-markdown-paragraph\"><strong>Celkov\u00e1 d\u013a\u017eka rieky Slan\u00e1 je 230 km<\/strong>, z toho na \u00fazem\u00ed Slovenska 110 km.<\/p>\n<h2 class=\"ds-markdown-paragraph\"><span style=\"color: #800000;\">Je rieka Slan\u00e1 vhodn\u00e1 pre vod\u00e1kov?<\/span><\/h2>\n<p class=\"ds-markdown-paragraph\">Pre vod\u00e1kov je\u00a0<strong>rieka Slan\u00e1 splavn\u00e1<\/strong>\u00a0sk\u00f4r v strednej (<strong>Brzot\u00edn \u2013 Ple\u0161ivec \u2013 Torna\u013ea<\/strong>) a dolnej \u010dasti (<strong>Torna\u013ea \u2013 hranica \u2013 Ma\u010farsko<\/strong>).<\/p>\n<h2 class=\"ds-markdown-paragraph\"><span style=\"color: #800000;\">Ak\u00fd typ pr\u00edrody mo\u017eno n\u00e1js\u0165 pozd\u013a\u017e toku rieky?<\/span><\/h2>\n<p class=\"ds-markdown-paragraph\">Pozd\u013a\u017e toku rieky Slan\u00e1 sa nach\u00e1dzaj\u00fa\u00a0<strong>jase\u0148ovo-brestovo-dubov\u00e9 lu\u017en\u00e9 lesy<\/strong>, miestami tvrd\u00e9 lu\u017en\u00e9 lesy.<\/p>\n<h2 class=\"ds-markdown-paragraph\"><span style=\"color: #800000;\">Pre\u010do je rieka Slan\u00e1 v\u00fdznamn\u00e1 z historick\u00e9ho h\u013eadiska?<\/span><\/h2>\n<p class=\"ds-markdown-paragraph\">Rieka je zn\u00e1ma aj t\u00fdm, \u017ee sa tu d\u0148a\u00a0<strong>11. apr\u00edla 1241 uskuto\u010dnila bitka<\/strong>\u00a0medzi vojskami uhorsk\u00e9ho kr\u00e1\u013ea Bela IV. a mongolsk\u00fdm vojskom veden\u00fdm Ch\u00e1nom Batu (Batuch\u00e1n). Presnej\u0161ie sa toto stretnutie uskuto\u010dnilo pri ma\u010farskej obci\u00a0<strong>Muhi<\/strong>, bl\u00edzko prechodov cez rieku Slan\u00e1. Bitka mala za n\u00e1sledok zdrvuj\u00facu por\u00e1\u017eku uhorsk\u00fdch vojsk.<\/p>\n<h3 class=\"ds-markdown-paragraph\"><span style=\"color: #808000;\">Pre\u010do sa Mongolom hovorilo nespr\u00e1vne Tat\u00e1ri a ak\u00fd je medzi nimi rozdiel?<\/span><\/h3>\n<p class=\"ds-markdown-paragraph\">Mongolsk\u00fd vp\u00e1d do Uhorska je nespr\u00e1vne naz\u00fdvan\u00fd aj ako tat\u00e1rsky.\u00a0<strong>Tat\u00e1ri boli v\u00fdchodomongolsk\u00fdm kme\u0148om<\/strong>, ktor\u00fd \u017eil v bl\u00edzkosti jazera Bujr n\u00far vo v\u00fdchodnom Mongolsku i na \u00fazem\u00ed \u010c\u00edny. V roku 1202 viedol \u010cingisch\u00e1n vojensk\u00fd pochod proti pre\u0148ho podl\u00fdm mongolsky hovoriacim Tat\u00e1rom, v t\u00fdch \u010dasoch patriacich medzi najsilnej\u0161ie mongolsk\u00e9 kmene. Po ich por\u00e1\u017eke ich dal v\u0161etk\u00fdch popravi\u0165. Nechal na\u017eive iba malolet\u00e9 deti a nieko\u013eko \u017eien a tak zanikol tento mongolsk\u00fd kme\u0148.<\/p>\n<h3 class=\"ds-markdown-paragraph\"><span style=\"color: #808000;\">Ako sa potom nespr\u00e1vne pomenovanie \u201eTat\u00e1ri\u201c dostalo do Eur\u00f3py?<\/span><\/h3>\n<p class=\"ds-markdown-paragraph\">Pod\u013ea historikov sa nazvanie\u00a0<strong>Tat\u00e1ri<\/strong>\u00a0stalo zn\u00e1me v \u010c\u00edne a v muslimsk\u00fdch krajin\u00e1ch (Ch\u00f3rezmsk\u00e1 r\u00ed\u0161a, Perzia,..) ako ozna\u010denie v\u0161etk\u00fdch kme\u0148ov a n\u00e1rodov, ktor\u00e9 \u017eili v t\u00fdchto \u010dasoch v Strednej \u00c1zii. Ke\u010f za\u010dal \u010cingisch\u00e1n zjednocova\u0165 a dob\u00fdva\u0165 okolit\u00e9 mongolsk\u00e9 kmene, okolit\u00e9 n\u00e1rody si navz\u00e1jom odovzd\u00e1vali inform\u00e1ciu, \u017ee \u010cingisch\u00e1n vedie vojsko Tat\u00e1rov. To bolo v ich re\u010di ako synonymum Mongolov. Nespr\u00e1vny n\u00e1zov Mongolov ako Tat\u00e1ri sa do Eur\u00f3py dostal, ke\u010f\u00a0<strong>Polovci<\/strong>\u00a0(naz\u00fdvan\u00ed aj ako Kum\u00e1ni) utekali pred inv\u00e1ziou Mongolov do Ruska a do strednej Eur\u00f3py. Oni rozniesli zves\u0165 o tomto stra\u0161nom n\u00e1rode z v\u00fdchodu. A tak ako Kum\u00e1ni naz\u00fdvali t\u00fdchto votrelcov Tat\u00e1rmi, tak aj ostatn\u00e9 n\u00e1rody ich za\u010dali takto naz\u00fdva\u0165. A preto ani v rusk\u00fdch kronik\u00e1ch a ani v eur\u00f3pskych kronik\u00e1ch nen\u00e1jdeme slovo Mongoli, ale Tat\u00e1ri.<\/p>\n<h2><span style=\"color: #800000;\">Fotogal\u00e9ria<\/span><\/h2>\n<style type=\"text\/css\">\n#foogallery-gallery-28767 .fg-image { width: 200px; }<\/style>\n\t\t\t<div class=\"foogallery foogallery-container foogallery-carousel foogallery-lightbox-foogallery fg-carousel fg-ready fg-light fg-border-medium fg-round-small fg-shadow-medium fg-loading-default fg-loaded-fade-in fg-hover-semi-zoomed fg-hover-fade fg-hover-circle-plus2\" id=\"foogallery-gallery-28767\" data-foogallery=\"{&quot;item&quot;:{&quot;showCaptionTitle&quot;:true,&quot;showCaptionDescription&quot;:true},&quot;lazy&quot;:true,&quot;template&quot;:{&quot;maxItems&quot;:5,&quot;scale&quot;:0.11999999999999999555910790149937383830547332763671875,&quot;gutter&quot;:{&quot;min&quot;:-40,&quot;max&quot;:-20,&quot;unit&quot;:&quot;%&quot;},&quot;autoplay&quot;:{&quot;time&quot;:0,&quot;interaction&quot;:&quot;pause&quot;},&quot;centerOnClick&quot;:true,&quot;align&quot;:&quot;center&quot;,&quot;activePosition&quot;:&quot;center&quot;}}\" data-foogallery-lightbox=\"{&quot;thumbs&quot;:&quot;bottom&quot;,&quot;thumbsCaptions&quot;:false,&quot;thumbsBestFit&quot;:false,&quot;thumbsSmall&quot;:false,&quot;thumbsCaptionsAlign&quot;:&quot;default&quot;,&quot;info&quot;:&quot;bottom&quot;,&quot;infoVisible&quot;:true,&quot;infoOverlay&quot;:true,&quot;infoAlign&quot;:&quot;default&quot;,&quot;transition&quot;:&quot;fade&quot;,&quot;hoverButtons&quot;:false,&quot;fitMedia&quot;:false,&quot;noScrollbars&quot;:true,&quot;preserveButtonSpace&quot;:true,&quot;buttons&quot;:{&quot;fullscreen&quot;:true,&quot;info&quot;:true,&quot;thumbs&quot;:false},&quot;video&quot;:{&quot;autoPlay&quot;:true}}\" style=\"--fg-title-line-clamp: 0; --fg-description-line-clamp: 0;\" >\n\t<button type=\"button\" class=\"fg-carousel-prev\" title=\"Previous\"><\/button>\n\t<div class=\"fg-carousel-inner\">\n\t\t<div class=\"fg-carousel-center\"><\/div>\n\t\t<div class=\"fg-item fg-type-image fg-idle\"><figure class=\"fg-item-inner\"><a href=\"https:\/\/www.slovensky-kras.eu\/info\/wp-content\/uploads\/2020\/12\/vidova-or.jpg\" data-caption-title=\"Ka\u0148on Slanej\" data-caption-desc=\"Ka\u0148on Slanej a obec Vidov\u00e1, fotograf: , \u00d6rs Orosz (Gombasz\u00f6gi Ny\u00e1ri T\u00e1bor)\" data-attachment-id=\"18718\" data-type=\"image\" class=\"fg-thumb\"><span class=\"fg-image-wrap\"><img decoding=\"async\" alt=\"Ka\u0148on Slanej\" title=\"Ka\u0148on Slanej\" width=\"200\" height=\"200\" class=\"skip-lazy fg-image\" data-src-fg=\"https:\/\/www.slovensky-kras.eu\/info\/wp-content\/uploads\/cache\/2020\/12\/vidova-or\/1360013626.jpg\" src=\"data:image\/svg+xml,%3Csvg%20xmlns%3D%22http%3A%2F%2Fwww.w3.org%2F2000%2Fsvg%22%20width%3D%22200%22%20height%3D%22200%22%20viewBox%3D%220%200%20200%20200%22%3E%3C%2Fsvg%3E\" loading=\"eager\"><\/span><span class=\"fg-image-overlay\"><\/span><\/a><figcaption class=\"fg-caption\"><div class=\"fg-caption-inner\"><div class=\"fg-caption-title\">Ka\u0148on Slanej<\/div><div class=\"fg-caption-desc\">Ka\u0148on Slanej a obec Vidov\u00e1, fotograf: , \u00d6rs Orosz (Gombasz\u00f6gi Ny\u00e1ri T\u00e1bor)<\/div><\/div><\/figcaption><\/figure><div class=\"fg-loader\"><\/div><\/div><div class=\"fg-item fg-type-image fg-idle\"><figure class=\"fg-item-inner\"><a href=\"https:\/\/www.slovensky-kras.eu\/info\/wp-content\/uploads\/2021\/08\/Battle_of_Mohi_1241.png\" data-caption-title=\"Bitka pri Muhi 1241 medzi Ma\u010farmi a Mongolmi\" data-caption-desc=\"Bitka pri Muhi 1241 medzi Ma\u010farmi a Mongolmi\" data-attachment-id=\"20859\" data-type=\"image\" class=\"fg-thumb\"><span class=\"fg-image-wrap\"><img decoding=\"async\" alt=\"Bitka pri Muhi 1241 medzi Ma\u010farmi a Mongolmi\" title=\"Bitka pri Muhi 1241 medzi Ma\u010farmi a Mongolmi\" width=\"200\" height=\"200\" class=\"skip-lazy fg-image\" data-src-fg=\"https:\/\/www.slovensky-kras.eu\/info\/wp-content\/uploads\/cache\/2021\/08\/Battle_of_Mohi_1241\/862393016.png\" src=\"data:image\/svg+xml,%3Csvg%20xmlns%3D%22http%3A%2F%2Fwww.w3.org%2F2000%2Fsvg%22%20width%3D%22200%22%20height%3D%22200%22%20viewBox%3D%220%200%20200%20200%22%3E%3C%2Fsvg%3E\" loading=\"eager\"><\/span><span class=\"fg-image-overlay\"><\/span><\/a><figcaption class=\"fg-caption\"><div class=\"fg-caption-inner\"><div class=\"fg-caption-title\">Bitka pri Muhi 1241 medzi Ma\u010farmi a Mongolmi<\/div><div class=\"fg-caption-desc\">Bitka pri Muhi 1241 medzi Ma\u010farmi a Mongolmi<\/div><\/div><\/figcaption><\/figure><div class=\"fg-loader\"><\/div><\/div><div class=\"fg-item fg-type-image fg-idle\"><figure class=\"fg-item-inner\"><a href=\"https:\/\/www.slovensky-kras.eu\/info\/wp-content\/uploads\/2025\/11\/rieka-slana2.jpeg\" data-caption-title=\"Rieka Slan\u00e1\" data-attachment-id=\"30006\" data-type=\"image\" class=\"fg-thumb\"><span class=\"fg-image-wrap\"><img decoding=\"async\" alt=\"Rieka Slan\u00e1\" title=\"Rieka Slan\u00e1\" width=\"200\" height=\"200\" class=\"skip-lazy fg-image\" data-src-fg=\"https:\/\/www.slovensky-kras.eu\/info\/wp-content\/uploads\/cache\/2025\/11\/rieka-slana2\/395354161.jpeg\" src=\"data:image\/svg+xml,%3Csvg%20xmlns%3D%22http%3A%2F%2Fwww.w3.org%2F2000%2Fsvg%22%20width%3D%22200%22%20height%3D%22200%22%20viewBox%3D%220%200%20200%20200%22%3E%3C%2Fsvg%3E\" loading=\"eager\"><\/span><span class=\"fg-image-overlay\"><\/span><\/a><figcaption class=\"fg-caption\"><div class=\"fg-caption-inner\"><div class=\"fg-caption-title\">Rieka Slan\u00e1<\/div><\/div><\/figcaption><\/figure><div class=\"fg-loader\"><\/div><\/div><div class=\"fg-item fg-type-image fg-idle\"><figure class=\"fg-item-inner\"><a href=\"https:\/\/www.slovensky-kras.eu\/info\/wp-content\/uploads\/2025\/11\/riaka-slana.jpeg\" data-caption-title=\"Rieka Slan\u00e1\" data-attachment-id=\"30007\" data-type=\"image\" class=\"fg-thumb\"><span class=\"fg-image-wrap\"><img decoding=\"async\" alt=\"Rieka Slan\u00e1\" title=\"Rieka Slan\u00e1\" width=\"200\" height=\"200\" class=\"skip-lazy fg-image\" data-src-fg=\"https:\/\/www.slovensky-kras.eu\/info\/wp-content\/uploads\/cache\/2025\/11\/riaka-slana\/417078991.jpeg\" src=\"data:image\/svg+xml,%3Csvg%20xmlns%3D%22http%3A%2F%2Fwww.w3.org%2F2000%2Fsvg%22%20width%3D%22200%22%20height%3D%22200%22%20viewBox%3D%220%200%20200%20200%22%3E%3C%2Fsvg%3E\" loading=\"eager\"><\/span><span class=\"fg-image-overlay\"><\/span><\/a><figcaption class=\"fg-caption\"><div class=\"fg-caption-inner\"><div class=\"fg-caption-title\">Rieka Slan\u00e1<\/div><\/div><\/figcaption><\/figure><div class=\"fg-loader\"><\/div><\/div>\t<\/div>\n\t<div class=\"fg-carousel-bottom\"><\/div>\n\t<div class=\"fg-carousel-progress\"><\/div>\n\t<button type=\"button\" class=\"fg-carousel-next\" title=\"Next\"><\/button>\n<\/div>\n<h3><span style=\"color: #808000;\">Bl\u00edzke stredisko, turistick\u00e9 centrum, obec alebo mesto:<\/span><\/h3>\n<ul>\n<li><a href=\"http:\/\/www.slovensky-kras.eu\/info\/strediska-a-centra\/obec-plesivec\/\">Obec Ple\u0161ivec (\u010d\u00edtaj viac&#8230;)<\/a><\/li>\n<\/ul>\n<ul>\n<li><a href=\"http:\/\/www.slovensky-kras.eu\/info\/strediska-a-centra\/obec-brzotin\/\">Obec Brzotin (\u010d\u00edtaj viac&#8230;)<\/a><\/li>\n<\/ul>\n<ul>\n<li><a href=\"http:\/\/www.slovensky-kras.eu\/info\/strediska-a-centra\/mesto-roznava\/\">Obec Ro\u017e\u0148ava (\u010d\u00edtaj viac&#8230;)<\/a><\/li>\n<\/ul>\n<h2><span style=\"color: #800000;\">Mapy<\/span><\/h2>\n<p><strong>Vrstvy: <\/strong>Turistick\u00e1 mapa, Automapa, Cyklomapa, Ly\u017eiarska mapa, Satelitn\u00e1 mapa a OpenStreetMap.<\/p>\n<p><strong>Kliknut\u00edm na logo &#8222;Freemap.sk&#8220; sa V\u00e1m mapa zobraz\u00ed na celej ploche obrazovky.<\/strong><\/p>\n<p><iframe style=\"width: 900px; height: 600px; border: 0;\" src=\"https:\/\/www.freemap.sk\/?map=11\/48.569111\/20.463066&amp;info-point=48.569111\/20.463066,Ha\u010davsk\u00e1 jasky\u0148a&amp;layers=X&amp;embed=search\" allowfullscreen=\"allowfullscreen\"><span data-mce-type=\"bookmark\" style=\"display: inline-block; width: 0px; overflow: hidden; line-height: 0;\" class=\"mce_SELRES_start\">\ufeff<\/span><\/iframe><\/p>\n<h2><span style=\"color: #800000;\">Po\u010dasie<\/span><\/h2>\n<p><iframe style=\"width: 900px; height: 610px;\" src=\"https:\/\/www.meteoblue.com\/sk\/po%C4%8Dasie\/widget\/three\/slovensk%c3%bd-kras_slovensk%c3%a1-republika_723573?geoloc=fixed&amp;nocurrent=0&amp;noforecast=0&amp;days=6&amp;tempunit=CELSIUS&amp;windunit=KILOMETER_PER_HOUR&amp;layout=image\" frameborder=\"0\" scrolling=\"NO\" sandbox=\"allow-same-origin allow-scripts allow-popups allow-popups-to-escape-sandbox\"><span data-mce-type=\"bookmark\" style=\"display: inline-block; width: 0px; overflow: hidden; line-height: 0;\" class=\"mce_SELRES_start\">\ufeff<\/span><\/iframe><\/p>\n<div><!-- DO NOT REMOVE THIS LINK --><a href=\"https:\/\/www.meteoblue.com\/sk\/po%C4%8Dasie\/predpove%C4%8F\/t%C3%BD%C5%BEde%C5%88\/slovensk%c3%bd-kras_slovensk%c3%a1-republika_723573?utm_source=weather_widget&amp;utm_medium=linkus&amp;utm_content=three&amp;utm_campaign=Weather%2BWidget\" target=\"_blank\" rel=\"noopener noreferrer\">meteoblue<\/a><\/div>\n","protected":false},"excerpt":{"rendered":"<p>Menu: Podkateg\u00f3ria: Krvav\u00e1 hist\u00f3ria a dychber\u00faci ka\u0148on: \u010co skr\u00fdva rieka Slan\u00e1? Vydajte sa po stop\u00e1ch toku, ktor\u00fd na Gemeri vyrezal jeden z najhlb\u0161\u00edch ka\u0148onov strednej Eur\u00f3py a nesk\u00f4r, hlboko v [&hellip;]<\/p>\n","protected":false},"author":1,"featured_media":30006,"parent":13,"menu_order":0,"comment_status":"closed","ping_status":"open","template":"","meta":{"_uag_custom_page_level_css":"","footnotes":""},"class_list":["post-380","page","type-page","status-publish","has-post-thumbnail","hentry"],"featured_image_src":"https:\/\/www.slovensky-kras.eu\/info\/wp-content\/uploads\/2025\/11\/rieka-slana2.jpeg","featured_image_src_square":"https:\/\/www.slovensky-kras.eu\/info\/wp-content\/uploads\/2025\/11\/rieka-slana2.jpeg","rbea_author_info":{"display_name":"admin","author_link":"https:\/\/www.slovensky-kras.eu\/info\/author\/admin\/"},"rbea_excerpt_info":"Menu: Podkateg\u00f3ria: Krvav\u00e1 hist\u00f3ria a dychber\u00faci ka\u0148on: \u010co skr\u00fdva rieka Slan\u00e1? Vydajte sa po stop\u00e1ch toku, ktor\u00fd na Gemeri vyrezal jeden z najhlb\u0161\u00edch ka\u0148onov strednej Eur\u00f3py a nesk\u00f4r, hlboko v [&hellip;]","uagb_featured_image_src":{"full":["https:\/\/www.slovensky-kras.eu\/info\/wp-content\/uploads\/2025\/11\/rieka-slana2.jpeg",1376,768,false],"thumbnail":["https:\/\/www.slovensky-kras.eu\/info\/wp-content\/uploads\/2025\/11\/rieka-slana2-150x150.jpeg",150,150,true],"medium":["https:\/\/www.slovensky-kras.eu\/info\/wp-content\/uploads\/2025\/11\/rieka-slana2-800x447.jpeg",800,447,true],"medium_large":["https:\/\/www.slovensky-kras.eu\/info\/wp-content\/uploads\/2025\/11\/rieka-slana2-768x429.jpeg",768,429,true],"large":["https:\/\/www.slovensky-kras.eu\/info\/wp-content\/uploads\/2025\/11\/rieka-slana2-1024x572.jpeg",1024,572,true],"1536x1536":["https:\/\/www.slovensky-kras.eu\/info\/wp-content\/uploads\/2025\/11\/rieka-slana2.jpeg",1376,768,false],"2048x2048":["https:\/\/www.slovensky-kras.eu\/info\/wp-content\/uploads\/2025\/11\/rieka-slana2.jpeg",1376,768,false]},"uagb_author_info":{"display_name":"admin","author_link":"https:\/\/www.slovensky-kras.eu\/info\/author\/admin\/"},"uagb_comment_info":0,"uagb_excerpt":"Menu: Podkateg\u00f3ria: Krvav\u00e1 hist\u00f3ria a dychber\u00faci ka\u0148on: \u010co skr\u00fdva rieka Slan\u00e1? Vydajte sa po stop\u00e1ch toku, ktor\u00fd na Gemeri vyrezal jeden z najhlb\u0161\u00edch ka\u0148onov strednej Eur\u00f3py a nesk\u00f4r, hlboko v [&hellip;]","_links":{"self":[{"href":"https:\/\/www.slovensky-kras.eu\/info\/wp-json\/wp\/v2\/pages\/380","targetHints":{"allow":["GET"]}}],"collection":[{"href":"https:\/\/www.slovensky-kras.eu\/info\/wp-json\/wp\/v2\/pages"}],"about":[{"href":"https:\/\/www.slovensky-kras.eu\/info\/wp-json\/wp\/v2\/types\/page"}],"author":[{"embeddable":true,"href":"https:\/\/www.slovensky-kras.eu\/info\/wp-json\/wp\/v2\/users\/1"}],"replies":[{"embeddable":true,"href":"https:\/\/www.slovensky-kras.eu\/info\/wp-json\/wp\/v2\/comments?post=380"}],"version-history":[{"count":40,"href":"https:\/\/www.slovensky-kras.eu\/info\/wp-json\/wp\/v2\/pages\/380\/revisions"}],"predecessor-version":[{"id":30011,"href":"https:\/\/www.slovensky-kras.eu\/info\/wp-json\/wp\/v2\/pages\/380\/revisions\/30011"}],"up":[{"embeddable":true,"href":"https:\/\/www.slovensky-kras.eu\/info\/wp-json\/wp\/v2\/pages\/13"}],"wp:featuredmedia":[{"embeddable":true,"href":"https:\/\/www.slovensky-kras.eu\/info\/wp-json\/wp\/v2\/media\/30006"}],"wp:attachment":[{"href":"https:\/\/www.slovensky-kras.eu\/info\/wp-json\/wp\/v2\/media?parent=380"}],"curies":[{"name":"wp","href":"https:\/\/api.w.org\/{rel}","templated":true}]}}