{"id":370,"date":"2013-06-29T11:55:35","date_gmt":"2013-06-29T09:55:35","guid":{"rendered":"http:\/\/www.slovensky-kras.eu\/info\/?page_id=370"},"modified":"2026-04-12T08:10:30","modified_gmt":"2026-04-12T06:10:30","slug":"lucanske-krasove-jazierko","status":"publish","type":"page","link":"https:\/\/www.slovensky-kras.eu\/info\/kam-do-prirody\/lucanske-krasove-jazierko\/","title":{"rendered":"L\u00fa\u010dansk\u00e9 krasov\u00e9 jazierko"},"content":{"rendered":"<p><strong>Menu: <\/strong> <a href=\"http:\/\/www.slovensky-kras.eu\/info\/\" class=\"su-button su-button-style-default\" style=\"color:#000000;background-color:#FFCF2F;border-color:#cca626;border-radius:5px\" target=\"_self\"><span style=\"color:#000000;padding:6px 16px;font-size:13px;line-height:20px;border-color:#ffde6e;border-radius:5px;text-shadow:none\"><i class=\"sui sui-arrow-right\" style=\"font-size:13px;color:#000000\"><\/i>  \u00davod \/ Aktuality <\/span><\/a>\n<a href=\"http:\/\/www.slovensky-kras.eu\/info\/kam-do-prirody\/\" class=\"su-button su-button-style-default\" style=\"color:#000000;background-color:#FFCF2F;border-color:#cca626;border-radius:5px\" target=\"_self\"><span style=\"color:#000000;padding:6px 16px;font-size:13px;line-height:20px;border-color:#ffde6e;border-radius:5px;text-shadow:none\"><i class=\"sui sui-arrow-right\" style=\"font-size:13px;color:#000000\"><\/i>  Kam do pr\u00edrody <\/span><\/a>\n<p><strong>Podkateg\u00f3ria: <\/strong> <a href=\"http:\/\/www.slovensky-kras.eu\/info\/kam-do-prirody\/vodopady-jazierka-rieky\/\" class=\"su-button su-button-style-default\" style=\"color:#000000;background-color:#C5ED2C;border-color:#9ebe24;border-radius:5px\" target=\"_self\"><span style=\"color:#000000;padding:6px 16px;font-size:13px;line-height:20px;border-color:#d7f36c;border-radius:5px;text-shadow:none\"><i class=\"sui sui-arrow-right\" style=\"font-size:13px;color:#000000\"><\/i>  Vodop\u00e1dy, jazierka, rieky \u2026 <\/span><\/a>\n<div class=\"su-divider su-divider-style-default\" style=\"margin:15px 0;border-width:2px;border-color:#000000\"><\/div>\n<figure id=\"attachment_7351\" aria-describedby=\"caption-attachment-7351\" style=\"width: 900px\" class=\"wp-caption aligncenter\"><a href=\"https:\/\/www.slovensky-kras.eu\/info\/wp-content\/uploads\/2013\/06\/krasove-jazerko3.jpg\"><img loading=\"lazy\" decoding=\"async\" class=\"wp-image-7351\" src=\"http:\/\/www.slovensky-kras.eu\/info\/wp-content\/uploads\/2013\/06\/krasove-jazerko3.jpg\" alt=\"L\u00fa\u010dansk\u00e9 krasov\u00e9 jazierko\" width=\"900\" height=\"508\" srcset=\"https:\/\/www.slovensky-kras.eu\/info\/wp-content\/uploads\/2013\/06\/krasove-jazerko3.jpg 800w, https:\/\/www.slovensky-kras.eu\/info\/wp-content\/uploads\/2013\/06\/krasove-jazerko3-768x434.jpg 768w\" sizes=\"auto, (max-width: 900px) 100vw, 900px\" \/><\/a><figcaption id=\"caption-attachment-7351\" class=\"wp-caption-text\">L\u00fa\u010dansk\u00e9 krasov\u00e9 jazierko<\/figcaption><\/figure>\n<div class=\"su-divider su-divider-style-default\" style=\"margin:15px 0;border-width:2px;border-color:#000000\"><\/div>\n<h2 data-path-to-node=\"1\"><span style=\"color: #800000;\">Objavte mizn\u00faci klenot Slovensk\u00e9ho krasu<\/span><\/h2>\n<p data-path-to-node=\"2\">T\u00fa\u017eite n\u00e1js\u0165 miesto, kde sa <b data-path-to-node=\"2\" data-index-in-node=\"28\">realita sp\u00e1ja s legendami<\/b> o tancuj\u00facich v\u00edlach? <b data-path-to-node=\"2\" data-index-in-node=\"76\">L\u00fa\u010dansk\u00e9 krasov\u00e9 jazierko<\/b> je unik\u00e1tnym pr\u00edrodn\u00fdm \u00fakazom, ktor\u00fd pred na\u0161imi o\u010dami <b data-path-to-node=\"2\" data-index-in-node=\"157\">pomaly zanik\u00e1<\/b>, \u010d\u00edm sa st\u00e1va e\u0161te vz\u00e1cnej\u0161\u00edm cie\u013eom pre va\u0161u turistiku.<\/p>\n<p data-path-to-node=\"2\">Vydajte sa na planinu <a href=\"https:\/\/www.slovensky-kras.eu\/info\/kam-do-prirody\/planina-horny-vrch\/\"><b data-path-to-node=\"2\" data-index-in-node=\"250\">Horn\u00fd vrch<\/b><\/a> a za\u017eite magick\u00fa atmosf\u00e9ru tohto <b data-path-to-node=\"2\" data-index-in-node=\"294\">skryt\u00e9ho pokladu<\/b>, k\u00fdm sa jeho vody definit\u00edvne nestratia v h\u013abkach podzemia. Kr\u00e1\u010dajte v\u0161ak potichu \u2013 str\u00e1\u017ekyne tohto <b data-path-to-node=\"2\" data-index-in-node=\"411\">tajomn\u00e9ho miesta<\/b> vraj nepozorn\u00fdch pocestn\u00fdch radi zaved\u00fa do hlbok\u00fdch priepast\u00ed.<\/p>\n<h2 data-start=\"424\" data-end=\"472\"><span style=\"color: #800000;\">Kde sa nach\u00e1dza L\u00fa\u010dansk\u00e9 krasov\u00e9 jazierko?<\/span><\/h2>\n<p data-start=\"473\" data-end=\"851\"><strong data-start=\"473\" data-end=\"502\">L\u00fa\u010dansk\u00e9 krasov\u00e9 jazierko<\/strong> sa nach\u00e1dza na severoz\u00e1pad od <strong data-start=\"533\" data-end=\"564\">Holubej skaly (741 m n. m.)<\/strong>, uprostred planiny <a href=\"https:\/\/www.slovensky-kras.eu\/info\/kam-do-prirody\/planina-horny-vrch\/\"><strong data-start=\"584\" data-end=\"598\">Horn\u00fd vrch<\/strong><\/a>, pribli\u017ene <strong data-start=\"610\" data-end=\"638\">3 km ju\u017ene od obce <a href=\"https:\/\/www.slovensky-kras.eu\/info\/strediska-a-centra\/obec-lucka\/\">L\u00fa\u010dka<\/a><\/strong> v <strong data-start=\"641\" data-end=\"661\">Slovenskom krase<\/strong>. Le\u017e\u00ed vo v\u00fd\u0161ke <strong data-start=\"677\" data-end=\"692\">728 m n. m.<\/strong> a zaber\u00e1 plochu asi <strong data-start=\"713\" data-end=\"729\">0,17 hekt\u00e1ra<\/strong>. Je jedn\u00fdm z m\u00e1la zachovan\u00fdch krasov\u00fdch jazierok v tejto \u010dasti Slovenska a patr\u00ed medzi skryt\u00e9 poklady slovensk\u00fdch plan\u00edn.<\/p>\n<h2 data-start=\"853\" data-end=\"895\"><span style=\"color: #800000;\">Do akej oblasti patr\u00ed toto jazierko?<\/span><\/h2>\n<p data-start=\"896\" data-end=\"1171\">Z geomorfologick\u00e9ho h\u013eadiska patr\u00ed <strong data-start=\"931\" data-end=\"952\">L\u00fa\u010dansk\u00e9 jazierko<\/strong> do oblasti <strong data-start=\"964\" data-end=\"989\">Slovensk\u00e9ho rudohoria<\/strong>, konkr\u00e9tne do <strong data-start=\"1004\" data-end=\"1037\">horsk\u00e9ho celku Slovensk\u00fd kras<\/strong> \u2013 <strong data-start=\"1040\" data-end=\"1063\">podcelok Horn\u00fd vrch<\/strong>. T\u00e1to oblas\u0165 je zn\u00e1ma <strong data-start=\"1086\" data-end=\"1135\">bohat\u00fdm krasov\u00fdm reli\u00e9fom, jasky\u0148ami a z\u00e1vrty<\/strong>, ktor\u00e9 formovala voda tis\u00edce rokov.<\/p>\n<figure id=\"attachment_7324\" aria-describedby=\"caption-attachment-7324\" style=\"width: 900px\" class=\"wp-caption aligncenter\"><a href=\"https:\/\/www.slovensky-kras.eu\/info\/wp-content\/uploads\/2016\/01\/krasove-jazierko.jpg\"><img loading=\"lazy\" decoding=\"async\" class=\"wp-image-7324\" src=\"http:\/\/www.slovensky-kras.eu\/info\/wp-content\/uploads\/2016\/01\/krasove-jazierko.jpg\" alt=\"L\u00fa\u010dansk\u00e9 krasov\u00e9 jazierko\" width=\"900\" height=\"596\" srcset=\"https:\/\/www.slovensky-kras.eu\/info\/wp-content\/uploads\/2016\/01\/krasove-jazierko.jpg 800w, https:\/\/www.slovensky-kras.eu\/info\/wp-content\/uploads\/2016\/01\/krasove-jazierko-768x509.jpg 768w\" sizes=\"auto, (max-width: 900px) 100vw, 900px\" \/><\/a><figcaption id=\"caption-attachment-7324\" class=\"wp-caption-text\">L\u00fa\u010dansk\u00e9 krasov\u00e9 jazierko<\/figcaption><\/figure>\n<h2 data-start=\"1173\" data-end=\"1217\"><span style=\"color: #800000;\">Ako vzniklo L\u00fa\u010dansk\u00e9 krasov\u00e9 jazierko?<\/span><\/h2>\n<p data-start=\"1218\" data-end=\"1455\">Jazierko vzniklo <strong data-start=\"1235\" data-end=\"1303\">upchat\u00edm krasovej jamy \u2013 z\u00e1vrtu \u2013 \u00edlovitou nepriepustnou zeminou<\/strong>, ktor\u00e1 zadr\u017euje vodu. Tento typ \u00fatvaru je pre krasov\u00fa krajinu typick\u00fd a predstavuje zriedkav\u00fd pr\u00edklad <strong data-start=\"1406\" data-end=\"1454\">prirodzenej vodnej plochy v Slovenskom krase<\/strong>.<\/p>\n<h2 data-start=\"1457\" data-end=\"1503\"><span style=\"color: #800000;\">Ako je jazierko nap\u00e1jan\u00e9 a ak\u00e9 m\u00e1 brehy?<\/span><\/h2>\n<p data-start=\"1504\" data-end=\"1731\">L\u00fa\u010dansk\u00e9 jazierko nap\u00e1ja <strong data-start=\"1529\" data-end=\"1569\">prame\u0148 vzdialen\u00fd pribli\u017ene 50 metrov<\/strong> severoz\u00e1padne od neho. M\u00e1 <strong data-start=\"1596\" data-end=\"1630\">bahnit\u00e9 brehy zarasten\u00e9 t\u0155st\u00edm<\/strong> a v jeho okol\u00ed sa rozprestiera <strong data-start=\"1662\" data-end=\"1681\">vlhk\u00e1 veget\u00e1cia<\/strong>, ktor\u00e1 poskytuje domov mnoh\u00fdm drobn\u00fdm \u017eivo\u010d\u00edchom.<\/p>\n<h2 data-start=\"1733\" data-end=\"1777\"><span style=\"color: #800000;\">Ak\u00e1 je fauna a fl\u00f3ra v okol\u00ed jazierka?<\/span><\/h2>\n<p data-start=\"1778\" data-end=\"2130\">V okol\u00ed jazierka sa vyskytuj\u00fa <strong data-start=\"1808\" data-end=\"1882\">typick\u00e9 mo\u010diarne a vodn\u00e9 druhy rastl\u00edn a \u017eivo\u010d\u00edchov teplej\u0161\u00edch oblast\u00ed<\/strong>. Voda tu postupne ustupuje a <strong data-start=\"1912\" data-end=\"1952\">jazierko zarast\u00e1 vodn\u00fdm rastlinstvom<\/strong>. T\u00e1to lokalita je v\u00fdznamn\u00e1 v\u00fdskytom <strong data-start=\"1989\" data-end=\"2065\">vz\u00e1cnych druhov m\u00e4kk\u00fd\u0161ov, mot\u00fd\u013eov, chrob\u00e1kov, vreten\u00edc, rop\u00fach a u\u017eoviek<\/strong> \u2013 preto patr\u00ed medzi <strong data-start=\"2086\" data-end=\"2129\">pr\u00edrodne cenn\u00e9 miesta Slovensk\u00e9ho krasu<\/strong>.<\/p>\n<h2 data-start=\"2132\" data-end=\"2164\"><span style=\"color: #800000;\">Vysych\u00e1 L\u00fa\u010dansk\u00e9 jazierko?<\/span><\/h2>\n<p data-start=\"2165\" data-end=\"2497\">\u00c1no. <strong data-start=\"2170\" data-end=\"2237\">Po\u010das hor\u00facich letn\u00fdch mesiacov L\u00fa\u010dansk\u00e9 jazierko \u010dasto vysych\u00e1<\/strong>, preto\u017ee voda sa str\u00e1ca v ponore a zvy\u0161ky sa vyparuj\u00fa. Ide o <strong data-start=\"2299\" data-end=\"2337\">prirodzen\u00fd proces krasovej krajiny<\/strong>, ktor\u00e1 sa neust\u00e1le men\u00ed. Dnes je jazierko v <strong data-start=\"2382\" data-end=\"2408\">\u0161t\u00e1diu pomal\u00e9ho z\u00e1niku<\/strong>, no pr\u00e1ve t\u00fdm je <strong data-start=\"2426\" data-end=\"2439\">jedine\u010dn\u00e9<\/strong> \u2013 je to <strong data-start=\"2448\" data-end=\"2496\">jazero, ktor\u00e9 pred na\u0161imi o\u010dami pomaly mizne<\/strong>.<\/p>\n<h2 data-start=\"2499\" data-end=\"2550\"><span style=\"color: #800000;\">Ak\u00fd vplyv malo po\u013enohospod\u00e1rstvo na jazierko?<\/span><\/h2>\n<p data-start=\"2551\" data-end=\"3079\">V minulosti malo na jeho stav <strong data-start=\"2581\" data-end=\"2644\">negat\u00edvny vplyv ve\u013ekoplo\u0161n\u00e9 socialistick\u00e9 po\u013enohospod\u00e1rstvo<\/strong>, ktor\u00e9 naru\u0161ilo prirodzen\u00fa hydrologick\u00fa rovnov\u00e1hu a prispelo k zne\u010disteniu vody splachmi z pol\u00ed. Dnes v okol\u00ed s\u00edce <strong data-start=\"2760\" data-end=\"2796\">funguje drobn\u00e9 po\u013enohospod\u00e1rstvo<\/strong>, no jeho rozsah je <strong data-start=\"2816\" data-end=\"2840\">neporovnate\u013ene men\u0161\u00ed<\/strong> a vplyv na jazierko <strong data-start=\"2861\" data-end=\"2877\">zanedbate\u013en\u00fd<\/strong>.<br data-start=\"2878\" data-end=\"2881\" \/>V\u010faka \u00fastupu intenz\u00edvneho hospod\u00e1renia sa okolie <strong data-start=\"2930\" data-end=\"2953\">postupne regeneruje<\/strong> \u2013 objavuje sa viac <strong data-start=\"2973\" data-end=\"3016\">divokej veget\u00e1cie a mokra\u010fov\u00fdch rastl\u00edn<\/strong>, ktor\u00e9 pom\u00e1haj\u00fa obnovova\u0165 <strong data-start=\"3043\" data-end=\"3078\">prirodzen\u00fa rovnov\u00e1hu ekosyst\u00e9mu<\/strong>.<\/p>\n<h2 data-start=\"3081\" data-end=\"3133\"><span style=\"color: #800000;\">Existuj\u00fa k L\u00fa\u010dansk\u00e9mu jazierku nejak\u00e9 povesti?<\/span><\/h2>\n<p data-start=\"3134\" data-end=\"3392\">Pod\u013ea star\u00fdch povest\u00ed je toto miesto <strong data-start=\"3171\" data-end=\"3213\">domovom lesn\u00fdch v\u00edl \u2013 str\u00e1\u017eky\u0148 pr\u00edrody<\/strong>. Za mesa\u010dn\u00e9ho svitu sa vraj zjavuj\u00fa na \u010distinke a <strong data-start=\"3264\" data-end=\"3285\">tancuj\u00fa v kruhoch<\/strong>, ktor\u00e9 na tr\u00e1ve zanech\u00e1vaj\u00fa svoju stopu. Vzduch je pritom naplnen\u00fd <strong data-start=\"3353\" data-end=\"3389\">v\u00f4\u0148ou div\u00fdch byl\u00edn a ticha lesov<\/strong>.<\/p>\n<h3 data-start=\"3394\" data-end=\"3419\"><span style=\"color: #808000;\">S\u00fa v\u00edly nebezpe\u010dn\u00e9?<\/span><\/h3>\n<p data-start=\"3420\" data-end=\"3818\">Ako samotn\u00e1 pr\u00edroda \u2013 s\u00fa <strong data-start=\"3445\" data-end=\"3475\">kr\u00e1sne, ale nevyspytate\u013en\u00e9<\/strong>. Pokorn\u00fdm a re\u0161pektuj\u00facim n\u00e1v\u0161tevn\u00edkom m\u00f4\u017eu <strong data-start=\"3520\" data-end=\"3561\">odha\u013eova\u0165 tajomstv\u00e1 lie\u010div\u00fdch rastl\u00edn<\/strong> alebo im <strong data-start=\"3571\" data-end=\"3602\">uk\u00e1za\u0165 bezpe\u010dn\u00fa cestu domov<\/strong>. No t\u00fdch, ktor\u00ed by jazierko alebo les <strong data-start=\"3641\" data-end=\"3668\">zne\u010distili \u010di znev\u00e1\u017eili<\/strong>, vraj <strong data-start=\"3675\" data-end=\"3726\">zaved\u00fa do priepast\u00ed a jask\u00fd\u0148, odkia\u013e niet \u00faniku<\/strong>. Ich hnev si m\u00f4\u017eete vysl\u00fa\u017ei\u0165 aj <strong data-start=\"3759\" data-end=\"3817\">pr\u00edli\u0161n\u00fdm hlukom alebo pokusom naru\u0161i\u0165 ich v\u00edlie kruhy<\/strong>.<\/p>\n<h3 data-start=\"3820\" data-end=\"3874\"><span style=\"color: #808000;\">Ako sa spr\u00e1va\u0165 pri n\u00e1v\u0161teve L\u00fa\u010dansk\u00e9ho jazierka?<\/span><\/h3>\n<p data-start=\"3875\" data-end=\"4152\">Kr\u00e1\u010dajte po tomto \u00fazem\u00ed <strong data-start=\"3899\" data-end=\"3920\">s \u00factou a pokorou<\/strong>. Ich kr\u00e1sa je o\u010daruj\u00faca, no nezab\u00fadajte \u2013 <strong data-start=\"3963\" data-end=\"4011\">s\u00fa to str\u00e1\u017ekyne miesta, nie jeho slu\u017eobn\u00ed\u010dky<\/strong>. Pr\u00ed\u010fte sa <strong data-start=\"4023\" data-end=\"4048\">pokloni\u0165 sile pr\u00edrody<\/strong> a <strong data-start=\"4051\" data-end=\"4098\">poc\u00edti\u0165 magick\u00fa atmosf\u00e9ru Slovensk\u00e9ho krasu<\/strong>, k\u00fdm toto <strong data-start=\"4109\" data-end=\"4151\">jedine\u010dn\u00e9 jazierko e\u0161te st\u00e1le existuje<\/strong>.<\/p>\n<h2><span style=\"color: #800000;\">Ako sa dosta\u0165 ku krasov\u00e9mu jazierku?<\/span><\/h2>\n<p>K jazierku sa m\u00f4\u017eete dosta\u0165 po neozna\u010denej ceste z <a href=\"http:\/\/www.slovensky-kras.eu\/info\/strediska-a-centra\/obec-lucka\/\">obce L\u00fa\u010dka<\/a>.<\/p>\n<p>Popri krasovom jazierku prech\u00e1dza\u00a0 \u010derven\u00e1 turistick\u00e1 trasa z obce <a href=\"http:\/\/www.slovensky-kras.eu\/info\/strediska-a-centra\/obec-borka\/\">B\u00f4rka<\/a> a zo strediska <a href=\"http:\/\/www.slovensky-kras.eu\/info\/strediska-a-centra\/turisticka-oblast-soroska-jablonovske-sedlo\/\">Soro\u0161ka &#8211; Jablonovsk\u00e9 sedlo<\/a>.<\/p>\n<p>Ku krasov\u00e9mu jazierku sa m\u00f4\u017eete dosta\u0165 aj z obce <a href=\"http:\/\/www.slovensky-kras.eu\/info\/strediska-a-centra\/obec-hrhov\/\">Hrhov<\/a>.<\/p>\n<h2><span style=\"color: #800000;\">Zauj\u00edmav\u00e9 odkazy<\/span><\/h2>\n<h3><span style=\"color: #808000;\">Bl\u00edzke stredisko, turistick\u00e9 centrum, obec alebo mesto:<\/span><\/h3>\n<ul>\n<li><a href=\"http:\/\/www.slovensky-kras.eu\/info\/strediska-a-centra\/obec-hrhov\/\">Obec Hrhov (\u010d\u00edtaj viac&#8230;)<\/a><\/li>\n<\/ul>\n<ul>\n<li><a href=\"http:\/\/www.slovensky-kras.eu\/info\/strediska-a-centra\/obec-lucka\/\">Obec L\u00fa\u010dka (\u010d\u00edtaj viac&#8230;)<\/a><\/li>\n<\/ul>\n<ul>\n<li><a href=\"http:\/\/www.slovensky-kras.eu\/info\/strediska-a-centra\/obec-borka\/\">Obec B\u00f4rka<\/a><\/li>\n<\/ul>\n<ul>\n<li><a href=\"http:\/\/www.slovensky-kras.eu\/info\/strediska-a-centra\/turisticka-oblast-soroska-jablonovske-sedlo\/\">Soro\u0161ka &#8211; Jablonovsk\u00e9 sedlo<\/a><\/li>\n<\/ul>\n<h2><span style=\"color: #800000;\">Mapy<\/span><\/h2>\n<p><strong>Vrstvy: <\/strong>Turistick\u00e1 mapa, Automapa, Cyklomapa, Ly\u017eiarska mapa, Satelitn\u00e1 mapa a OpenStreetMap.<\/p>\n<p><strong>Kliknut\u00edm na logo &#8222;Freemap.sk&#8220; sa V\u00e1m mapa zobraz\u00ed na celej ploche obrazovky.<\/strong><\/p>\n<p><iframe style=\"width: 900px; height: 600px; border: 0;\" src=\"https:\/\/www.freemap.sk\/?map=14\/48.619719\/20.719399&amp;info-point=48.619719\/20.719399,L\u00fa\u010dansk\u00e9 krasov\u00e9 jazierko&amp;layers=X&amp;embed=search\" allowfullscreen=\"allowfullscreen\"><span data-mce-type=\"bookmark\" style=\"display: inline-block; width: 0px; overflow: hidden; line-height: 0;\" class=\"mce_SELRES_start\">\ufeff<\/span><\/iframe><\/p>\n<h2><span style=\"color: #808000;\">Po\u010dasie<\/span><\/h2>\n<p><iframe style=\"width: 900px; height: 609px;\" src=\"https:\/\/www.meteoblue.com\/sk\/po%C4%8Dasie\/widget\/three\/48.625N20.765E707_Europe%2FBratislava?geoloc=fixed&amp;nocurrent=0&amp;noforecast=0&amp;days=6&amp;tempunit=CELSIUS&amp;windunit=KILOMETER_PER_HOUR&amp;layout=image\" frameborder=\"0\" scrolling=\"NO\" sandbox=\"allow-same-origin allow-scripts allow-popups allow-popups-to-escape-sandbox\"><span data-mce-type=\"bookmark\" style=\"display: inline-block; width: 0px; overflow: hidden; line-height: 0;\" class=\"mce_SELRES_start\">\ufeff<\/span><\/iframe><\/p>\n<div>\n<p><!-- DO NOT REMOVE THIS LINK --><a href=\"https:\/\/www.meteoblue.com\/sk\/po%C4%8Dasie\/predpove%C4%8F\/t%C3%BD%C5%BEde%C5%88\/48.625N20.765E707_Europe%2FBratislava?utm_source=weather_widget&amp;utm_medium=linkus&amp;utm_content=three&amp;utm_campaign=Weather%2BWidget\" target=\"_blank\" rel=\"noopener noreferrer\">meteoblue<\/a><\/p>\n<\/div>\n<p><strong>Zdroj foto: <\/strong> <a href=\"http:\/\/www.eastern-slovakia.com\/\" target=\"_blank\" rel=\"noopener noreferrer\"> Muro Miron Jesensky (www.eastern-slovakia.com)<\/a><\/p>\n","protected":false},"excerpt":{"rendered":"<p>Menu: Podkateg\u00f3ria: Objavte mizn\u00faci klenot Slovensk\u00e9ho krasu T\u00fa\u017eite n\u00e1js\u0165 miesto, kde sa realita sp\u00e1ja s legendami o tancuj\u00facich v\u00edlach? L\u00fa\u010dansk\u00e9 krasov\u00e9 jazierko je unik\u00e1tnym pr\u00edrodn\u00fdm \u00fakazom, ktor\u00fd pred na\u0161imi o\u010dami [&hellip;]<\/p>\n","protected":false},"author":1,"featured_media":7324,"parent":13,"menu_order":0,"comment_status":"closed","ping_status":"open","template":"","meta":{"_uag_custom_page_level_css":"","footnotes":""},"class_list":["post-370","page","type-page","status-publish","has-post-thumbnail","hentry"],"featured_image_src":"https:\/\/www.slovensky-kras.eu\/info\/wp-content\/uploads\/2016\/01\/krasove-jazierko.jpg","featured_image_src_square":"https:\/\/www.slovensky-kras.eu\/info\/wp-content\/uploads\/2016\/01\/krasove-jazierko.jpg","rbea_author_info":{"display_name":"admin","author_link":"https:\/\/www.slovensky-kras.eu\/info\/author\/admin\/"},"rbea_excerpt_info":"Menu: Podkateg\u00f3ria: Objavte mizn\u00faci klenot Slovensk\u00e9ho krasu T\u00fa\u017eite n\u00e1js\u0165 miesto, kde sa realita sp\u00e1ja s legendami o tancuj\u00facich v\u00edlach? L\u00fa\u010dansk\u00e9 krasov\u00e9 jazierko je unik\u00e1tnym pr\u00edrodn\u00fdm \u00fakazom, ktor\u00fd pred na\u0161imi o\u010dami [&hellip;]","uagb_featured_image_src":{"full":["https:\/\/www.slovensky-kras.eu\/info\/wp-content\/uploads\/2016\/01\/krasove-jazierko.jpg",800,530,false],"thumbnail":["https:\/\/www.slovensky-kras.eu\/info\/wp-content\/uploads\/2016\/01\/krasove-jazierko-150x150.jpg",150,150,true],"medium":["https:\/\/www.slovensky-kras.eu\/info\/wp-content\/uploads\/2016\/01\/krasove-jazierko-800x530.jpg",800,530,true],"medium_large":["https:\/\/www.slovensky-kras.eu\/info\/wp-content\/uploads\/2016\/01\/krasove-jazierko-768x509.jpg",768,509,true],"large":["https:\/\/www.slovensky-kras.eu\/info\/wp-content\/uploads\/2016\/01\/krasove-jazierko.jpg",800,530,false],"1536x1536":["https:\/\/www.slovensky-kras.eu\/info\/wp-content\/uploads\/2016\/01\/krasove-jazierko.jpg",800,530,false],"2048x2048":["https:\/\/www.slovensky-kras.eu\/info\/wp-content\/uploads\/2016\/01\/krasove-jazierko.jpg",800,530,false]},"uagb_author_info":{"display_name":"admin","author_link":"https:\/\/www.slovensky-kras.eu\/info\/author\/admin\/"},"uagb_comment_info":0,"uagb_excerpt":"Menu: Podkateg\u00f3ria: Objavte mizn\u00faci klenot Slovensk\u00e9ho krasu T\u00fa\u017eite n\u00e1js\u0165 miesto, kde sa realita sp\u00e1ja s legendami o tancuj\u00facich v\u00edlach? L\u00fa\u010dansk\u00e9 krasov\u00e9 jazierko je unik\u00e1tnym pr\u00edrodn\u00fdm \u00fakazom, ktor\u00fd pred na\u0161imi o\u010dami [&hellip;]","_links":{"self":[{"href":"https:\/\/www.slovensky-kras.eu\/info\/wp-json\/wp\/v2\/pages\/370","targetHints":{"allow":["GET"]}}],"collection":[{"href":"https:\/\/www.slovensky-kras.eu\/info\/wp-json\/wp\/v2\/pages"}],"about":[{"href":"https:\/\/www.slovensky-kras.eu\/info\/wp-json\/wp\/v2\/types\/page"}],"author":[{"embeddable":true,"href":"https:\/\/www.slovensky-kras.eu\/info\/wp-json\/wp\/v2\/users\/1"}],"replies":[{"embeddable":true,"href":"https:\/\/www.slovensky-kras.eu\/info\/wp-json\/wp\/v2\/comments?post=370"}],"version-history":[{"count":13,"href":"https:\/\/www.slovensky-kras.eu\/info\/wp-json\/wp\/v2\/pages\/370\/revisions"}],"predecessor-version":[{"id":30059,"href":"https:\/\/www.slovensky-kras.eu\/info\/wp-json\/wp\/v2\/pages\/370\/revisions\/30059"}],"up":[{"embeddable":true,"href":"https:\/\/www.slovensky-kras.eu\/info\/wp-json\/wp\/v2\/pages\/13"}],"wp:featuredmedia":[{"embeddable":true,"href":"https:\/\/www.slovensky-kras.eu\/info\/wp-json\/wp\/v2\/media\/7324"}],"wp:attachment":[{"href":"https:\/\/www.slovensky-kras.eu\/info\/wp-json\/wp\/v2\/media?parent=370"}],"curies":[{"name":"wp","href":"https:\/\/api.w.org\/{rel}","templated":true}]}}