{"id":2915,"date":"2014-01-23T06:55:55","date_gmt":"2014-01-23T04:55:55","guid":{"rendered":"http:\/\/www.slovensky-kras.eu\/info\/?page_id=2915"},"modified":"2018-12-20T04:38:41","modified_gmt":"2018-12-20T03:38:41","slug":"mapy","status":"publish","type":"page","link":"https:\/\/www.slovensky-kras.eu\/info\/mapy\/","title":{"rendered":"Mapy"},"content":{"rendered":"<p><strong>Menu: <\/strong><a href=\"http:\/\/www.slovensky-kras.eu\/info\/\" class=\"su-button su-button-style-default\" style=\"color:#000000;background-color:#FFCF2F;border-color:#cca626;border-radius:5px\" target=\"_self\"><span style=\"color:#000000;padding:6px 16px;font-size:13px;line-height:20px;border-color:#ffde6e;border-radius:5px;text-shadow:none\"><i class=\"sui sui-arrow-right\" style=\"font-size:13px;color:#000000\"><\/i>  \u00davod \/ Aktuality <\/span><\/a>\n<a href=\"http:\/\/www.slovensky-kras.eu\/info\/mapy\/\" class=\"su-button su-button-style-default\" style=\"color:#000000;background-color:#FFCF2F;border-color:#cca626;border-radius:5px\" target=\"_self\"><span style=\"color:#000000;padding:6px 16px;font-size:13px;line-height:20px;border-color:#ffde6e;border-radius:5px;text-shadow:none\"><i class=\"sui sui-arrow-right\" style=\"font-size:13px;color:#000000\"><\/i>  Mapy <\/span><\/a>\n<div class=\"su-divider su-divider-style-default\" style=\"margin:15px 0;border-width:2px;border-color:#000000\"><\/div>\n<div class=\"su-divider su-divider-style-default\" style=\"margin:15px 0;border-width:2px;border-color:#000000\"><\/div>\n<p><span style=\"color: #808000;\"><strong>Freemap Slovakia vrstevn\u00e1 mapa<\/strong><\/span><br \/>\n<strong>Vrstvy: <\/strong>Turistick\u00e1 mapa, Cyklomapa, Ly\u017eiarska mapa, Satelitn\u00e1 mapa a OpenStreetMap.<\/p>\n<p><iframe style=\"width: 1110px; height: 600px; border: 0;\" src=\"https:\/\/www.freemap.sk\/?map=11\/48.564112\/20.677299&amp;layers=A&amp;embed=search\" allowfullscreen=\"allowfullscreen\"><\/iframe><\/p>\n<p>Kliknut\u00edm na logo &#8222;Freemap&#8220; sa V\u00e1m mapa zobraz\u00ed na celej ploche obrazovky.<\/p>\n","protected":false},"excerpt":{"rendered":"<p>Menu: Freemap Slovakia vrstevn\u00e1 mapa Vrstvy: Turistick\u00e1 mapa, Cyklomapa, Ly\u017eiarska mapa, Satelitn\u00e1 mapa a OpenStreetMap. Kliknut\u00edm na logo &#8222;Freemap&#8220; sa V\u00e1m mapa zobraz\u00ed na celej ploche obrazovky.<\/p>\n","protected":false},"author":1,"featured_media":0,"parent":0,"menu_order":0,"comment_status":"closed","ping_status":"open","template":"","meta":{"_uag_custom_page_level_css":"","footnotes":""},"class_list":["post-2915","page","type-page","status-publish","hentry"],"featured_image_src":"","featured_image_src_square":false,"rbea_author_info":{"display_name":"admin","author_link":"https:\/\/www.slovensky-kras.eu\/info\/author\/admin\/"},"rbea_excerpt_info":"Menu: Freemap Slovakia vrstevn\u00e1 mapa Vrstvy: Turistick\u00e1 mapa, Cyklomapa, Ly\u017eiarska mapa, Satelitn\u00e1 mapa a OpenStreetMap. Kliknut\u00edm na logo &#8222;Freemap&#8220; sa V\u00e1m mapa zobraz\u00ed na celej ploche obrazovky.","uagb_featured_image_src":{"full":false,"thumbnail":false,"medium":false,"medium_large":false,"large":false,"1536x1536":false,"2048x2048":false},"uagb_author_info":{"display_name":"admin","author_link":"https:\/\/www.slovensky-kras.eu\/info\/author\/admin\/"},"uagb_comment_info":0,"uagb_excerpt":"Menu: Freemap Slovakia vrstevn\u00e1 mapa Vrstvy: Turistick\u00e1 mapa, Cyklomapa, Ly\u017eiarska mapa, Satelitn\u00e1 mapa a OpenStreetMap. Kliknut\u00edm na logo &#8222;Freemap&#8220; sa V\u00e1m mapa zobraz\u00ed na celej ploche obrazovky.","_links":{"self":[{"href":"https:\/\/www.slovensky-kras.eu\/info\/wp-json\/wp\/v2\/pages\/2915","targetHints":{"allow":["GET"]}}],"collection":[{"href":"https:\/\/www.slovensky-kras.eu\/info\/wp-json\/wp\/v2\/pages"}],"about":[{"href":"https:\/\/www.slovensky-kras.eu\/info\/wp-json\/wp\/v2\/types\/page"}],"author":[{"embeddable":true,"href":"https:\/\/www.slovensky-kras.eu\/info\/wp-json\/wp\/v2\/users\/1"}],"replies":[{"embeddable":true,"href":"https:\/\/www.slovensky-kras.eu\/info\/wp-json\/wp\/v2\/comments?post=2915"}],"version-history":[{"count":0,"href":"https:\/\/www.slovensky-kras.eu\/info\/wp-json\/wp\/v2\/pages\/2915\/revisions"}],"wp:attachment":[{"href":"https:\/\/www.slovensky-kras.eu\/info\/wp-json\/wp\/v2\/media?parent=2915"}],"curies":[{"name":"wp","href":"https:\/\/api.w.org\/{rel}","templated":true}]}}