{"id":23801,"date":"2022-10-07T10:24:02","date_gmt":"2022-10-07T08:24:02","guid":{"rendered":"https:\/\/www.slovensky-kras.eu\/info\/?page_id=23801"},"modified":"2022-10-07T15:31:41","modified_gmt":"2022-10-07T13:31:41","slug":"reformovany-kostol-v-slavci","status":"publish","type":"page","link":"https:\/\/www.slovensky-kras.eu\/info\/kam-za-pamiatkami\/reformovany-kostol-v-slavci\/","title":{"rendered":"Reformovan\u00fd kostol v Slavci"},"content":{"rendered":"<p><strong>Menu: <\/strong><a href=\"http:\/\/www.slovensky-kras.eu\/info\/\" class=\"su-button su-button-style-default\" style=\"color:#000000;background-color:#FFCF2F;border-color:#cca626;border-radius:5px\" target=\"_self\"><span style=\"color:#000000;padding:6px 16px;font-size:13px;line-height:20px;border-color:#ffde6e;border-radius:5px;text-shadow:none\"><i class=\"sui sui-arrow-right\" style=\"font-size:13px;color:#000000\"><\/i>  \u00davod \/ Aktuality <\/span><\/a>\n<a href=\"http:\/\/www.slovensky-kras.eu\/info\/kam-za-pamiatkami\/\" class=\"su-button su-button-style-default\" style=\"color:#000000;background-color:#FFCF2F;border-color:#cca626;border-radius:5px\" target=\"_self\"><span style=\"color:#000000;padding:6px 16px;font-size:13px;line-height:20px;border-color:#ffde6e;border-radius:5px;text-shadow:none\"><i class=\"sui sui-arrow-right\" style=\"font-size:13px;color:#000000\"><\/i>  Kam za pamiatkami <\/span><\/a>\n<div class=\"su-divider su-divider-style-default\" style=\"margin:15px 0;border-width:0px;border-color:#000000\"><\/div>\n<strong>Podkateg\u00f3ria: <\/strong> <a href=\"http:\/\/www.slovensky-kras.eu\/info\/kam-za-pamiatkami\/nabozenske-pamiatky\/\" class=\"su-button su-button-style-default\" style=\"color:#000000;background-color:#afd144;border-color:#8ca837;border-radius:5px\" target=\"_self\"><span style=\"color:#000000;padding:6px 16px;font-size:13px;line-height:20px;border-color:#c7df7d;border-radius:5px;text-shadow:none\"><i class=\"sui sui-arrow-right\" style=\"font-size:13px;color:#000000\"><\/i>  N\u00e1bo\u017eensk\u00e9 pamiatky <\/span><\/a>\n<div class=\"su-divider su-divider-style-default\" style=\"margin:15px 0;border-width:2px;border-color:#000000\"><\/div>\n<p><strong>S\u00faradnice GPS:<\/strong><\/p>\n<h3><span style=\"color: #808000;\">V\u0161eobecn\u00e9 inform\u00e1cie<\/span><\/h3>\n<p>Reformovan\u00fd kostol v obci <a href=\"https:\/\/www.slovensky-kras.eu\/info\/strediska-a-centra\/obec-slavec\/\">Slavec<\/a> bol pravdepodobne bol postaven\u00fd koncom 14. storo\u010dia ako\u00a0 jednolo\u010fov\u00e1 p\u00f4vodne gotick\u00e1 stavba s pravouhl\u00fdm z\u00e1verom a predstavanou ve\u017eou z 15. storo\u010dia.<\/p>\n<figure id=\"attachment_23814\" aria-describedby=\"caption-attachment-23814\" style=\"width: 800px\" class=\"wp-caption aligncenter\"><a href=\"https:\/\/www.slovensky-kras.eu\/info\/wp-content\/uploads\/2022\/10\/kostol-slavec-kalvin1.jpg\"><img loading=\"lazy\" decoding=\"async\" class=\"wp-image-23814 size-medium\" src=\"https:\/\/www.slovensky-kras.eu\/info\/wp-content\/uploads\/2022\/10\/kostol-slavec-kalvin1-800x534.jpg\" alt=\"\" width=\"800\" height=\"534\" srcset=\"https:\/\/www.slovensky-kras.eu\/info\/wp-content\/uploads\/2022\/10\/kostol-slavec-kalvin1-800x534.jpg 800w, https:\/\/www.slovensky-kras.eu\/info\/wp-content\/uploads\/2022\/10\/kostol-slavec-kalvin1-768x512.jpg 768w, https:\/\/www.slovensky-kras.eu\/info\/wp-content\/uploads\/2022\/10\/kostol-slavec-kalvin1.jpg 1000w\" sizes=\"auto, (max-width: 800px) 100vw, 800px\" \/><\/a><figcaption id=\"caption-attachment-23814\" class=\"wp-caption-text\">Reformovan\u00fd kostol v Slavci, zdroj foto: OZ Sine Metu<\/figcaption><\/figure>\n<p>Vtedy e\u0161te katol\u00edcky kostol neskor\u0161\u00edmi \u00fapravami svoju stredovek\u00fa podobu stratil.<\/p>\n<p>Ide o jednolo\u010fov\u00fa stavbu s pravouhl\u00fdm z\u00e1verom a predstavanou ve\u017eou, ktor\u00e9ho jadro tvor\u00ed e\u0161te stredovek\u00e1 sakr\u00e1lna stavba zo 14. storo\u010dia.<\/p>\n<figure id=\"attachment_23815\" aria-describedby=\"caption-attachment-23815\" style=\"width: 800px\" class=\"wp-caption aligncenter\"><a href=\"https:\/\/www.slovensky-kras.eu\/info\/wp-content\/uploads\/2022\/10\/kostol-slavec-kalvin2.jpg\"><img loading=\"lazy\" decoding=\"async\" class=\"wp-image-23815 size-medium\" src=\"https:\/\/www.slovensky-kras.eu\/info\/wp-content\/uploads\/2022\/10\/kostol-slavec-kalvin2-800x534.jpg\" alt=\"\" width=\"800\" height=\"534\" srcset=\"https:\/\/www.slovensky-kras.eu\/info\/wp-content\/uploads\/2022\/10\/kostol-slavec-kalvin2-800x534.jpg 800w, https:\/\/www.slovensky-kras.eu\/info\/wp-content\/uploads\/2022\/10\/kostol-slavec-kalvin2-768x512.jpg 768w, https:\/\/www.slovensky-kras.eu\/info\/wp-content\/uploads\/2022\/10\/kostol-slavec-kalvin2.jpg 1000w\" sizes=\"auto, (max-width: 800px) 100vw, 800px\" \/><\/a><figcaption id=\"caption-attachment-23815\" class=\"wp-caption-text\">Reformovan\u00fd kostol v Slavci, zdroj foto: OZ Sine Metu<\/figcaption><\/figure>\n<p>Stavba sa nach\u00e1dza uprostred are\u00e1lu chr\u00e1nen\u00e9ho obrann\u00fdm m\u00farom, ktor\u00e9ho vznik je datovan\u00fd do za\u010diatku 15. storo\u010dia.<\/p>\n<p>V roku 1552 sa kostol stal kalv\u00ednskym.<\/p>\n<figure id=\"attachment_23816\" aria-describedby=\"caption-attachment-23816\" style=\"width: 800px\" class=\"wp-caption aligncenter\"><a href=\"https:\/\/www.slovensky-kras.eu\/info\/wp-content\/uploads\/2022\/10\/kostol-slavec-kalvin3.jpg\"><img loading=\"lazy\" decoding=\"async\" class=\"wp-image-23816 size-medium\" src=\"https:\/\/www.slovensky-kras.eu\/info\/wp-content\/uploads\/2022\/10\/kostol-slavec-kalvin3-800x534.jpg\" alt=\"\" width=\"800\" height=\"534\" srcset=\"https:\/\/www.slovensky-kras.eu\/info\/wp-content\/uploads\/2022\/10\/kostol-slavec-kalvin3-800x534.jpg 800w, https:\/\/www.slovensky-kras.eu\/info\/wp-content\/uploads\/2022\/10\/kostol-slavec-kalvin3-768x512.jpg 768w, https:\/\/www.slovensky-kras.eu\/info\/wp-content\/uploads\/2022\/10\/kostol-slavec-kalvin3.jpg 1000w\" sizes=\"auto, (max-width: 800px) 100vw, 800px\" \/><\/a><figcaption id=\"caption-attachment-23816\" class=\"wp-caption-text\">Reformovan\u00fd kostol v Slavci, zdroj foto: OZ Sine Metu<\/figcaption><\/figure>\n<p>Kalvinizmus je kres\u0165ansk\u00e9 protestantsk\u00e9 vyznanie ktor\u00e9 vzniklo v 16. storo\u010d\u00ed \u0161vaj\u010diarskou reform\u00e1ciou.<\/p>\n<p>Vyzn\u00e1va teol\u00f3giu J\u00e1na Kalv\u00edna.<\/p>\n<figure id=\"attachment_23817\" aria-describedby=\"caption-attachment-23817\" style=\"width: 800px\" class=\"wp-caption aligncenter\"><a href=\"https:\/\/www.slovensky-kras.eu\/info\/wp-content\/uploads\/2022\/10\/kostol-slavec-kalvin4.jpg\"><img loading=\"lazy\" decoding=\"async\" class=\"wp-image-23817 size-medium\" src=\"https:\/\/www.slovensky-kras.eu\/info\/wp-content\/uploads\/2022\/10\/kostol-slavec-kalvin4-800x534.jpg\" alt=\"\" width=\"800\" height=\"534\" srcset=\"https:\/\/www.slovensky-kras.eu\/info\/wp-content\/uploads\/2022\/10\/kostol-slavec-kalvin4-800x534.jpg 800w, https:\/\/www.slovensky-kras.eu\/info\/wp-content\/uploads\/2022\/10\/kostol-slavec-kalvin4-768x512.jpg 768w, https:\/\/www.slovensky-kras.eu\/info\/wp-content\/uploads\/2022\/10\/kostol-slavec-kalvin4.jpg 1000w\" sizes=\"auto, (max-width: 800px) 100vw, 800px\" \/><\/a><figcaption id=\"caption-attachment-23817\" class=\"wp-caption-text\">Reformovan\u00fd kostol v Slavci, zdroj foto: OZ Sine Metu<\/figcaption><\/figure>\n<p>Kalvinizmus zv\u00ed\u0165azil najprv v \u017deneve a r\u00fdchlo nadobudol celoeur\u00f3psky v\u00fdznam, prenikol do Franc\u00fazska (hugenoti), \u0160k\u00f3tska, Anglicka (purit\u00e1ni), Uhorska, \u010ciech, Nemecka a inde.<\/p>\n<p>Interi\u00e9ru dominuje dreven\u00e1 kazate\u013enica s prvkami \u013eudov\u00e9ho umenia a neskorobarokov\u00fd strop je ma\u013eovan\u00fd a kazetov\u00fd s \u013eudovou v\u00fdma\u013ebou z polovice 18. storo\u010dia.<\/p>\n<figure id=\"attachment_23818\" aria-describedby=\"caption-attachment-23818\" style=\"width: 800px\" class=\"wp-caption aligncenter\"><a href=\"https:\/\/www.slovensky-kras.eu\/info\/wp-content\/uploads\/2022\/10\/kostol-slavec-kalvin5.jpg\"><img loading=\"lazy\" decoding=\"async\" class=\"wp-image-23818 size-medium\" src=\"https:\/\/www.slovensky-kras.eu\/info\/wp-content\/uploads\/2022\/10\/kostol-slavec-kalvin5-800x534.jpg\" alt=\"\" width=\"800\" height=\"534\" srcset=\"https:\/\/www.slovensky-kras.eu\/info\/wp-content\/uploads\/2022\/10\/kostol-slavec-kalvin5-800x534.jpg 800w, https:\/\/www.slovensky-kras.eu\/info\/wp-content\/uploads\/2022\/10\/kostol-slavec-kalvin5-768x512.jpg 768w, https:\/\/www.slovensky-kras.eu\/info\/wp-content\/uploads\/2022\/10\/kostol-slavec-kalvin5.jpg 1000w\" sizes=\"auto, (max-width: 800px) 100vw, 800px\" \/><\/a><figcaption id=\"caption-attachment-23818\" class=\"wp-caption-text\">Reformovan\u00fd kostol v Slavci, zdroj foto: OZ Sine Metu<\/figcaption><\/figure>\n<p>V roku 1801 bol obnoven\u00fd, roz\u0161\u00edren\u00fd a bola pristavan\u00e1 ve\u017ea.<\/p>\n<p>\u010ealej sa v interi\u00e9ri nach\u00e1dza ma\u013eovan\u00e1 empora a p\u00f4vodn\u00e9 lavice.<\/p>\n<figure id=\"attachment_23819\" aria-describedby=\"caption-attachment-23819\" style=\"width: 800px\" class=\"wp-caption aligncenter\"><a href=\"https:\/\/www.slovensky-kras.eu\/info\/wp-content\/uploads\/2022\/10\/kostol-slavec-kalvin6.jpg\"><img loading=\"lazy\" decoding=\"async\" class=\"wp-image-23819 size-medium\" src=\"https:\/\/www.slovensky-kras.eu\/info\/wp-content\/uploads\/2022\/10\/kostol-slavec-kalvin6-800x534.jpg\" alt=\"\" width=\"800\" height=\"534\" srcset=\"https:\/\/www.slovensky-kras.eu\/info\/wp-content\/uploads\/2022\/10\/kostol-slavec-kalvin6-800x534.jpg 800w, https:\/\/www.slovensky-kras.eu\/info\/wp-content\/uploads\/2022\/10\/kostol-slavec-kalvin6-768x512.jpg 768w, https:\/\/www.slovensky-kras.eu\/info\/wp-content\/uploads\/2022\/10\/kostol-slavec-kalvin6.jpg 1000w\" sizes=\"auto, (max-width: 800px) 100vw, 800px\" \/><\/a><figcaption id=\"caption-attachment-23819\" class=\"wp-caption-text\">Reformovan\u00fd kostol v Slavci, zdroj foto: OZ Sine Metu<\/figcaption><\/figure>\n<p>V 19. storo\u010d\u00ed dostal kostol nov\u00e9 dreven\u00e9 lavice, ma\u013eovan\u00fd kazetov\u00fd strop a trib\u00fanu.<\/p>\n<p>V roku 1907 bol do kostola umiestnen\u00fd organ s neorenesan\u010dnou organovou skri\u0148ou.<\/p>\n<p>Kostol m\u00e1 hladk\u00e9 bielen\u00e9 fas\u00e1dy, ve\u017ea je ukon\u010den\u00e1 korunnou r\u00edmsou s ter\u010d\u00edkom a barokovou helmicou pokrytou \u0161ind\u013eom.<\/p>\n<p>Za n\u00e1rodn\u00fa kult\u00farnu pamiatku bol kostol vyhl\u00e1sen\u00fd v roku 1975.<\/p>\n<p>V roku 2018 sa za\u010dalo s obnovou kostola, konkr\u00e9tne s opravou zastre\u0161enia ve\u017ee.<\/p>\n<h3><span style=\"color: #808000;\">Bl\u00edzke stredisko, turistick\u00e9 centrum, obec alebo mesto:<\/span><\/h3>\n<ul>\n<li><a href=\"http:\/\/www.slovensky-kras.eu\/info\/strediska-a-centra\/obec-slavec\/\">Obec Slavec<\/a><\/li>\n<\/ul>\n<h3><span style=\"color: #808000;\">Ubytovanie a stravovanie<\/span><\/h3>\n<p><strong>Chalupa Ida <\/strong><br \/>\nSlavec 5<br \/>\n049 11 Slavec<br \/>\n<strong>Tel.:<\/strong> +421-(0)<br \/>\n<strong>E-mail:<\/strong> <a href=\"mailto:idacsefo@zoznam.sk\" target=\"_blank\" rel=\"noopener noreferrer\">idacsefo@zoznam.sk<\/a><br \/>\n<strong>GPS s\u00faradnice: <\/strong>48\u00ba 35&#8242; 2&#8220; N, 20\u00ba 27&#8242; 60&#8220;<\/p>\n<h3><span style=\"color: #808000;\">Objednaj si ubytovanie<\/span><\/h3>\n<ul>\n<li><a href=\"http:\/\/keturist.sk\/shop\/produkt\/chalupa-ida\/?v=13dd621f2711\" target=\"_blank\" rel=\"noopener noreferrer\">Chalupa Ida (\u010d\u00edtaj viac&#8230;)<\/a> priamo v obci<\/li>\n<\/ul>\n<h3><span style=\"color: #808000;\">Mapy<\/span><\/h3>\n<p><strong>Vrstvy: <\/strong>Turistick\u00e1 mapa, Automapa, Cyklomapa, Ly\u017eiarska mapa, Satelitn\u00e1 mapa a OpenStreetMap.<\/p>\n<p><strong>Kliknut\u00edm na logo &#8222;Freemap.sk&#8220; sa V\u00e1m mapa zobraz\u00ed na celej ploche obrazovky.<\/strong><\/p>\n<p><iframe style=\"width: 800px; height: 600px; border: 0;\" src=\"https:\/\/www.freemap.sk\/?map=15\/48.586810\/20.467783&amp;info-point=48.586810\/20.467783,Reformovan\u00fd kostol v Slavci&amp;layers=T&amp;embed=search\" allowfullscreen=\"allowfullscreen\"><\/iframe><\/p>\n<h3><span style=\"color: #808000;\">Po\u010dasie<\/span><strong><br \/>\n<\/strong><br \/>\n<iframe style=\"width: 800px; height: 609px;\" src=\"https:\/\/www.meteoblue.com\/sk\/po%C4%8Dasie\/widget\/three\/slavec_slovensk%c3%a1-republika_723590?geoloc=fixed&amp;nocurrent=0&amp;noforecast=0&amp;days=6&amp;tempunit=CELSIUS&amp;windunit=KILOMETER_PER_HOUR&amp;layout=image\" frameborder=\"0\" scrolling=\"NO\" sandbox=\"allow-same-origin allow-scripts allow-popups allow-popups-to-escape-sandbox\"><\/iframe><\/h3>\n<div><!-- DO NOT REMOVE THIS LINK --><a href=\"https:\/\/www.meteoblue.com\/sk\/po%C4%8Dasie\/predpove%C4%8F\/t%C3%BD%C5%BEde%C5%88\/slavec_slovensk%c3%a1-republika_723590?utm_source=weather_widget&amp;utm_medium=linkus&amp;utm_content=three&amp;utm_campaign=Weather%2BWidget\" target=\"_blank\" rel=\"noopener noreferrer\">meteoblue<\/a><\/div>\n","protected":false},"excerpt":{"rendered":"<p>Menu: Podkateg\u00f3ria: S\u00faradnice GPS: V\u0161eobecn\u00e9 inform\u00e1cie Reformovan\u00fd kostol v obci Slavec bol pravdepodobne bol postaven\u00fd koncom 14. storo\u010dia ako\u00a0 jednolo\u010fov\u00e1 p\u00f4vodne gotick\u00e1 stavba s pravouhl\u00fdm z\u00e1verom a predstavanou ve\u017eou z [&hellip;]<\/p>\n","protected":false},"author":1,"featured_media":0,"parent":15,"menu_order":0,"comment_status":"closed","ping_status":"closed","template":"","meta":{"_uag_custom_page_level_css":"","footnotes":""},"class_list":["post-23801","page","type-page","status-publish","hentry"],"featured_image_src":"","featured_image_src_square":false,"rbea_author_info":{"display_name":"admin","author_link":"https:\/\/www.slovensky-kras.eu\/info\/author\/admin\/"},"rbea_excerpt_info":"Menu: Podkateg\u00f3ria: S\u00faradnice GPS: V\u0161eobecn\u00e9 inform\u00e1cie Reformovan\u00fd kostol v obci Slavec bol pravdepodobne bol postaven\u00fd koncom 14. storo\u010dia ako\u00a0 jednolo\u010fov\u00e1 p\u00f4vodne gotick\u00e1 stavba s pravouhl\u00fdm z\u00e1verom a predstavanou ve\u017eou z [&hellip;]","uagb_featured_image_src":{"full":false,"thumbnail":false,"medium":false,"medium_large":false,"large":false,"1536x1536":false,"2048x2048":false},"uagb_author_info":{"display_name":"admin","author_link":"https:\/\/www.slovensky-kras.eu\/info\/author\/admin\/"},"uagb_comment_info":0,"uagb_excerpt":"Menu: Podkateg\u00f3ria: S\u00faradnice GPS: V\u0161eobecn\u00e9 inform\u00e1cie Reformovan\u00fd kostol v obci Slavec bol pravdepodobne bol postaven\u00fd koncom 14. storo\u010dia ako\u00a0 jednolo\u010fov\u00e1 p\u00f4vodne gotick\u00e1 stavba s pravouhl\u00fdm z\u00e1verom a predstavanou ve\u017eou z [&hellip;]","_links":{"self":[{"href":"https:\/\/www.slovensky-kras.eu\/info\/wp-json\/wp\/v2\/pages\/23801","targetHints":{"allow":["GET"]}}],"collection":[{"href":"https:\/\/www.slovensky-kras.eu\/info\/wp-json\/wp\/v2\/pages"}],"about":[{"href":"https:\/\/www.slovensky-kras.eu\/info\/wp-json\/wp\/v2\/types\/page"}],"author":[{"embeddable":true,"href":"https:\/\/www.slovensky-kras.eu\/info\/wp-json\/wp\/v2\/users\/1"}],"replies":[{"embeddable":true,"href":"https:\/\/www.slovensky-kras.eu\/info\/wp-json\/wp\/v2\/comments?post=23801"}],"version-history":[{"count":15,"href":"https:\/\/www.slovensky-kras.eu\/info\/wp-json\/wp\/v2\/pages\/23801\/revisions"}],"predecessor-version":[{"id":23829,"href":"https:\/\/www.slovensky-kras.eu\/info\/wp-json\/wp\/v2\/pages\/23801\/revisions\/23829"}],"up":[{"embeddable":true,"href":"https:\/\/www.slovensky-kras.eu\/info\/wp-json\/wp\/v2\/pages\/15"}],"wp:attachment":[{"href":"https:\/\/www.slovensky-kras.eu\/info\/wp-json\/wp\/v2\/media?parent=23801"}],"curies":[{"name":"wp","href":"https:\/\/api.w.org\/{rel}","templated":true}]}}