{"id":22540,"date":"2022-01-06T12:42:28","date_gmt":"2022-01-06T11:42:28","guid":{"rendered":"https:\/\/www.slovensky-kras.eu\/info\/?page_id=22540"},"modified":"2026-04-15T05:58:35","modified_gmt":"2026-04-15T03:58:35","slug":"hutnianska-jaskyna","status":"publish","type":"page","link":"https:\/\/www.slovensky-kras.eu\/info\/jaskyne-a-priepasti\/hutnianska-jaskyna\/","title":{"rendered":"Hutnianska jasky\u0148a"},"content":{"rendered":"<p><strong>Menu: <\/strong> <a href=\"http:\/\/www.slovensky-kras.eu\/info\/\" class=\"su-button su-button-style-default\" style=\"color:#000000;background-color:#FFCF2F;border-color:#cca626;border-radius:5px\" target=\"_self\"><span style=\"color:#000000;padding:6px 16px;font-size:13px;line-height:20px;border-color:#ffde6e;border-radius:5px;text-shadow:none\"><i class=\"sui sui-arrow-right\" style=\"font-size:13px;color:#000000\"><\/i>  \u00davod \/ Aktuality <\/span><\/a>\n<a href=\"http:\/\/www.slovensky-kras.eu\/info\/kam-do-prirody\/\" class=\"su-button su-button-style-default\" style=\"color:#000000;background-color:#FFCF2F;border-color:#cca626;border-radius:5px\" target=\"_self\"><span style=\"color:#000000;padding:6px 16px;font-size:13px;line-height:20px;border-color:#ffde6e;border-radius:5px;text-shadow:none\"><i class=\"sui sui-arrow-right\" style=\"font-size:13px;color:#000000\"><\/i>  Kam do pr\u00edrody <\/span><\/a>\n<p><strong>Podkateg\u00f3ria: <\/strong> <a href=\"http:\/\/www.slovensky-kras.eu\/info\/jaskyne-a-priepasti\/\" class=\"su-button su-button-style-default\" style=\"color:#000000;background-color:#C5ED2C;border-color:#9ebe24;border-radius:5px\" target=\"_self\"><span style=\"color:#000000;padding:6px 16px;font-size:13px;line-height:20px;border-color:#d7f36c;border-radius:5px;text-shadow:none\"><i class=\"sui sui-arrow-right\" style=\"font-size:13px;color:#000000\"><\/i>  Jaskyne a priepasti <\/span><\/a>\n<div class=\"su-divider su-divider-style-default\" style=\"margin:15px 0;border-width:2px;border-color:#000000\"><\/div>\n<figure id=\"attachment_30135\" aria-describedby=\"caption-attachment-30135\" style=\"width: 900px\" class=\"wp-caption aligncenter\"><a href=\"https:\/\/www.slovensky-kras.eu\/info\/wp-content\/uploads\/2026\/04\/hutianska-jaskyna-3.jpeg\"><img loading=\"lazy\" decoding=\"async\" class=\"wp-image-30135\" src=\"https:\/\/www.slovensky-kras.eu\/info\/wp-content\/uploads\/2026\/04\/hutianska-jaskyna-3.jpeg\" alt=\"Hutnianska jasky\u0148a\" width=\"900\" height=\"502\" srcset=\"https:\/\/www.slovensky-kras.eu\/info\/wp-content\/uploads\/2026\/04\/hutianska-jaskyna-3.jpeg 1376w, https:\/\/www.slovensky-kras.eu\/info\/wp-content\/uploads\/2026\/04\/hutianska-jaskyna-3-800x447.jpeg 800w, https:\/\/www.slovensky-kras.eu\/info\/wp-content\/uploads\/2026\/04\/hutianska-jaskyna-3-1024x572.jpeg 1024w, https:\/\/www.slovensky-kras.eu\/info\/wp-content\/uploads\/2026\/04\/hutianska-jaskyna-3-768x429.jpeg 768w\" sizes=\"auto, (max-width: 900px) 100vw, 900px\" \/><\/a><figcaption id=\"caption-attachment-30135\" class=\"wp-caption-text\">Hutnianska jasky\u0148a<\/figcaption><\/figure>\n<div class=\"su-divider su-divider-style-default\" style=\"margin:15px 0;border-width:2px;border-color:#000000\"><\/div>\n<h2 data-path-to-node=\"1\"><span style=\"color: #800000;\"><b data-path-to-node=\"1\" data-index-in-node=\"0\">Skryt\u00fd poklad v objat\u00ed v\u00e1pencov\u00fdch sk\u00e1l<\/b><\/span><\/h2>\n<p data-path-to-node=\"2\">Vst\u00fapte do <b data-path-to-node=\"2\" data-index-in-node=\"11\">Hutnianskej jaskyne<\/b>, kde sa v <b data-path-to-node=\"2\" data-index-in-node=\"41\">Prielome Mur\u00e1\u0148a<\/b> p\u00edsala hist\u00f3ria u\u017e v <b data-path-to-node=\"2\" data-index-in-node=\"78\">dobe bronzovej<\/b>. Objavte fascinuj\u00faci pr\u00edbeh miesta, ktor\u00e9 sl\u00fa\u017eilo ako strategick\u00fd <b data-path-to-node=\"2\" data-index-in-node=\"159\">velite\u013esk\u00fd \u00fakryt<\/b> a dnes v\u00e1s o\u010dar\u00ed svojou <b data-path-to-node=\"2\" data-index-in-node=\"200\">divokou pr\u00edrodou<\/b>. Vydajte sa po <b data-path-to-node=\"2\" data-index-in-node=\"232\">n\u00e1u\u010dnom chodn\u00edku<\/b> z obce Bretka a za\u017eite unik\u00e1tny <b data-path-to-node=\"2\" data-index-in-node=\"281\">rie\u010dny meander<\/b> na vlastn\u00e9 o\u010di!<\/p>\n<h2 class=\"ds-markdown-paragraph\"><span style=\"color: #800000;\"><strong>\u010co je Hutnianska jasky\u0148a a ak\u00e1 je jej d\u013a\u017eka?<\/strong><\/span><\/h2>\n<p class=\"ds-markdown-paragraph\"><strong>Hutnianska jasky\u0148a je pr\u00edrodn\u00e1 pamiatka o celkovej d\u013a\u017eke 11 metrov.<\/strong> Ide o men\u0161iu, no historicky ve\u013emi cenn\u00fa jasky\u0148u.<\/p>\n<h2 class=\"ds-markdown-paragraph\"><span style=\"color: #800000;\"><strong>Kde sa Hutnianska jasky\u0148a nach\u00e1dza?<\/strong><\/span><\/h2>\n<p class=\"ds-markdown-paragraph\"><strong>Nach\u00e1dza sa v katastr\u00e1lnom \u00fazem\u00ed obce <a href=\"http:\/\/www.slovensky-kras.eu\/info\/strediska-a-centra\/obec-bretka\/\">Bretka<\/a> v okrese Ro\u017e\u0148ava v Ko\u0161ickom kraji.<\/strong>\u00a0Je dokonal\u00fdm v\u00fdchodiskov\u00fdm bodom pre prieskum \u0161ir\u0161ej oblasti.<\/p>\n<h2 class=\"ds-markdown-paragraph\"><span style=\"color: #800000;\"><strong>Je Hutnianska jasky\u0148a s\u00fa\u010das\u0165ou nejak\u00e9ho chr\u00e1nen\u00e9ho \u00fazemia?<\/strong><\/span><\/h2>\n<p class=\"ds-markdown-paragraph\">\u00c1no, <strong>jasky\u0148a je s\u00fa\u010das\u0165ou krajinn\u00e9ho v\u00fdtvoru <a href=\"https:\/\/www.slovensky-kras.eu\/info\/aktivity-a-sport\/naucny-chodnik-prielom-murana\/\">Prielom Mur\u00e1\u0148a<\/a>.<\/strong> Toto spojenie z nej rob\u00ed e\u0161te atrakt\u00edvnej\u0161iu destin\u00e1ciu. Prielom Mur\u00e1\u0148a je pr\u00edrodn\u00e1 pamiatka v spr\u00e1ve \u0161t\u00e1tnej ochrany pr\u00edrody <a href=\"https:\/\/www.slovensky-kras.eu\/info\/vseobecne-informacie\/\">Slovensk\u00fd kras<\/a>.<\/p>\n<h2 class=\"ds-markdown-paragraph\"><span style=\"color: #800000;\"><strong>Pre\u010do je Prielom Mur\u00e1\u0148a v\u00fdnimo\u010dn\u00fd?<\/strong><\/span><\/h2>\n<p class=\"ds-markdown-paragraph\"><strong>Prielom Mur\u00e1\u0148a je pre svoju krasu, geomorfologick\u00fa, biologick\u00fa a zoologick\u00fa hodnotu vyhl\u00e1sen\u00fd za chr\u00e1nen\u00e9 \u00fazemie (od r. 1980).<\/strong>\u00a0Je to oblas\u0165 s mimoriadnou pr\u00edrodnou diverzitou.\u00a0<strong>Rie\u010dka Mur\u00e1\u0148 tu svoje koryto vyh\u013abila do pomerne tvrd\u00fdch v\u00e1pencov\u00fdch horn\u00edn, pri\u010dom vytvorila tesn\u00e9 krasovit\u00e9 \u00fadolie<\/strong> neuverite\u013enej kr\u00e1sy.\u00a0<strong>Predmetom ochrany tohto \u00fazemia je unik\u00e1tny zah\u013aben\u00fd meander (zakrivenie rieky), ktor\u00fd je na dolnom toku rieky v\u00fdnimo\u010dn\u00fd.<\/strong>\u00a0T\u00fato prirodzenej scen\u00e9rii dop\u013a\u0148aj\u00fa cenn\u00e9 spolo\u010denstv\u00e1 teplomiln\u00fdch lesov a step\u00ed.\u00a0<strong>Vyskytuje sa tu rad vz\u00e1cnych a chr\u00e1nen\u00fdch druhov rastl\u00edn a \u017eivo\u010d\u00edchov,<\/strong>\u00a0ktor\u00e9 toto miesto robia pr\u00edrodovedecky ve\u013emi hodnotn\u00fdm.<\/p>\n<h2 class=\"ds-markdown-paragraph\"><span style=\"color: #800000;\"><strong>M\u00e1 Hutnianska jasky\u0148a kr\u00e1pnikov\u00fa v\u00fdzdobu?<\/strong><\/span><\/h2>\n<p class=\"ds-markdown-paragraph\">Nie, <strong>jasky\u0148a nem\u00e1 kvap\u013eov\u00fa v\u00fdzdobu.<\/strong>\u00a0Jej kr\u00e1sa nespo\u010d\u00edva v klasick\u00fdch kr\u00e1pnikoch, ale v jej hist\u00f3rii a jedine\u010dnej polohe.<\/p>\n<h2 class=\"ds-markdown-paragraph\"><span style=\"color: #800000;\"><strong>Ak\u00fd je \u0161tat\u00fat ochrany jaskyne?<\/strong><\/span><\/h2>\n<p class=\"ds-markdown-paragraph\"><strong>\u00dazemie jaskyne bolo vyhl\u00e1sen\u00e9 za pr\u00edrodn\u00fa pamiatku (PP) v roku 1994 a naposledy novelizovan\u00e9 v roku 2012.<\/strong>\u00a0Ochrana tohto \u00fazemia sa neust\u00e1le zdokona\u013euje.\u00a0<strong>Ochrann\u00e9 p\u00e1smo nebolo ur\u010den\u00e9.<\/strong><\/p>\n<h2 class=\"ds-markdown-paragraph\"><span style=\"color: #800000;\"><strong>Je jasky\u0148a pr\u00edstupn\u00e1 pre verejnos\u0165?<\/strong><\/span><\/h2>\n<p class=\"ds-markdown-paragraph\">\u00c1no, <strong>jasky\u0148a je pr\u00edstupn\u00e1 n\u00e1v\u0161tevn\u00edkom za \u00fa\u010delom zotavenia, pozn\u00e1vania jej pr\u00edrodn\u00fdch a historick\u00fdch hodn\u00f4t.<\/strong>\u00a0Je to ide\u00e1lne miesto pre nen\u00e1ro\u010dn\u00fd v\u00fdlet.<\/p>\n<h2 class=\"ds-markdown-paragraph\"><span style=\"color: #800000;\"><strong>Ak\u00e1 je hist\u00f3ria os\u00eddlenia Hutnianskej jaskyne?<\/strong><\/span><\/h2>\n<p class=\"ds-markdown-paragraph\">Hist\u00f3ria jaskyne je fascinuj\u00faca. <strong>Ako uk\u00e1zal archeologick\u00fd v\u00fdskum, jasky\u0148a bola os\u00eddlen\u00e1 v dobe bronzovej.<\/strong>\u00a0Jej strategick\u00fd v\u00fdznam trval cel\u00e9 st\u00e1ro\u010dia.\u00a0<strong>Po\u010das druhej svetovej vojny ju vyu\u017e\u00edvali Nemci, ktor\u00ed tu mali svoj velite\u013esk\u00fd \u00fakryt.<\/strong><\/p>\n<h2 class=\"ds-markdown-paragraph\"><span style=\"color: #800000;\"><strong>Ako sa dostanem k Hutnianskej jaskyni?<\/strong><\/span><\/h2>\n<p class=\"ds-markdown-paragraph\">Pr\u00edstup je jednoduch\u00fd a z\u00e1\u017eitkov\u00fd. <strong>Hutnianska jasky\u0148a je pr\u00edstupn\u00e1 po n\u00e1u\u010dnom chodn\u00edku <a href=\"https:\/\/www.slovensky-kras.eu\/info\/aktivity-a-sport\/naucny-chodnik-prielom-murana\/\">Prielom Mur\u00e1\u0148a<\/a>, ktor\u00e9ho v\u00fdchodiskom je obec <a href=\"http:\/\/www.slovensky-kras.eu\/info\/strediska-a-centra\/obec-bretka\/\">Bretka<\/a>, mo\u017eno sa sem v\u0161ak dosta\u0165 i z druhej strany a to z obce <a href=\"https:\/\/www.meliata.sk\/\" target=\"_blank\" rel=\"noopener\">Meliata<\/a>.<\/strong>\u00a0V\u00fdber trasy z\u00e1vis\u00ed od v\u00e1s \u2013 obe pon\u00fakaj\u00fa prekr\u00e1sne v\u00fdh\u013eady.<\/p>\n<h2 data-path-to-node=\"2\"><span style=\"color: #800000;\"><b data-path-to-node=\"2\" data-index-in-node=\"0\">Pre\u010do by ste mali nav\u0161t\u00edvi\u0165 Hutniansku jasky\u0148u pr\u00e1ve teraz?<\/b><\/span><\/h2>\n<p data-path-to-node=\"3\"><em><b data-path-to-node=\"3\" data-index-in-node=\"0\">Zabudnite na preplnen\u00e9 turistick\u00e9 chodn\u00edky a objavte miesto, kde sa zastavil \u010das.<\/b> Hutnianska jasky\u0148a v spojen\u00ed s dychber\u00facim <b data-path-to-node=\"3\" data-index-in-node=\"125\">Prielomom Mur\u00e1\u0148a<\/b> pon\u00faka vz\u00e1cnu kombin\u00e1ciu <b data-path-to-node=\"3\" data-index-in-node=\"167\">pravekej hist\u00f3rie<\/b>, vojnovej mystiky a nedotknutej <b data-path-to-node=\"3\" data-index-in-node=\"217\">krasovej pr\u00edrody<\/b>. \u010ci u\u017e h\u013ead\u00e1te pokoj v n\u00e1ru\u010d\u00ed vz\u00e1cnych teplomiln\u00fdch lesov, alebo t\u00fa\u017eite kr\u00e1\u010da\u0165 po stop\u00e1ch gener\u00e1ci\u00ed z <b data-path-to-node=\"3\" data-index-in-node=\"336\">doby bronzovej<\/b>, tento k\u00fat Slovensk\u00e9ho krasu v\u00e1m u\u010daruje svojou surovou kr\u00e1sou. <b data-path-to-node=\"3\" data-index-in-node=\"415\">Zba\u013ete si ruksak a pr\u00ed\u010fte odhali\u0165 tajomstvo meandra, ktor\u00fd patr\u00ed k najv\u00e4\u010d\u0161\u00edm unik\u00e1tom n\u00e1\u0161ho regi\u00f3nu!<\/b><\/em><\/p>\n<h2 data-path-to-node=\"2\"><span style=\"color: #800000;\"><b data-path-to-node=\"2\" data-index-in-node=\"0\">O zbojn\u00edkovi menom Gell\u00e9rt a stratenej stope<\/b><\/span><\/h2>\n<p data-path-to-node=\"3\">V \u010dasoch najtvrd\u0161ieho poddanstva sa v divok\u00fdch skal\u00e1ch nad rie\u010dkou Mur\u00e1\u0148 ukr\u00fdval zbojn\u00edk <b data-path-to-node=\"3\" data-index-in-node=\"89\">B\u00e9la<\/b>. Nebol to lupi\u010d, ktor\u00fd by ba\u017eil po bohatstve; bol to \u010dlovek, ktor\u00fd si nadov\u0161etko cenil <b data-path-to-node=\"3\" data-index-in-node=\"184\">slobodu<\/b> a v hlbok\u00fdch lesoch chr\u00e1nil t\u00fdch, ktor\u00fdch pansk\u00e1 nespravodlivos\u0165 vyhnala z domovov.<\/p>\n<p data-path-to-node=\"4\">Traduje sa, \u017ee ke\u010f ho raz pansk\u00ed dr\u00e1bi prenasledovali s celou svorkou psov, <b data-path-to-node=\"4\" data-index-in-node=\"76\">B\u00e9la<\/b> zmizol pr\u00e1ve v malej <b data-path-to-node=\"4\" data-index-in-node=\"105\">Hutnianskej jaskyni<\/b>. Hoci dr\u00e1bi jasky\u0148u d\u00f4kladne preh\u013eadali, na\u0161li len pr\u00e1zdnu skaln\u00fa sie\u0148. Poves\u0165 hovor\u00ed, \u017ee v\u00e1pencov\u00e9 steny sa pred n\u00edm v tichosti rozost\u00fapili a rieka Mur\u00e1\u0148 pod jasky\u0148ou n\u00e1hle <b data-path-to-node=\"4\" data-index-in-node=\"299\">vyst\u00fapila z koryta<\/b>, aby zahladila v\u0161etky jeho stopy. Odvtedy sa hovor\u00ed, \u017ee kto do jaskyne vst\u00fapi s \u010dist\u00fdm srdcom, n\u00e1jde v nej <b data-path-to-node=\"4\" data-index-in-node=\"425\">pokoj a silu<\/b> prekon\u00e1va\u0165 \u017eivotn\u00e9 prek\u00e1\u017eky, rovnako ako legend\u00e1rny B\u00e9la.<\/p>\n<h2><span style=\"color: #800000;\">Fotogal\u00e9ria<\/span><\/h2>\n<style type=\"text\/css\">\n#foogallery-gallery-30133 .fg-image { width: 200px; }<\/style>\n\t\t\t<div class=\"foogallery foogallery-container foogallery-carousel foogallery-lightbox-foogallery fg-carousel fg-ready fg-light fg-border-medium fg-round-small fg-shadow-medium fg-loading-default fg-loaded-fade-in fg-hover-semi-zoomed fg-hover-fade fg-hover-circle-plus2\" id=\"foogallery-gallery-30133\" data-foogallery=\"{&quot;panel&quot;:{&quot;buttons&quot;:{&quot;download&quot;:false}},&quot;item&quot;:{&quot;showCaptionTitle&quot;:true,&quot;showCaptionDescription&quot;:true},&quot;lazy&quot;:true,&quot;template&quot;:{&quot;maxItems&quot;:5,&quot;scale&quot;:0.11999999999999999555910790149937383830547332763671875,&quot;gutter&quot;:{&quot;min&quot;:-40,&quot;max&quot;:-20,&quot;unit&quot;:&quot;%&quot;},&quot;autoplay&quot;:{&quot;time&quot;:0,&quot;interaction&quot;:&quot;pause&quot;},&quot;centerOnClick&quot;:true,&quot;align&quot;:&quot;center&quot;,&quot;activePosition&quot;:&quot;center&quot;}}\" data-foogallery-lightbox=\"{&quot;thumbs&quot;:&quot;bottom&quot;,&quot;thumbsCaptions&quot;:false,&quot;thumbsBestFit&quot;:false,&quot;thumbsSmall&quot;:false,&quot;thumbsCaptionsAlign&quot;:&quot;default&quot;,&quot;info&quot;:&quot;bottom&quot;,&quot;infoVisible&quot;:true,&quot;infoOverlay&quot;:true,&quot;infoAlign&quot;:&quot;default&quot;,&quot;transition&quot;:&quot;fade&quot;,&quot;hoverButtons&quot;:false,&quot;fitMedia&quot;:false,&quot;noScrollbars&quot;:true,&quot;preserveButtonSpace&quot;:true,&quot;buttons&quot;:{&quot;fullscreen&quot;:true,&quot;info&quot;:true,&quot;thumbs&quot;:false,&quot;download&quot;:false},&quot;video&quot;:{&quot;autoPlay&quot;:true}}\" style=\"--fg-title-line-clamp: 1; --fg-description-line-clamp: 2;\" >\n\t<button type=\"button\" class=\"fg-carousel-prev\" title=\"Previous\"><\/button>\n\t<div class=\"fg-carousel-inner\">\n\t\t<div class=\"fg-carousel-center\"><\/div>\n\t\t<div class=\"fg-item fg-type-image fg-idle\"><figure class=\"fg-item-inner\"><a href=\"https:\/\/www.slovensky-kras.eu\/info\/wp-content\/uploads\/2025\/09\/hutianska-jaskyna.png\" data-caption-title=\"Hutnianska jasky\u0148a\" data-attachment-id=\"27856\" data-type=\"image\" class=\"fg-thumb\"><span class=\"fg-image-wrap\"><img decoding=\"async\" alt=\"Hutnianska jasky\u0148a\" title=\"Hutnianska jasky\u0148a\" width=\"200\" height=\"200\" class=\"skip-lazy fg-image\" data-src-fg=\"https:\/\/www.slovensky-kras.eu\/info\/wp-content\/uploads\/cache\/2025\/09\/hutianska-jaskyna\/3890068150.png\" src=\"data:image\/svg+xml,%3Csvg%20xmlns%3D%22http%3A%2F%2Fwww.w3.org%2F2000%2Fsvg%22%20width%3D%22200%22%20height%3D%22200%22%20viewBox%3D%220%200%20200%20200%22%3E%3C%2Fsvg%3E\" loading=\"eager\"><\/span><span class=\"fg-image-overlay\"><\/span><\/a><figcaption class=\"fg-caption\"><div class=\"fg-caption-inner\"><div class=\"fg-caption-title\">Hutnianska jasky\u0148a<\/div><\/div><\/figcaption><\/figure><div class=\"fg-loader\"><\/div><\/div><div class=\"fg-item fg-type-image fg-idle\"><figure class=\"fg-item-inner\"><a href=\"https:\/\/www.slovensky-kras.eu\/info\/wp-content\/uploads\/2026\/04\/hutnianska-jaskyna-4.jpeg\" data-caption-title=\"Hutnianska jasky\u0148a\" data-attachment-id=\"30134\" data-type=\"image\" class=\"fg-thumb\"><span class=\"fg-image-wrap\"><img decoding=\"async\" alt=\"Hutnianska jasky\u0148a\" title=\"Hutnianska jasky\u0148a\" width=\"200\" height=\"200\" class=\"skip-lazy fg-image\" data-src-fg=\"https:\/\/www.slovensky-kras.eu\/info\/wp-content\/uploads\/cache\/2026\/04\/hutnianska-jaskyna-4\/339305576.jpeg\" src=\"data:image\/svg+xml,%3Csvg%20xmlns%3D%22http%3A%2F%2Fwww.w3.org%2F2000%2Fsvg%22%20width%3D%22200%22%20height%3D%22200%22%20viewBox%3D%220%200%20200%20200%22%3E%3C%2Fsvg%3E\" loading=\"eager\"><\/span><span class=\"fg-image-overlay\"><\/span><\/a><figcaption class=\"fg-caption\"><div class=\"fg-caption-inner\"><div class=\"fg-caption-title\">Hutnianska jasky\u0148a<\/div><\/div><\/figcaption><\/figure><div class=\"fg-loader\"><\/div><\/div><div class=\"fg-item fg-type-image fg-idle\"><figure class=\"fg-item-inner\"><a href=\"https:\/\/www.slovensky-kras.eu\/info\/wp-content\/uploads\/2026\/04\/hutianska-jaskyna-3.jpeg\" data-caption-title=\"Hutnianska jasky\u0148a\" data-attachment-id=\"30135\" data-type=\"image\" class=\"fg-thumb\"><span class=\"fg-image-wrap\"><img decoding=\"async\" alt=\"Hutnianska jasky\u0148a\" title=\"Hutnianska jasky\u0148a\" width=\"200\" height=\"200\" class=\"skip-lazy fg-image\" data-src-fg=\"https:\/\/www.slovensky-kras.eu\/info\/wp-content\/uploads\/cache\/2026\/04\/hutianska-jaskyna-3\/526586996.jpeg\" src=\"data:image\/svg+xml,%3Csvg%20xmlns%3D%22http%3A%2F%2Fwww.w3.org%2F2000%2Fsvg%22%20width%3D%22200%22%20height%3D%22200%22%20viewBox%3D%220%200%20200%20200%22%3E%3C%2Fsvg%3E\" loading=\"eager\"><\/span><span class=\"fg-image-overlay\"><\/span><\/a><figcaption class=\"fg-caption\"><div class=\"fg-caption-inner\"><div class=\"fg-caption-title\">Hutnianska jasky\u0148a<\/div><\/div><\/figcaption><\/figure><div class=\"fg-loader\"><\/div><\/div><div class=\"fg-item fg-type-image fg-idle\"><figure class=\"fg-item-inner\"><a href=\"https:\/\/www.slovensky-kras.eu\/info\/wp-content\/uploads\/2026\/04\/hutianska-jaskyna-2.jpeg\" data-caption-title=\"Hutnianska jasky\u0148a\" data-attachment-id=\"30136\" data-type=\"image\" class=\"fg-thumb\"><span class=\"fg-image-wrap\"><img decoding=\"async\" alt=\"Hutnianska jasky\u0148a\" title=\"Hutnianska jasky\u0148a\" width=\"200\" height=\"200\" class=\"skip-lazy fg-image\" data-src-fg=\"https:\/\/www.slovensky-kras.eu\/info\/wp-content\/uploads\/cache\/2026\/04\/hutianska-jaskyna-2\/3901567205.jpeg\" src=\"data:image\/svg+xml,%3Csvg%20xmlns%3D%22http%3A%2F%2Fwww.w3.org%2F2000%2Fsvg%22%20width%3D%22200%22%20height%3D%22200%22%20viewBox%3D%220%200%20200%20200%22%3E%3C%2Fsvg%3E\" loading=\"eager\"><\/span><span class=\"fg-image-overlay\"><\/span><\/a><figcaption class=\"fg-caption\"><div class=\"fg-caption-inner\"><div class=\"fg-caption-title\">Hutnianska jasky\u0148a<\/div><\/div><\/figcaption><\/figure><div class=\"fg-loader\"><\/div><\/div><div class=\"fg-item fg-type-image fg-idle\"><figure class=\"fg-item-inner\"><a href=\"https:\/\/www.slovensky-kras.eu\/info\/wp-content\/uploads\/2026\/04\/prielom-murana-3.jpeg\" data-caption-title=\"N\u00e1u\u010dn\u00fd chodn\u00edk a pr\u00edrodn\u00e1 pamiatka Prielom Mur\u00e1\u0148a\" data-attachment-id=\"30142\" data-type=\"image\" class=\"fg-thumb\"><span class=\"fg-image-wrap\"><img decoding=\"async\" alt=\"N\u00e1u\u010dn\u00fd chodn\u00edk a pr\u00edrodn\u00e1 pamiatka Prielom Mur\u00e1\u0148a\" title=\"N\u00e1u\u010dn\u00fd chodn\u00edk a pr\u00edrodn\u00e1 pamiatka Prielom Mur\u00e1\u0148a\" width=\"200\" height=\"200\" class=\"skip-lazy fg-image\" data-src-fg=\"https:\/\/www.slovensky-kras.eu\/info\/wp-content\/uploads\/cache\/2026\/04\/prielom-murana-3\/1714406139.jpeg\" src=\"data:image\/svg+xml,%3Csvg%20xmlns%3D%22http%3A%2F%2Fwww.w3.org%2F2000%2Fsvg%22%20width%3D%22200%22%20height%3D%22200%22%20viewBox%3D%220%200%20200%20200%22%3E%3C%2Fsvg%3E\" loading=\"eager\"><\/span><span class=\"fg-image-overlay\"><\/span><\/a><figcaption class=\"fg-caption\"><div class=\"fg-caption-inner\"><div class=\"fg-caption-title\">N\u00e1u\u010dn\u00fd chodn\u00edk a pr\u00edrodn\u00e1 pamiatka Prielom Mur\u00e1\u0148a<\/div><\/div><\/figcaption><\/figure><div class=\"fg-loader\"><\/div><\/div><div class=\"fg-item fg-type-image fg-idle\"><figure class=\"fg-item-inner\"><a href=\"https:\/\/www.slovensky-kras.eu\/info\/wp-content\/uploads\/2026\/04\/prielom-murana-1-1.jpeg\" data-caption-title=\"N\u00e1u\u010dn\u00fd chodn\u00edk a pr\u00edrodn\u00e1 pamiatka Prielom Mur\u00e1\u0148a\" data-attachment-id=\"30146\" data-type=\"image\" class=\"fg-thumb\"><span class=\"fg-image-wrap\"><img decoding=\"async\" alt=\"N\u00e1u\u010dn\u00fd chodn\u00edk a pr\u00edrodn\u00e1 pamiatka Prielom Mur\u00e1\u0148a\" title=\"N\u00e1u\u010dn\u00fd chodn\u00edk a pr\u00edrodn\u00e1 pamiatka Prielom Mur\u00e1\u0148a\" width=\"200\" height=\"200\" class=\"skip-lazy fg-image\" data-src-fg=\"https:\/\/www.slovensky-kras.eu\/info\/wp-content\/uploads\/cache\/2026\/04\/prielom-murana-1-1\/1563090890.jpeg\" src=\"data:image\/svg+xml,%3Csvg%20xmlns%3D%22http%3A%2F%2Fwww.w3.org%2F2000%2Fsvg%22%20width%3D%22200%22%20height%3D%22200%22%20viewBox%3D%220%200%20200%20200%22%3E%3C%2Fsvg%3E\" loading=\"eager\"><\/span><span class=\"fg-image-overlay\"><\/span><\/a><figcaption class=\"fg-caption\"><div class=\"fg-caption-inner\"><div class=\"fg-caption-title\">N\u00e1u\u010dn\u00fd chodn\u00edk a pr\u00edrodn\u00e1 pamiatka Prielom Mur\u00e1\u0148a<\/div><\/div><\/figcaption><\/figure><div class=\"fg-loader\"><\/div><\/div>\t<\/div>\n\t<div class=\"fg-carousel-bottom\"><\/div>\n\t<div class=\"fg-carousel-progress\"><\/div>\n\t<button type=\"button\" class=\"fg-carousel-next\" title=\"Next\"><\/button>\n<\/div>\n<h2><span style=\"color: #800000;\">Zauj\u00edmav\u00e9 odkazy<\/span><\/h2>\n<h3><span style=\"color: #808000;\">Bl\u00edzke stredisko, turistick\u00e9 centrum, obec alebo mesto:<\/span><\/h3>\n<ul>\n<li><a href=\"http:\/\/www.slovensky-kras.eu\/info\/strediska-a-centra\/obec-bretka\/\">Obec Bretka (\u010d\u00edtaj viac&#8230;)<\/a><\/li>\n<\/ul>\n<h2><span style=\"color: #800000;\">Mapy<\/span><\/h2>\n<p><strong>Vrstvy: <\/strong>Turistick\u00e1 mapa, Automapa, Cyklomapa, Ly\u017eiarska mapa, Satelitn\u00e1 mapa a OpenStreetMap.<\/p>\n<p><strong>Kliknut\u00edm na logo &#8222;Freemap.sk&#8220; sa V\u00e1m mapa zobraz\u00ed na celej ploche obrazovky.<\/strong><\/p>\n<p><iframe style=\"width: 900px; height: 600px; border: 0;\" src=\"https:\/\/www.freemap.sk\/?map=15\/48.497846\/20.337073&amp;info-point=48.497846\/20.337073,Hutnianska jasky\u0148a&amp;layers=X&amp;embed=search\" allowfullscreen=\"allowfullscreen\"><\/iframe><\/p>\n<h2><span style=\"color: #800000;\">Po\u010dasie<\/span><\/h2>\n<p><iframe style=\"width: 900px; height: 606px;\" src=\"https:\/\/www.meteoblue.com\/sk\/po%C4%8Dasie\/widget\/three\/bretka_slovensk%c3%a1-republika_725076?geoloc=fixed&amp;nocurrent=0&amp;noforecast=0&amp;days=6&amp;tempunit=CELSIUS&amp;windunit=KILOMETER_PER_HOUR&amp;layout=image\" frameborder=\"0\" scrolling=\"NO\" sandbox=\"allow-same-origin allow-scripts allow-popups allow-popups-to-escape-sandbox\"><\/iframe><\/p>\n<div><!-- DO NOT REMOVE THIS LINK --><a href=\"https:\/\/www.meteoblue.com\/sk\/po%C4%8Dasie\/predpove%C4%8F\/t%C3%BD%C5%BEde%C5%88\/bretka_slovensk%c3%a1-republika_725076?utm_source=weather_widget&amp;utm_medium=linkus&amp;utm_content=three&amp;utm_campaign=Weather%2BWidget\" target=\"_blank\" rel=\"noopener noreferrer\">meteoblue<\/a><\/div>\n","protected":false},"excerpt":{"rendered":"<p>Menu: Podkateg\u00f3ria: Skryt\u00fd poklad v objat\u00ed v\u00e1pencov\u00fdch sk\u00e1l Vst\u00fapte do Hutnianskej jaskyne, kde sa v Prielome Mur\u00e1\u0148a p\u00edsala hist\u00f3ria u\u017e v dobe bronzovej. Objavte fascinuj\u00faci pr\u00edbeh miesta, ktor\u00e9 sl\u00fa\u017eilo ako [&hellip;]<\/p>\n","protected":false},"author":1,"featured_media":30135,"parent":17,"menu_order":0,"comment_status":"closed","ping_status":"closed","template":"","meta":{"_uag_custom_page_level_css":"","footnotes":""},"class_list":["post-22540","page","type-page","status-publish","has-post-thumbnail","hentry"],"featured_image_src":"https:\/\/www.slovensky-kras.eu\/info\/wp-content\/uploads\/2026\/04\/hutianska-jaskyna-3.jpeg","featured_image_src_square":"https:\/\/www.slovensky-kras.eu\/info\/wp-content\/uploads\/2026\/04\/hutianska-jaskyna-3.jpeg","rbea_author_info":{"display_name":"admin","author_link":"https:\/\/www.slovensky-kras.eu\/info\/author\/admin\/"},"rbea_excerpt_info":"Menu: Podkateg\u00f3ria: Skryt\u00fd poklad v objat\u00ed v\u00e1pencov\u00fdch sk\u00e1l Vst\u00fapte do Hutnianskej jaskyne, kde sa v Prielome Mur\u00e1\u0148a p\u00edsala hist\u00f3ria u\u017e v dobe bronzovej. Objavte fascinuj\u00faci pr\u00edbeh miesta, ktor\u00e9 sl\u00fa\u017eilo ako [&hellip;]","uagb_featured_image_src":{"full":["https:\/\/www.slovensky-kras.eu\/info\/wp-content\/uploads\/2026\/04\/hutianska-jaskyna-3.jpeg",1376,768,false],"thumbnail":["https:\/\/www.slovensky-kras.eu\/info\/wp-content\/uploads\/2026\/04\/hutianska-jaskyna-3-150x150.jpeg",150,150,true],"medium":["https:\/\/www.slovensky-kras.eu\/info\/wp-content\/uploads\/2026\/04\/hutianska-jaskyna-3-800x447.jpeg",800,447,true],"medium_large":["https:\/\/www.slovensky-kras.eu\/info\/wp-content\/uploads\/2026\/04\/hutianska-jaskyna-3-768x429.jpeg",768,429,true],"large":["https:\/\/www.slovensky-kras.eu\/info\/wp-content\/uploads\/2026\/04\/hutianska-jaskyna-3-1024x572.jpeg",1024,572,true],"1536x1536":["https:\/\/www.slovensky-kras.eu\/info\/wp-content\/uploads\/2026\/04\/hutianska-jaskyna-3.jpeg",1376,768,false],"2048x2048":["https:\/\/www.slovensky-kras.eu\/info\/wp-content\/uploads\/2026\/04\/hutianska-jaskyna-3.jpeg",1376,768,false]},"uagb_author_info":{"display_name":"admin","author_link":"https:\/\/www.slovensky-kras.eu\/info\/author\/admin\/"},"uagb_comment_info":0,"uagb_excerpt":"Menu: Podkateg\u00f3ria: Skryt\u00fd poklad v objat\u00ed v\u00e1pencov\u00fdch sk\u00e1l Vst\u00fapte do Hutnianskej jaskyne, kde sa v Prielome Mur\u00e1\u0148a p\u00edsala hist\u00f3ria u\u017e v dobe bronzovej. Objavte fascinuj\u00faci pr\u00edbeh miesta, ktor\u00e9 sl\u00fa\u017eilo ako [&hellip;]","_links":{"self":[{"href":"https:\/\/www.slovensky-kras.eu\/info\/wp-json\/wp\/v2\/pages\/22540","targetHints":{"allow":["GET"]}}],"collection":[{"href":"https:\/\/www.slovensky-kras.eu\/info\/wp-json\/wp\/v2\/pages"}],"about":[{"href":"https:\/\/www.slovensky-kras.eu\/info\/wp-json\/wp\/v2\/types\/page"}],"author":[{"embeddable":true,"href":"https:\/\/www.slovensky-kras.eu\/info\/wp-json\/wp\/v2\/users\/1"}],"replies":[{"embeddable":true,"href":"https:\/\/www.slovensky-kras.eu\/info\/wp-json\/wp\/v2\/comments?post=22540"}],"version-history":[{"count":21,"href":"https:\/\/www.slovensky-kras.eu\/info\/wp-json\/wp\/v2\/pages\/22540\/revisions"}],"predecessor-version":[{"id":30162,"href":"https:\/\/www.slovensky-kras.eu\/info\/wp-json\/wp\/v2\/pages\/22540\/revisions\/30162"}],"up":[{"embeddable":true,"href":"https:\/\/www.slovensky-kras.eu\/info\/wp-json\/wp\/v2\/pages\/17"}],"wp:featuredmedia":[{"embeddable":true,"href":"https:\/\/www.slovensky-kras.eu\/info\/wp-json\/wp\/v2\/media\/30135"}],"wp:attachment":[{"href":"https:\/\/www.slovensky-kras.eu\/info\/wp-json\/wp\/v2\/media?parent=22540"}],"curies":[{"name":"wp","href":"https:\/\/api.w.org\/{rel}","templated":true}]}}