{"id":21259,"date":"2021-12-12T08:04:18","date_gmt":"2021-12-12T07:04:18","guid":{"rendered":"https:\/\/www.slovensky-kras.eu\/info\/?page_id=21259"},"modified":"2021-12-13T07:21:26","modified_gmt":"2021-12-13T06:21:26","slug":"priepast-vecsembukki-zsomboly-v-aggteleki-nemzeti-park","status":"publish","type":"page","link":"https:\/\/www.slovensky-kras.eu\/info\/kam-do-prirody\/priepast-vecsembukki-zsomboly-v-aggteleki-nemzeti-park\/","title":{"rendered":"Priepas\u0165 Vecsemb\u00fckki zsomboly v NP Aggtelek  (Aggteleki Nemzeti Park)"},"content":{"rendered":"<p><strong>Menu: <\/strong> <a href=\"http:\/\/www.slovensky-kras.eu\/info\/\" class=\"su-button su-button-style-default\" style=\"color:#000000;background-color:#FFCF2F;border-color:#cca626;border-radius:5px\" target=\"_self\"><span style=\"color:#000000;padding:6px 16px;font-size:13px;line-height:20px;border-color:#ffde6e;border-radius:5px;text-shadow:none\"><i class=\"sui sui-arrow-right\" style=\"font-size:13px;color:#000000\"><\/i>  \u00davod \/ Aktuality <\/span><\/a>\n<a href=\"http:\/\/www.slovensky-kras.eu\/info\/kam-do-prirody\/\" class=\"su-button su-button-style-default\" style=\"color:#000000;background-color:#FFCF2F;border-color:#cca626;border-radius:5px\" target=\"_self\"><span style=\"color:#000000;padding:6px 16px;font-size:13px;line-height:20px;border-color:#ffde6e;border-radius:5px;text-shadow:none\"><i class=\"sui sui-arrow-right\" style=\"font-size:13px;color:#000000\"><\/i>  Kam do pr\u00edrody <\/span><\/a>\n<p><strong>Podkateg\u00f3ria: <\/strong> <a href=\"http:\/\/www.slovensky-kras.eu\/info\/jaskyne-a-priepasti\/\" class=\"su-button su-button-style-default\" style=\"color:#000000;background-color:#C5ED2C;border-color:#9ebe24;border-radius:5px\" target=\"_self\"><span style=\"color:#000000;padding:6px 16px;font-size:13px;line-height:20px;border-color:#d7f36c;border-radius:5px;text-shadow:none\"><i class=\"sui sui-arrow-right\" style=\"font-size:13px;color:#000000\"><\/i>  Jaskyne a priepasti <\/span><\/a>\n<div class=\"su-divider su-divider-style-default\" style=\"margin:15px 0;border-width:2px;border-color:#000000\"><\/div>\n<h3><span style=\"color: #808000;\">V\u0161eobecn\u00e9 inform\u00e1cie<\/span><\/h3>\n<p>Priepas\u0165 Vecsemb\u00fckki zsomboly sa nach\u00e1dza v bl\u00edzkosti \u0161t\u00e1tnej hranice Ma\u010farska so Slovenskom, v katastri ma\u010farskej obce <a href=\"http:\/\/www.szogliget.hu\/telepules\/\" target=\"_blank\" rel=\"noopener noreferrer\">Sz\u00f6gliget<\/a>.<\/p>\n<figure id=\"attachment_21273\" aria-describedby=\"caption-attachment-21273\" style=\"width: 800px\" class=\"wp-caption aligncenter\"><a href=\"https:\/\/www.slovensky-kras.eu\/info\/wp-content\/uploads\/2021\/12\/Vecsembukki-zsomboly.jpg\"><img loading=\"lazy\" decoding=\"async\" class=\"wp-image-21273 size-medium\" src=\"https:\/\/www.slovensky-kras.eu\/info\/wp-content\/uploads\/2021\/12\/Vecsembukki-zsomboly-800x450.jpg\" alt=\"\" width=\"800\" height=\"450\" srcset=\"https:\/\/www.slovensky-kras.eu\/info\/wp-content\/uploads\/2021\/12\/Vecsembukki-zsomboly-800x450.jpg 800w, https:\/\/www.slovensky-kras.eu\/info\/wp-content\/uploads\/2021\/12\/Vecsembukki-zsomboly-768x432.jpg 768w, https:\/\/www.slovensky-kras.eu\/info\/wp-content\/uploads\/2021\/12\/Vecsembukki-zsomboly.jpg 1000w\" sizes=\"auto, (max-width: 800px) 100vw, 800px\" \/><\/a><figcaption id=\"caption-attachment-21273\" class=\"wp-caption-text\">Priepas\u0165 Vecsemb\u00fckki zsomboly v NP Aggtelek (Aggteleki Nemzeti Park), autor fotografie: Kr\u00ed\u017eom-Krasom (www.krizomkrasom.sk )<\/figcaption><\/figure>\n<p>Le\u017e\u00ed na ma\u010farskej strane planiny Doln\u00fd vrch.<\/p>\n<p>Ide o vertik\u00e1lnu \u0161achtov\u00fa jasky\u0148u, ktor\u00e1 je tvoren\u00e1 vodami vyvieraj\u00facimi z hlb\u00edn a rozp\u00fa\u0161\u0165an\u00e1 prenikaj\u00facimi vodami.<\/p>\n<p>Priepas\u0165 Vecsemb\u00fckki zsomboly je zap\u00edsan\u00e1 do svetov\u00e9ho dedi\u010dstva UNESCO.<\/p>\n<p>So svojou celkovou d\u013a\u017ekou 236 m je tre\u0165ou najhlb\u0161ou priepas\u0165ou v Ma\u010farsku.<\/p>\n<p>Je to najhlb\u0161ia a desiata najdlh\u0161ia jasky\u0148a v Aggteleckom krase.<\/p>\n<p>Nach\u00e1dza sa tu najdlh\u0161ia s\u00favisl\u00e1 jaskynn\u00e1 \u0161achta v Ma\u010farsku, ktor\u00e1 je hlbok\u00e1 83 metrov.<\/p>\n<p>Vstupn\u00fd port\u00e1l je pre verejnos\u0165 pr\u00edstupn\u00fd.<\/p>\n<h3><span style=\"color: #808000;\">Ako sa dosta\u0165 ku priepasti<\/span><\/h3>\n<p>Zo Slovenskej strany je dobr\u00fdm v\u00fdchodiskom ne\u010falek\u00e1 <a href=\"https:\/\/www.slovensky-kras.eu\/info\/strediska-a-centra\/obec-hrusov\/\">obec Hru\u0161ov<\/a>.<\/p>\n<p>Zo spom\u00ednanej obce tu vedie <a href=\"https:\/\/www.slovensky-kras.eu\/info\/wp-content\/uploads\/2013\/07\/zelena.png\"><img loading=\"lazy\" decoding=\"async\" class=\"size-full wp-image-10334 alignnone\" src=\"https:\/\/www.slovensky-kras.eu\/info\/wp-content\/uploads\/2013\/07\/zelena.png\" alt=\"\" width=\"20\" height=\"21\" \/><\/a> zelen\u00e1 turistick\u00e1 trasa.<\/p>\n<h3><span style=\"color: #808000;\">Bl\u00edzke stredisko, turistick\u00e9 centrum, obec alebo mesto:<\/span><\/h3>\n<ul>\n<li><a href=\"http:\/\/www.slovensky-kras.eu\/info\/strediska-a-centra\/obec-hrusov\/\">Obec Hru\u0161ov<\/a><\/li>\n<\/ul>\n<ul>\n<li><a href=\"http:\/\/www.slovensky-kras.eu\/info\/strediska-a-centra\/obec-jablonov-nad-turnou\/\">Obec Jablonov nad Tur\u0148ou<\/a><\/li>\n<\/ul>\n<h3><span style=\"color: #808000;\">Mapy<\/span><\/h3>\n<p><strong>Vrstvy: <\/strong>Turistick\u00e1 mapa, Automapa, Cyklomapa, Ly\u017eiarska mapa, Satelitn\u00e1 mapa a OpenStreetMap.<\/p>\n<p><strong>Kliknut\u00edm na logo &#8222;Freemap.sk&#8220; sa V\u00e1m mapa zobraz\u00ed na celej ploche obrazovky.<\/strong><\/p>\n<p><iframe style=\"width: 800px; height: 600px; border: 0;\" src=\"https:\/\/www.freemap.sk\/?map=14\/48.566729\/20.726152&amp;info-point=48.566729\/20.726152,Vecsemb\u00fckki zsomboly &amp;layers=T&amp;embed=search\" allowfullscreen=\"allowfullscreen\"><\/iframe><\/p>\n<h3><span style=\"color: #808000;\">Po\u010dasie<\/span><\/h3>\n<p><iframe style=\"width: 800px; height: 609px;\" src=\"https:\/\/www.meteoblue.com\/sk\/po%C4%8Dasie\/widget\/three\/hru%c5%a1ov_slovensk%c3%a1-republika_724635?geoloc=fixed&amp;nocurrent=0&amp;noforecast=0&amp;days=6&amp;tempunit=CELSIUS&amp;windunit=KILOMETER_PER_HOUR&amp;layout=image\" frameborder=\"0\" scrolling=\"NO\" sandbox=\"allow-same-origin allow-scripts allow-popups allow-popups-to-escape-sandbox\"><span data-mce-type=\"bookmark\" style=\"display: inline-block; width: 0px; overflow: hidden; line-height: 0;\" class=\"mce_SELRES_start\">\ufeff<\/span><\/iframe><\/p>\n<div><!-- DO NOT REMOVE THIS LINK --><a href=\"https:\/\/www.meteoblue.com\/sk\/po%C4%8Dasie\/predpove%C4%8F\/t%C3%BD%C5%BEde%C5%88\/hru%c5%a1ov_slovensk%c3%a1-republika_724635?utm_source=weather_widget&amp;utm_medium=linkus&amp;utm_content=three&amp;utm_campaign=Weather%2BWidget\" target=\"_blank\" rel=\"noopener noreferrer\">meteoblue<\/a><\/div>\n<p>Priepasti vznikaj\u00fa naj\u010dastej\u0161ie v krasov\u00fdch oblastiach, kde d\u00f4jde k prelomeniu zoslabenej klenby stropu jaskyne \u010di obrovsk\u00fdch d\u00f3mov.<\/p>\n<p>Druh\u00fdm pr\u00edpadom s\u00fa tektonick\u00e9 pohyby, ktor\u00e9 zapr\u00ed\u010dinenie prepad telesa \u010di vyzdvihnutie okolit\u00fdch telies.<\/p>\n","protected":false},"excerpt":{"rendered":"<p>Menu: Podkateg\u00f3ria: V\u0161eobecn\u00e9 inform\u00e1cie Priepas\u0165 Vecsemb\u00fckki zsomboly sa nach\u00e1dza v bl\u00edzkosti \u0161t\u00e1tnej hranice Ma\u010farska so Slovenskom, v katastri ma\u010farskej obce Sz\u00f6gliget. Le\u017e\u00ed na ma\u010farskej strane planiny Doln\u00fd vrch. Ide o [&hellip;]<\/p>\n","protected":false},"author":1,"featured_media":0,"parent":13,"menu_order":0,"comment_status":"closed","ping_status":"closed","template":"","meta":{"_uag_custom_page_level_css":"","footnotes":""},"class_list":["post-21259","page","type-page","status-publish","hentry"],"featured_image_src":"","featured_image_src_square":false,"rbea_author_info":{"display_name":"admin","author_link":"https:\/\/www.slovensky-kras.eu\/info\/author\/admin\/"},"rbea_excerpt_info":"Menu: Podkateg\u00f3ria: V\u0161eobecn\u00e9 inform\u00e1cie Priepas\u0165 Vecsemb\u00fckki zsomboly sa nach\u00e1dza v bl\u00edzkosti \u0161t\u00e1tnej hranice Ma\u010farska so Slovenskom, v katastri ma\u010farskej obce Sz\u00f6gliget. Le\u017e\u00ed na ma\u010farskej strane planiny Doln\u00fd vrch. Ide o [&hellip;]","uagb_featured_image_src":{"full":false,"thumbnail":false,"medium":false,"medium_large":false,"large":false,"1536x1536":false,"2048x2048":false},"uagb_author_info":{"display_name":"admin","author_link":"https:\/\/www.slovensky-kras.eu\/info\/author\/admin\/"},"uagb_comment_info":0,"uagb_excerpt":"Menu: Podkateg\u00f3ria: V\u0161eobecn\u00e9 inform\u00e1cie Priepas\u0165 Vecsemb\u00fckki zsomboly sa nach\u00e1dza v bl\u00edzkosti \u0161t\u00e1tnej hranice Ma\u010farska so Slovenskom, v katastri ma\u010farskej obce Sz\u00f6gliget. Le\u017e\u00ed na ma\u010farskej strane planiny Doln\u00fd vrch. Ide o [&hellip;]","_links":{"self":[{"href":"https:\/\/www.slovensky-kras.eu\/info\/wp-json\/wp\/v2\/pages\/21259","targetHints":{"allow":["GET"]}}],"collection":[{"href":"https:\/\/www.slovensky-kras.eu\/info\/wp-json\/wp\/v2\/pages"}],"about":[{"href":"https:\/\/www.slovensky-kras.eu\/info\/wp-json\/wp\/v2\/types\/page"}],"author":[{"embeddable":true,"href":"https:\/\/www.slovensky-kras.eu\/info\/wp-json\/wp\/v2\/users\/1"}],"replies":[{"embeddable":true,"href":"https:\/\/www.slovensky-kras.eu\/info\/wp-json\/wp\/v2\/comments?post=21259"}],"version-history":[{"count":19,"href":"https:\/\/www.slovensky-kras.eu\/info\/wp-json\/wp\/v2\/pages\/21259\/revisions"}],"predecessor-version":[{"id":21284,"href":"https:\/\/www.slovensky-kras.eu\/info\/wp-json\/wp\/v2\/pages\/21259\/revisions\/21284"}],"up":[{"embeddable":true,"href":"https:\/\/www.slovensky-kras.eu\/info\/wp-json\/wp\/v2\/pages\/13"}],"wp:attachment":[{"href":"https:\/\/www.slovensky-kras.eu\/info\/wp-json\/wp\/v2\/media?parent=21259"}],"curies":[{"name":"wp","href":"https:\/\/api.w.org\/{rel}","templated":true}]}}

Priepasť Vecsembükki zsomboly v NP Aggtelek  (Aggteleki Nemzeti Park)

<p><strong>Menu: </strong> <a href="http://www.slovensky-kras.eu/info/" class="su-button su-button-style-default" style="color:#000000;background-color:#FFCF2F;border-color:#cca626;border-radius:5px" target="_self"><span style="color:#000000;padding:6px 16px;font-size:13px;line-height:20px;border-color:#ffde6e;border-radius:5px;text-shadow:none"><i class="sui sui-arrow-right" style="font-size:13px;color:#000000"></i>  Úvod / Aktuality </span></a>
<a href="http://www.slovensky-kras.eu/info/kam-do-prirody/" class="su-button su-button-style-default" style="color:#000000;background-color:#FFCF2F;border-color:#cca626;border-radius:5px" target="_self"><span style="color:#000000;padding:6px 16px;font-size:13px;line-height:20px;border-color:#ffde6e;border-radius:5px;text-shadow:none"><i class="sui sui-arrow-right" style="font-size:13px;color:#000000"></i>  Kam do prírody </span></a>
<p><strong>Podkategória: </strong> <a href="http://www.slovensky-kras.eu/info/jaskyne-a-priepasti/" class="su-button su-button-style-default" style="color:#000000;background-color:#C5ED2C;border-color:#9ebe24;border-radius:5px" target="_self"><span style="color:#000000;padding:6px 16px;font-size:13px;line-height:20px;border-color:#d7f36c;border-radius:5px;text-shadow:none"><i class="sui sui-arrow-right" style="font-size:13px;color:#000000"></i>  Jaskyne a priepasti </span></a>
<div class="su-divider su-divider-style-default" style="margin:15px 0;border-width:2px;border-color:#000000"></div>
<h3><span style="color: #808000;">Všeobecné informácie</span></h3>
<p>Priepasť Vecsembükki zsomboly sa nachádza v blízkosti štátnej hranice Maďarska so Slovenskom, v katastri maďarskej obce <a href="http://www.szogliget.hu/telepules/" target="_blank" rel="noopener noreferrer">Szögliget</a>.</p>
<figure id="attachment_21273" aria-describedby="caption-attachment-21273" style="width: 800px" class="wp-caption aligncenter"><a href="https://www.slovensky-kras.eu/info/wp-content/uploads/2021/12/Vecsembukki-zsomboly.jpg"><img loading="lazy" decoding="async" class="wp-image-21273 size-medium" src="https://www.slovensky-kras.eu/info/wp-content/uploads/2021/12/Vecsembukki-zsomboly-800x450.jpg" alt="" width="800" height="450" srcset="https://www.slovensky-kras.eu/info/wp-content/uploads/2021/12/Vecsembukki-zsomboly-800x450.jpg 800w, https://www.slovensky-kras.eu/info/wp-content/uploads/2021/12/Vecsembukki-zsomboly-768x432.jpg 768w, https://www.slovensky-kras.eu/info/wp-content/uploads/2021/12/Vecsembukki-zsomboly.jpg 1000w" sizes="auto, (max-width: 800px) 100vw, 800px" /></a><figcaption id="caption-attachment-21273" class="wp-caption-text">Priepasť Vecsembükki zsomboly v NP Aggtelek (Aggteleki Nemzeti Park), autor fotografie: Krížom-Krasom (www.krizomkrasom.sk )</figcaption></figure>
<p>Leží na maďarskej strane planiny Dolný vrch.</p>
<p>Ide o vertikálnu šachtovú jaskyňu, ktorá je tvorená vodami vyvierajúcimi z hlbín a rozpúšťaná prenikajúcimi vodami.</p>
<p>Priepasť Vecsembükki zsomboly je zapísaná do svetového dedičstva UNESCO.</p>
<p>So svojou celkovou dĺžkou 236 m je treťou najhlbšou priepasťou v Maďarsku.</p>
<p>Je to najhlbšia a desiata najdlhšia jaskyňa v Aggteleckom krase.</p>
<p>Nachádza sa tu najdlhšia súvislá jaskynná šachta v Maďarsku, ktorá je hlboká 83 metrov.</p>
<p>Vstupný portál je pre verejnosť prístupný.</p>
<h3><span style="color: #808000;">Ako sa dostať ku priepasti</span></h3>
<p>Zo Slovenskej strany je dobrým východiskom neďaleká <a href="https://www.slovensky-kras.eu/info/strediska-a-centra/obec-hrusov/">obec Hrušov</a>.</p>
<p>Zo spomínanej obce tu vedie <a href="https://www.slovensky-kras.eu/info/wp-content/uploads/2013/07/zelena.png"><img loading="lazy" decoding="async" class="size-full wp-image-10334 alignnone" src="https://www.slovensky-kras.eu/info/wp-content/uploads/2013/07/zelena.png" alt="" width="20" height="21" /></a> zelená turistická trasa.</p>
<h3><span style="color: #808000;">Blízke stredisko, turistické centrum, obec alebo mesto:</span></h3>
<ul>
<li><a href="http://www.slovensky-kras.eu/info/strediska-a-centra/obec-hrusov/">Obec Hrušov</a></li>
</ul>
<ul>
<li><a href="http://www.slovensky-kras.eu/info/strediska-a-centra/obec-jablonov-nad-turnou/">Obec Jablonov nad Turňou</a></li>
</ul>
<h3><span style="color: #808000;">Mapy</span></h3>
<p><strong>Vrstvy: </strong>Turistická mapa, Automapa, Cyklomapa, Lyžiarska mapa, Satelitná mapa a OpenStreetMap.</p>
<p><strong>Kliknutím na logo &#8222;Freemap.sk&#8220; sa Vám mapa zobrazí na celej ploche obrazovky.</strong></p>
<p><iframe style="width: 800px; height: 600px; border: 0;" src="https://www.freemap.sk/?map=14/48.566729/20.726152&amp;info-point=48.566729/20.726152,Vecsembükki zsomboly &amp;layers=T&amp;embed=search" allowfullscreen="allowfullscreen"></iframe></p>
<h3><span style="color: #808000;">Počasie</span></h3>
<p><iframe style="width: 800px; height: 609px;" src="https://www.meteoblue.com/sk/po%C4%8Dasie/widget/three/hru%c5%a1ov_slovensk%c3%a1-republika_724635?geoloc=fixed&amp;nocurrent=0&amp;noforecast=0&amp;days=6&amp;tempunit=CELSIUS&amp;windunit=KILOMETER_PER_HOUR&amp;layout=image" frameborder="0" scrolling="NO" sandbox="allow-same-origin allow-scripts allow-popups allow-popups-to-escape-sandbox"><span data-mce-type="bookmark" style="display: inline-block; width: 0px; overflow: hidden; line-height: 0;" class="mce_SELRES_start">﻿</span></iframe></p>
<div><!-- DO NOT REMOVE THIS LINK --><a href="https://www.meteoblue.com/sk/po%C4%8Dasie/predpove%C4%8F/t%C3%BD%C5%BEde%C5%88/hru%c5%a1ov_slovensk%c3%a1-republika_724635?utm_source=weather_widget&amp;utm_medium=linkus&amp;utm_content=three&amp;utm_campaign=Weather%2BWidget" target="_blank" rel="noopener noreferrer">meteoblue</a></div>
<p>Priepasti vznikajú najčastejšie v krasových oblastiach, kde dôjde k prelomeniu zoslabenej klenby stropu jaskyne či obrovských dómov.</p>
<p>Druhým prípadom sú tektonické pohyby, ktoré zapríčinenie prepad telesa či vyzdvihnutie okolitých telies.</p>

<p>Menu: Podkategória: Všeobecné informácie Priepasť Vecsembükki zsomboly sa nachádza v blízkosti štátnej hranice Maďarska so Slovenskom, v katastri maďarskej obce Szögliget. Leží na maďarskej strane planiny Dolný vrch. Ide o [&hellip;]</p>

Menu: Podkategória: Všeobecné informácie Priepasť Vecsembükki zsomboly sa nachádza v blízkosti štátnej hranice Maďarska so Slovenskom, v katastri maďarskej obce Szögliget. Leží na maďarskej strane planiny Dolný vrch. Ide o [&hellip;]
