{"id":21231,"date":"2021-12-03T08:27:11","date_gmt":"2021-12-03T07:27:11","guid":{"rendered":"https:\/\/www.slovensky-kras.eu\/info\/?page_id=21231"},"modified":"2022-01-10T12:21:32","modified_gmt":"2022-01-10T11:21:32","slug":"pamiatkove-zony","status":"publish","type":"page","link":"https:\/\/www.slovensky-kras.eu\/info\/kam-za-pamiatkami\/pamiatkove-zony\/","title":{"rendered":"Pamiatkov\u00e9 z\u00f3ny"},"content":{"rendered":"<p><strong>Menu: <\/strong><a href=\"http:\/\/www.slovensky-kras.eu\/info\/\" class=\"su-button su-button-style-default\" style=\"color:#000000;background-color:#FFCF2F;border-color:#cca626;border-radius:5px\" target=\"_self\"><span style=\"color:#000000;padding:6px 16px;font-size:13px;line-height:20px;border-color:#ffde6e;border-radius:5px;text-shadow:none\"><i class=\"sui sui-arrow-right\" style=\"font-size:13px;color:#000000\"><\/i>  \u00davod \/ Aktuality <\/span><\/a>\n<a href=\"http:\/\/www.slovensky-kras.eu\/info\/kam-za-pamiatkami\/\" class=\"su-button su-button-style-default\" style=\"color:#000000;background-color:#FFCF2F;border-color:#cca626;border-radius:5px\" target=\"_self\"><span style=\"color:#000000;padding:6px 16px;font-size:13px;line-height:20px;border-color:#ffde6e;border-radius:5px;text-shadow:none\"><i class=\"sui sui-arrow-right\" style=\"font-size:13px;color:#000000\"><\/i>  Kam za pamiatkami <\/span><\/a>\n<div class=\"su-divider su-divider-style-default\" style=\"margin:15px 0;border-width:0px;border-color:#000000\"><\/div>\n<strong>Podkateg\u00f3ria: <\/strong> <a href=\"https:\/\/www.slovensky-kras.eu\/info\/kam-za-pamiatkami\/pamiatkove-zony\/\" class=\"su-button su-button-style-default\" style=\"color:#000000;background-color:#afd144;border-color:#8ca837;border-radius:5px\" target=\"_self\"><span style=\"color:#000000;padding:6px 16px;font-size:13px;line-height:20px;border-color:#c7df7d;border-radius:5px;text-shadow:none\"><i class=\"sui sui-arrow-right\" style=\"font-size:13px;color:#000000\"><\/i>  Pamiatkov\u00e9 z\u00f3ny <\/span><\/a>\n<div class=\"su-divider su-divider-style-default\" style=\"margin:15px 0;border-width:3px;border-color:#000000\"><\/div>\n<div id=\"metaslider-id-19074\" style=\"max-width: 800px; margin: 0 auto;\" class=\"ml-slider-3-109-0 metaslider metaslider-flex metaslider-19074 ml-slider ms-theme-default nav-hidden\" role=\"region\" aria-label=\"Vidiecka pamiatkov\u00e1 z\u00f3na v obci L\u00fa\u010dka\" data-height=\"250\" data-width=\"800\">\n    <div id=\"metaslider_container_19074\">\n        <div id=\"metaslider_19074\" class=\"flexslider\">\n            <ul class='slides'>\n                <li style=\"display: block; width: 100%;\" class=\"slide-21855 ms-image \" aria-roledescription=\"slide\" data-date=\"2021-12-22 17:56:24\" data-filename=\"obec-lucka-domy1-800x250.jpg\" data-slide-type=\"image\"><a href=\"http:\/\/www.slovensky-kras.eu\/info\/kam-za-pamiatkami\/vidiecka-pamiatkova-zona-v-obci-lucka\/\" target=\"_self\" aria-label=\"View Slide Details\" class=\"metaslider_image_link\"><img loading=\"lazy\" decoding=\"async\" src=\"https:\/\/www.slovensky-kras.eu\/info\/wp-content\/uploads\/2021\/12\/obec-lucka-domy1-800x250.jpg\" height=\"250\" width=\"800\" alt=\"\" class=\"slider-19074 slide-21855 msDefaultImage\" title=\"Vidiecka pamiatkov\u00e1 z\u00f3na v obci L\u00fa\u010dka\" \/><\/a><div class=\"caption-wrap\"><div class=\"caption\"><b><a href=\"http:\/\/www.slovensky-kras.eu\/info\/kam-za-pamiatkami\/vidiecka-pamiatkova-zona-v-obci-lucka\/\"><span style=\"color:#FFFF00;\">Vidiecka pamiatkov\u00e1 z\u00f3na v obci L\u00fa\u010dka<\/span><\/a><\/b><\/div><\/div><\/li>\n            <\/ul>\n        <\/div>\n        \n    <\/div>\n<\/div><div id=\"metaslider-id-6538\" style=\"max-width: 800px; margin: 0 auto;\" class=\"ml-slider-3-109-0 metaslider metaslider-flex metaslider-6538 ml-slider ms-theme-default nav-hidden nav-hidden\" role=\"region\" aria-label=\"Historick\u00e9 centrum mesta Ro\u017e\u0148ava\" data-height=\"250\" data-width=\"800\">\n    <div id=\"metaslider_container_6538\">\n        <div id=\"metaslider_6538\" class=\"flexslider\">\n            <ul class='slides'>\n                <li style=\"display: block; width: 100%;\" class=\"slide-21854 ms-image \" aria-roledescription=\"slide\" data-date=\"2021-12-22 17:54:57\" data-filename=\"roznava-800x250.jpg\" data-slide-type=\"image\"><a href=\"http:\/\/www.slovensky-kras.eu\/info\/kam-za-pamiatkami\/historicke-centrum-mesta-roznava\/\" target=\"_self\" aria-label=\"View Slide Details\" class=\"metaslider_image_link\"><img loading=\"lazy\" decoding=\"async\" src=\"https:\/\/www.slovensky-kras.eu\/info\/wp-content\/uploads\/2021\/12\/roznava-800x250.jpg\" height=\"250\" width=\"800\" alt=\"\" class=\"slider-6538 slide-21854 msDefaultImage\" title=\"Historick\u00e9 centrum a pamiatkov\u00e1 z\u00f3na mesta Ro\u017e\u0148ava (N\u00e1mestie ban\u00edkov)\" \/><\/a><div class=\"caption-wrap\"><div class=\"caption\"><b><a href=\"http:\/\/www.slovensky-kras.eu\/info\/kam-za-pamiatkami\/historicke-centrum-mesta-roznava\/\"><span style=\"color:#FFFF00;\">Historick\u00e9 centrum mesta Ro\u017e\u0148ava<\/span><\/a><\/b><\/div><\/div><\/li>\n            <\/ul>\n        <\/div>\n        \n    <\/div>\n<\/div>\n<div id=\"metaslider-id-22688\" style=\"max-width: 800px; margin: 0 auto;\" class=\"ml-slider-3-109-0 metaslider metaslider-flex metaslider-22688 ml-slider ms-theme-default nav-hidden nav-hidden nav-hidden\" role=\"region\" aria-label=\"Pamiatkov\u00e1 z\u00f3na mesta Medzev\" data-height=\"250\" data-width=\"800\">\n    <div id=\"metaslider_container_22688\">\n        <div id=\"metaslider_22688\" class=\"flexslider\">\n            <ul class='slides'>\n                <li style=\"display: block; width: 100%;\" class=\"slide-22689 ms-image \" aria-roledescription=\"slide\" data-date=\"2022-01-10 12:20:27\" data-filename=\"medzev111-800x250.jpg\" data-slide-type=\"image\"><a href=\"https:\/\/www.slovensky-kras.eu\/info\/kam-za-pamiatkami\/pamiatkova-zona-mesta-medzev\/\" target=\"_self\" aria-label=\"View Slide Details\" class=\"metaslider_image_link\"><img loading=\"lazy\" decoding=\"async\" src=\"https:\/\/www.slovensky-kras.eu\/info\/wp-content\/uploads\/2022\/01\/medzev111-800x250.jpg\" height=\"250\" width=\"800\" alt=\"\" class=\"slider-22688 slide-22689 msDefaultImage\" title=\"medzev111\" \/><\/a><div class=\"caption-wrap\"><div class=\"caption\"><b><a href=\"https:\/\/www.slovensky-kras.eu\/info\/kam-za-pamiatkami\/pamiatkova-zona-mesta-medzev\/\"><span style=\"color:#FFFF00;\">Pamiatkov\u00e1 z\u00f3na mesta Medzev\n\n\n<\/span><\/a><\/b><\/div><\/div><\/li>\n            <\/ul>\n        <\/div>\n        \n    <\/div>\n<\/div>\n<div class=\"su-divider su-divider-style-default\" style=\"margin:15px 0;border-width:3px;border-color:#000000\"><\/div>\n","protected":false},"excerpt":{"rendered":"<p>Menu: Podkateg\u00f3ria:<\/p>\n","protected":false},"author":1,"featured_media":0,"parent":15,"menu_order":0,"comment_status":"closed","ping_status":"closed","template":"","meta":{"_uag_custom_page_level_css":"","footnotes":""},"class_list":["post-21231","page","type-page","status-publish","hentry"],"featured_image_src":"","featured_image_src_square":false,"rbea_author_info":{"display_name":"admin","author_link":"https:\/\/www.slovensky-kras.eu\/info\/author\/admin\/"},"rbea_excerpt_info":"Menu: Podkateg\u00f3ria:","uagb_featured_image_src":{"full":false,"thumbnail":false,"medium":false,"medium_large":false,"large":false,"1536x1536":false,"2048x2048":false},"uagb_author_info":{"display_name":"admin","author_link":"https:\/\/www.slovensky-kras.eu\/info\/author\/admin\/"},"uagb_comment_info":0,"uagb_excerpt":"Menu: Podkateg\u00f3ria:","_links":{"self":[{"href":"https:\/\/www.slovensky-kras.eu\/info\/wp-json\/wp\/v2\/pages\/21231","targetHints":{"allow":["GET"]}}],"collection":[{"href":"https:\/\/www.slovensky-kras.eu\/info\/wp-json\/wp\/v2\/pages"}],"about":[{"href":"https:\/\/www.slovensky-kras.eu\/info\/wp-json\/wp\/v2\/types\/page"}],"author":[{"embeddable":true,"href":"https:\/\/www.slovensky-kras.eu\/info\/wp-json\/wp\/v2\/users\/1"}],"replies":[{"embeddable":true,"href":"https:\/\/www.slovensky-kras.eu\/info\/wp-json\/wp\/v2\/comments?post=21231"}],"version-history":[{"count":7,"href":"https:\/\/www.slovensky-kras.eu\/info\/wp-json\/wp\/v2\/pages\/21231\/revisions"}],"predecessor-version":[{"id":22690,"href":"https:\/\/www.slovensky-kras.eu\/info\/wp-json\/wp\/v2\/pages\/21231\/revisions\/22690"}],"up":[{"embeddable":true,"href":"https:\/\/www.slovensky-kras.eu\/info\/wp-json\/wp\/v2\/pages\/15"}],"wp:attachment":[{"href":"https:\/\/www.slovensky-kras.eu\/info\/wp-json\/wp\/v2\/media?parent=21231"}],"curies":[{"name":"wp","href":"https:\/\/api.w.org\/{rel}","templated":true}]}}