{"id":18996,"date":"2020-12-08T14:48:57","date_gmt":"2020-12-08T13:48:57","guid":{"rendered":"http:\/\/www.slovensky-kras.eu\/info\/?page_id=18996"},"modified":"2025-11-20T05:47:09","modified_gmt":"2025-11-20T04:47:09","slug":"gemerska-ludova-architektura-v-obci-lucka","status":"publish","type":"page","link":"https:\/\/www.slovensky-kras.eu\/info\/kam-za-pamiatkami\/gemerska-ludova-architektura-v-obci-lucka\/","title":{"rendered":"Gemersk\u00e1 \u013eudov\u00e1 architekt\u00fara v obci L\u00fa\u010dka"},"content":{"rendered":"<p><strong>Menu: <\/strong><a href=\"http:\/\/www.slovensky-kras.eu\/info\/\" class=\"su-button su-button-style-default\" style=\"color:#000000;background-color:#FFCF2F;border-color:#cca626;border-radius:5px\" target=\"_self\"><span style=\"color:#000000;padding:6px 16px;font-size:13px;line-height:20px;border-color:#ffde6e;border-radius:5px;text-shadow:none\"><i class=\"sui sui-arrow-right\" style=\"font-size:13px;color:#000000\"><\/i>  \u00davod \/ Aktuality <\/span><\/a>\n<a href=\"http:\/\/www.slovensky-kras.eu\/info\/kam-za-pamiatkami\/\" class=\"su-button su-button-style-default\" style=\"color:#000000;background-color:#FFCF2F;border-color:#cca626;border-radius:5px\" target=\"_self\"><span style=\"color:#000000;padding:6px 16px;font-size:13px;line-height:20px;border-color:#ffde6e;border-radius:5px;text-shadow:none\"><i class=\"sui sui-arrow-right\" style=\"font-size:13px;color:#000000\"><\/i>  Kam za pamiatkami <\/span><\/a>\n<div class=\"su-divider su-divider-style-default\" style=\"margin:15px 0;border-width:0px;border-color:#000000\"><\/div>\n<strong>Podkateg\u00f3ria: <\/strong> <a href=\"http:\/\/www.slovensky-kras.eu\/info\/kam-za-pamiatkami\/ludova-architektura-a-vidiecke-muzea\/\" class=\"su-button su-button-style-default\" style=\"color:#000000;background-color:#afd144;border-color:#8ca837;border-radius:5px\" target=\"_self\"><span style=\"color:#000000;padding:6px 16px;font-size:13px;line-height:20px;border-color:#c7df7d;border-radius:5px;text-shadow:none\"><i class=\"sui sui-arrow-right\" style=\"font-size:13px;color:#000000\"><\/i>  \u013dudov\u00e1 architekt\u00fara a vidieck\u00e9 m\u00faze\u00e1 <\/span><\/a>\n<div class=\"su-divider su-divider-style-default\" style=\"margin:15px 0;border-width:2px;border-color:#000000\"><\/div>\n<figure id=\"attachment_21445\" aria-describedby=\"caption-attachment-21445\" style=\"width: 900px\" class=\"wp-caption aligncenter\"><a href=\"https:\/\/www.slovensky-kras.eu\/info\/wp-content\/uploads\/2021\/12\/obec-lucka-domy2.jpg\"><img loading=\"lazy\" decoding=\"async\" class=\"wp-image-21445\" src=\"https:\/\/www.slovensky-kras.eu\/info\/wp-content\/uploads\/2021\/12\/obec-lucka-domy2.jpg\" alt=\"Gemersk\u00e1 \u013eudov\u00e1 architekt\u00fara v obci L\u00fa\u010dka\" width=\"900\" height=\"600\" srcset=\"https:\/\/www.slovensky-kras.eu\/info\/wp-content\/uploads\/2021\/12\/obec-lucka-domy2.jpg 800w, https:\/\/www.slovensky-kras.eu\/info\/wp-content\/uploads\/2021\/12\/obec-lucka-domy2-768x512.jpg 768w\" sizes=\"auto, (max-width: 900px) 100vw, 900px\" \/><\/a><figcaption id=\"caption-attachment-21445\" class=\"wp-caption-text\">Tradi\u010dn\u00e1 gemersk\u00e1 architekt\u00fara sedliackych domov<\/figcaption><\/figure>\n<div class=\"su-divider su-divider-style-default\" style=\"margin:15px 0;border-width:2px;border-color:#000000\"><\/div>\n<h2 dir=\"auto\"><span style=\"color: #800000;\">Gemersk\u00e1 \u013eudov\u00e1 architekt\u00fara v obci L\u00fa\u010dka: \u010co v\u0161etko tu m\u00f4\u017eete objavi\u0165?<\/span><\/h2>\n<p dir=\"auto\"><strong>Gemersk\u00e1 \u013eudov\u00e1 architekt\u00fara<\/strong> v obci L\u00fa\u010dka predstavuje jedine\u010dne zachoval\u00fd poklad tradi\u010dn\u00e9ho stavite\u013estva, ktor\u00fd l\u00e1ka milovn\u00edkov hist\u00f3rie, architekt\u00fary aj autentick\u00e9ho vidieka. Ponorte sa s nami do sveta star\u00fdch sedliackych domov a objavte ich \u010daro.<\/p>\n<h2 dir=\"auto\"><span style=\"color: #800000;\">Kde sa v Gemeri zachovala p\u00f4vodn\u00e1 <strong>gemersk\u00e1 \u013eudov\u00e1 architekt\u00fara<\/strong>?<\/span><\/h2>\n<p dir=\"auto\">V obci L\u00fa\u010dka sa zachovalo mno\u017estvo p\u00f4vodn\u00fdch sedliackych domov. Tieto objekty predstavuj\u00fa typick\u00fa <strong>\u013eudov\u00fa architekt\u00faru<\/strong> z konca 19. storo\u010dia a za\u010diatku 20. storo\u010dia.<\/p>\n<h2 dir=\"auto\"><span style=\"color: #800000;\">Ako vyzer\u00e1 urbanizmus a z\u00e1stavba v L\u00fa\u010dke?<\/span><\/h2>\n<p dir=\"auto\">Obec L\u00fa\u010dka sa vyzna\u010duje poto\u010dnou a obojstrannou radovou z\u00e1stavbou. Pr\u00e1ve t\u00e1to \u0161trukt\u00fara rob\u00ed z L\u00fa\u010dky jedine\u010dn\u00fa a zachoval\u00fa urbanisticko-architektonick\u00fa pamiatku v r\u00e1mci cel\u00e9ho Gemera.<\/p>\n<h2 dir=\"auto\"><span style=\"color: #800000;\">Ak\u00e9 typy domov n\u00e1jdete v r\u00e1mci <strong>gemerskej \u013eudovej architekt\u00fary<\/strong> v L\u00fa\u010dke?<\/span><\/h2>\n<p dir=\"auto\">V obci s\u00fa dva hlavn\u00e9 typy domov, ktor\u00e9 nes\u00fa typick\u00e9 znaky charakteristick\u00e9 pre lokalitu Gemera.<\/p>\n<p dir=\"auto\">Prv\u00fdm typom s\u00fa domy zo za\u010diatku 20. storo\u010dia, typick\u00e9 pre oblas\u0165 Gemera, Malohontu a Abova. Tieto domy dodr\u017eiavaj\u00fa tradi\u010dn\u00fa trojpriestorov\u00fa sch\u00e9mu: izba \u2013 pitvor \u2013 komora, s raden\u00edm do h\u013abky pozemku. Uk\u00e1\u017ekou tak\u00e9hoto tradi\u010dn\u00e9ho domu je dom \u010d. 101.<\/p>\n<p dir=\"auto\">Druh\u00fdm typom je <strong>\u013eudov\u00e1 architekt\u00fara<\/strong> zalo\u017een\u00e1 na tradi\u010dnej kult\u00fare ma\u010farsk\u00e9ho \u013eudu Pal\u00f3c na pomedz\u00ed dne\u0161n\u00e9ho Ma\u010farska a Slovenska. Uk\u00e1\u017ekou je dom \u010d. 100.<\/p>\n<h2 dir=\"auto\"><span style=\"color: #800000;\">\u010co je to Pal\u00f3c a kde sa t\u00e1to kult\u00fara nach\u00e1dza?<\/span><\/h2>\n<p dir=\"auto\">Pal\u00f3c (ma\u010f. Pal\u00f3cok) je n\u00e1re\u010dov\u00e1 oblas\u0165 s vlastnou architekt\u00farou a zvykmi na severe Ma\u010farska a juhu Slovenska (\u00fazemie Heve\u0161skej, Bor\u0161odskej, Gemerskej, Novohradskej \u017eupy a z\u00e1padnej \u010dasti Abova), ktor\u00e1 le\u017e\u00ed medzi riekami V\u00e1h, Dunaj a Bodva.<\/p>\n<h2 dir=\"auto\"><span style=\"color: #800000;\">Ak\u00e9 s\u00fa typick\u00e9 materi\u00e1ly a kon\u0161truk\u010dn\u00e9 prvky domov v L\u00fa\u010dke?<\/span><\/h2>\n<p dir=\"auto\">Domy s\u00fa murovan\u00e9 z kame\u0148a s dreven\u00fdmi a bohato zdoben\u00fdmi pavla\u010dami, ktor\u00e9 prebiehaj\u00fa pozd\u013a\u017e dvorovej fas\u00e1dy. Vpredu stoj\u00ed obytn\u00fd dom a za n\u00edm hospod\u00e1rske objekty pod spolo\u010dnou strechou.<\/p>\n<p dir=\"auto\">Typick\u00fdm znakom <strong>gemerskej \u013eudovej architekt\u00fary<\/strong> s\u00fa prvky \u013eudov\u00e9ho klasicizmu s va\u013ebovou alebo polova\u013ebovou strechou pokrytou \u0161ind\u013eom alebo \u0161krid\u013eou (v minulosti preva\u017ene slamou). Tradi\u010dnou krytinou striech v L\u00fa\u010dke boli \u0161indle alebo slama, nesk\u00f4r keramick\u00e1 a eternitov\u00e1 krytina.<\/p>\n<p dir=\"auto\">\u0160t\u00edty niektor\u00fdch domov s\u00fa murovan\u00e9 a zdoben\u00e9 \u0161tukov\u00fdmi ornamentmi. V minulosti boli \u0161t\u00edty preva\u017ene dreven\u00e9 s vyrez\u00e1van\u00fdmi ozdobami. Na niektor\u00fdch domoch sa zachovala aj ornament\u00e1lna v\u00fdzdoba prie\u010delia.<\/p>\n<h2 dir=\"auto\"><span style=\"color: #800000;\">Pre\u010do pre\u0161li domy z dreva na murovan\u00fa kon\u0161trukciu?<\/span><\/h2>\n<p dir=\"auto\">V\u00fdznamn\u00fdm faktorom prechodu na murovan\u00e9 stavby bol \u00fabytok lesov, \u0165a\u017e\u0161ia dostupnos\u0165 stavebn\u00e9ho dreva a protipo\u017eiarne opatrenia vydan\u00e9 v prvej polovici 19. storo\u010dia.<\/p>\n<h2 dir=\"auto\"><span style=\"color: #800000;\">Ak\u00e9 okn\u00e1 a podlahy mali tradi\u010dn\u00e9 domy v L\u00fa\u010dke?<\/span><\/h2>\n<p dir=\"auto\">Niektor\u00e9 domy maj\u00fa dodnes zdoben\u00e9, vyrez\u00e1van\u00e9 p\u00f4vodn\u00e9 okn\u00e1 \u2013 bu\u010f \u0161paletov\u00e9, alebo kastlov\u00e9. \u0160paletov\u00e9 a kastlov\u00e9 okn\u00e1 s\u00fa dvojdielne okn\u00e1 s vonkaj\u0161\u00edmi aj vn\u00fatorn\u00fdmi kr\u00eddlami a medzi nimi okenn\u00fdm v\u00fdklenkom (\u0161paletou). Pri kastlov\u00fdch okn\u00e1ch sa vonkaj\u0161ie kr\u00eddla otv\u00e1raj\u00fa dovn\u00fatra, pri \u0161paletov\u00fdch von. \u0160paletov\u00e9 (skrinkov\u00e9) okn\u00e1 maj\u00fa v\u00fdhodu v vyu\u017eit\u00ed medziokenn\u00e9ho priestoru napr\u00edklad na kvety.<\/p>\n<p dir=\"auto\">V izb\u00e1ch bola hlinen\u00e1 podlaha vymazan\u00e1 blatom s plevami.<\/p>\n<h2 dir=\"auto\"><span style=\"color: #800000;\">Ako vyzeralo vn\u00fatorn\u00e9 \u010dlenenie domov?<\/span><\/h2>\n<p dir=\"auto\">Dvojpriestorov\u00fd dom pozost\u00e1val z jednej izby a pitvora. S\u00fa\u010das\u0165ou pitvora mohla by\u0165 pitvorov\u00e1 kom\u00f4rka, ktor\u00e1 vznikla predelen\u00edm zadn\u00e9ho priestoru pozd\u013a\u017enou prie\u010dkou (t\u00fdm vznikol tret\u00ed priestor).<\/p>\n<p dir=\"auto\">Trojpriestorov\u00fd dom mal sch\u00e9mu izba \u2013 pitvor (bud\u00faca kuchy\u0148a) \u2013 komora, s raden\u00edm do h\u013abky pozemku alebo miestami pozd\u013a\u017e ulice. Vstupn\u00fdm priestorom bol pitvor s pecou a otvoren\u00fdm ohniskom, z ktor\u00e9ho dym vych\u00e1dzal na povalu. Z pitvora sa vch\u00e1dzalo do prednej izby a do komory.<\/p>\n<p dir=\"auto\">Za\u010diatkom 20. storo\u010dia sa stavali domy so \u0161tvordielnym priestorov\u00fdm \u010dlenen\u00edm (predn\u00e1 izba \u2013 kuchy\u0148a \u2013 zadn\u00e1 izba \u2013 komora).<\/p>\n<h2 dir=\"auto\"><span style=\"color: #800000;\">Je obec L\u00fa\u010dka chr\u00e1nen\u00e1 ako pamiatka?<\/span><\/h2>\n<p dir=\"auto\">\u00c1no, obec L\u00fa\u010dka bola v roku 1992 vyhl\u00e1sen\u00e1 za vidiecku pamiatkov\u00fa z\u00f3nu. Objekty v pamiatkovej z\u00f3ne maj\u00fa preva\u017ene obytn\u00fd charakter \u2013 ide o trvalo ob\u00fdvan\u00e9 domy alebo rekrea\u010dn\u00e9 chalupy.<\/p>\n<h2><span style=\"color: #800000;\">Fotogal\u00e9ria<\/span><\/h2>\n<style type=\"text\/css\">\n#foogallery-gallery-28839 .fg-image { width: 200px; }<\/style>\n\t\t\t<div class=\"foogallery foogallery-container foogallery-carousel foogallery-lightbox-foogallery fg-carousel fg-ready fg-light fg-border-medium fg-round-small fg-shadow-medium fg-loading-default fg-loaded-fade-in fg-hover-semi-zoomed fg-hover-fade fg-hover-circle-plus2\" id=\"foogallery-gallery-28839\" data-foogallery=\"{&quot;item&quot;:{&quot;showCaptionTitle&quot;:true,&quot;showCaptionDescription&quot;:true},&quot;lazy&quot;:true,&quot;template&quot;:{&quot;maxItems&quot;:5,&quot;scale&quot;:0.11999999999999999555910790149937383830547332763671875,&quot;gutter&quot;:{&quot;min&quot;:-40,&quot;max&quot;:-20,&quot;unit&quot;:&quot;%&quot;},&quot;autoplay&quot;:{&quot;time&quot;:0,&quot;interaction&quot;:&quot;pause&quot;},&quot;centerOnClick&quot;:true,&quot;align&quot;:&quot;center&quot;,&quot;activePosition&quot;:&quot;center&quot;}}\" data-foogallery-lightbox=\"{&quot;thumbs&quot;:&quot;bottom&quot;,&quot;thumbsCaptions&quot;:false,&quot;thumbsBestFit&quot;:false,&quot;thumbsSmall&quot;:false,&quot;thumbsCaptionsAlign&quot;:&quot;default&quot;,&quot;info&quot;:&quot;bottom&quot;,&quot;infoVisible&quot;:true,&quot;infoOverlay&quot;:true,&quot;infoAlign&quot;:&quot;default&quot;,&quot;transition&quot;:&quot;fade&quot;,&quot;hoverButtons&quot;:false,&quot;fitMedia&quot;:false,&quot;noScrollbars&quot;:true,&quot;preserveButtonSpace&quot;:true,&quot;buttons&quot;:{&quot;fullscreen&quot;:true,&quot;info&quot;:true,&quot;thumbs&quot;:false},&quot;video&quot;:{&quot;autoPlay&quot;:true}}\" style=\"--fg-title-line-clamp: 0; --fg-description-line-clamp: 0;\" >\n\t<button type=\"button\" class=\"fg-carousel-prev\" title=\"Previous\"><\/button>\n\t<div class=\"fg-carousel-inner\">\n\t\t<div class=\"fg-carousel-center\"><\/div>\n\t\t<div class=\"fg-item fg-type-image fg-idle\"><figure class=\"fg-item-inner\"><a href=\"https:\/\/www.slovensky-kras.eu\/info\/wp-content\/uploads\/2021\/12\/obec-lucka-domy4.jpg\" data-caption-title=\"Vidiecka pamiatkov\u00e1 z\u00f3na v obci L\u00fa\u010dka\" data-attachment-id=\"21447\" data-type=\"image\" class=\"fg-thumb\"><span class=\"fg-image-wrap\"><img decoding=\"async\" title=\"Vidiecka pamiatkov\u00e1 z\u00f3na v obci L\u00fa\u010dka\" width=\"200\" height=\"200\" class=\"skip-lazy fg-image\" data-src-fg=\"https:\/\/www.slovensky-kras.eu\/info\/wp-content\/uploads\/cache\/2021\/12\/obec-lucka-domy4\/2557327245.jpg\" src=\"data:image\/svg+xml,%3Csvg%20xmlns%3D%22http%3A%2F%2Fwww.w3.org%2F2000%2Fsvg%22%20width%3D%22200%22%20height%3D%22200%22%20viewBox%3D%220%200%20200%20200%22%3E%3C%2Fsvg%3E\" loading=\"eager\"><\/span><span class=\"fg-image-overlay\"><\/span><\/a><figcaption class=\"fg-caption\"><div class=\"fg-caption-inner\"><div class=\"fg-caption-title\">Vidiecka pamiatkov\u00e1 z\u00f3na v obci L\u00fa\u010dka<\/div><\/div><\/figcaption><\/figure><div class=\"fg-loader\"><\/div><\/div><div class=\"fg-item fg-type-image fg-idle\"><figure class=\"fg-item-inner\"><a href=\"https:\/\/www.slovensky-kras.eu\/info\/wp-content\/uploads\/2021\/12\/obec-lucka-domy3.jpg\" data-caption-title=\"Vidiecka pamiatkov\u00e1 z\u00f3na v obci L\u00fa\u010dka\" data-attachment-id=\"21446\" data-type=\"image\" class=\"fg-thumb\"><span class=\"fg-image-wrap\"><img decoding=\"async\" title=\"Vidiecka pamiatkov\u00e1 z\u00f3na v obci L\u00fa\u010dka\" width=\"200\" height=\"200\" class=\"skip-lazy fg-image\" data-src-fg=\"https:\/\/www.slovensky-kras.eu\/info\/wp-content\/uploads\/cache\/2021\/12\/obec-lucka-domy3\/4021652137.jpg\" src=\"data:image\/svg+xml,%3Csvg%20xmlns%3D%22http%3A%2F%2Fwww.w3.org%2F2000%2Fsvg%22%20width%3D%22200%22%20height%3D%22200%22%20viewBox%3D%220%200%20200%20200%22%3E%3C%2Fsvg%3E\" loading=\"eager\"><\/span><span class=\"fg-image-overlay\"><\/span><\/a><figcaption class=\"fg-caption\"><div class=\"fg-caption-inner\"><div class=\"fg-caption-title\">Vidiecka pamiatkov\u00e1 z\u00f3na v obci L\u00fa\u010dka<\/div><\/div><\/figcaption><\/figure><div class=\"fg-loader\"><\/div><\/div><div class=\"fg-item fg-type-image fg-idle\"><figure class=\"fg-item-inner\"><a href=\"https:\/\/www.slovensky-kras.eu\/info\/wp-content\/uploads\/2021\/12\/obec-lucka-domy2.jpg\" data-caption-title=\"Vidiecka pamiatkov\u00e1 z\u00f3na v obci L\u00fa\u010dka\" data-caption-desc=\"Vidiecka pamiatkov\u00e1 z\u00f3na v obci L\u00fa\u010dka - tradi\u010dn\u00e1 gemersk\u00e1 architekt\u00fara sedliackych domov\" data-attachment-id=\"21445\" data-type=\"image\" class=\"fg-thumb\"><span class=\"fg-image-wrap\"><img decoding=\"async\" alt=\"Vidiecka pamiatkov\u00e1 z\u00f3na v obci L\u00fa\u010dka\" title=\"Vidiecka pamiatkov\u00e1 z\u00f3na v obci L\u00fa\u010dka\" width=\"200\" height=\"200\" class=\"skip-lazy fg-image\" data-src-fg=\"https:\/\/www.slovensky-kras.eu\/info\/wp-content\/uploads\/cache\/2021\/12\/obec-lucka-domy2\/1265583731.jpg\" src=\"data:image\/svg+xml,%3Csvg%20xmlns%3D%22http%3A%2F%2Fwww.w3.org%2F2000%2Fsvg%22%20width%3D%22200%22%20height%3D%22200%22%20viewBox%3D%220%200%20200%20200%22%3E%3C%2Fsvg%3E\" loading=\"eager\"><\/span><span class=\"fg-image-overlay\"><\/span><\/a><figcaption class=\"fg-caption\"><div class=\"fg-caption-inner\"><div class=\"fg-caption-title\">Vidiecka pamiatkov\u00e1 z\u00f3na v obci L\u00fa\u010dka<\/div><div class=\"fg-caption-desc\">Vidiecka pamiatkov\u00e1 z\u00f3na v obci L\u00fa\u010dka - tradi\u010dn\u00e1 gemersk\u00e1 architekt\u00fara sedliackych domov<\/div><\/div><\/figcaption><\/figure><div class=\"fg-loader\"><\/div><\/div><div class=\"fg-item fg-type-image fg-idle\"><figure class=\"fg-item-inner\"><a href=\"https:\/\/www.slovensky-kras.eu\/info\/wp-content\/uploads\/2021\/12\/obec-lucka-domy1.jpg\" data-caption-title=\"Vidiecka pamiatkov\u00e1 z\u00f3na v obci L\u00fa\u010dka\" data-attachment-id=\"21444\" data-type=\"image\" class=\"fg-thumb\"><span class=\"fg-image-wrap\"><img decoding=\"async\" title=\"Vidiecka pamiatkov\u00e1 z\u00f3na v obci L\u00fa\u010dka\" width=\"200\" height=\"200\" class=\"skip-lazy fg-image\" data-src-fg=\"https:\/\/www.slovensky-kras.eu\/info\/wp-content\/uploads\/cache\/2021\/12\/obec-lucka-domy1\/3794797996.jpg\" src=\"data:image\/svg+xml,%3Csvg%20xmlns%3D%22http%3A%2F%2Fwww.w3.org%2F2000%2Fsvg%22%20width%3D%22200%22%20height%3D%22200%22%20viewBox%3D%220%200%20200%20200%22%3E%3C%2Fsvg%3E\" loading=\"eager\"><\/span><span class=\"fg-image-overlay\"><\/span><\/a><figcaption class=\"fg-caption\"><div class=\"fg-caption-inner\"><div class=\"fg-caption-title\">Vidiecka pamiatkov\u00e1 z\u00f3na v obci L\u00fa\u010dka<\/div><\/div><\/figcaption><\/figure><div class=\"fg-loader\"><\/div><\/div>\t<\/div>\n\t<div class=\"fg-carousel-bottom\"><\/div>\n\t<div class=\"fg-carousel-progress\"><\/div>\n\t<button type=\"button\" class=\"fg-carousel-next\" title=\"Next\"><\/button>\n<\/div>\n<h3><span style=\"color: #808000;\">Bl\u00edzke stredisko, turistick\u00e9 centrum, obec alebo mesto:<\/span><\/h3>\n<ul>\n<li><a href=\"http:\/\/www.slovensky-kras.eu\/info\/strediska-a-centra\/obec-lucka\/\">Obec L\u00fa\u010dka (\u010d\u00edtaj viac&#8230;)<\/a><\/li>\n<\/ul>\n<h2><span style=\"color: #800000;\">Mapy<\/span><\/h2>\n<p><strong>Vrstvy: <\/strong>Turistick\u00e1 mapa, Automapa, Cyklomapa, Ly\u017eiarska mapa, Satelitn\u00e1 mapa a OpenStreetMap.<\/p>\n<p><strong>Kliknut\u00edm na logo &#8222;Freemap.sk&#8220; sa V\u00e1m mapa zobraz\u00ed na celej ploche obrazovky.<\/strong><\/p>\n<p><iframe style=\"width: 900px; height: 600px; border: 0;\" src=\"https:\/\/www.freemap.sk\/?map=14\/48.635943\/20.722919&amp;info-point=48.635943\/20.722919,Obec L\u00fa\u010dka&amp;layers=X&amp;embed=search\" allowfullscreen=\"allowfullscreen\"><span data-mce-type=\"bookmark\" style=\"display: inline-block; width: 0px; overflow: hidden; line-height: 0;\" class=\"mce_SELRES_start\">\ufeff<\/span><\/iframe><\/p>\n<h2><span style=\"color: #800000;\">Po\u010dasie<\/span><\/h2>\n<p><iframe style=\"width: 900px; height: 610px;\" src=\"https:\/\/www.meteoblue.com\/sk\/po%C4%8Dasie\/widget\/three\/l%c3%ba%c4%8dka_slovensk%c3%a1-republika_724253?geoloc=fixed&amp;nocurrent=0&amp;noforecast=0&amp;days=6&amp;tempunit=CELSIUS&amp;windunit=KILOMETER_PER_HOUR&amp;layout=image\" frameborder=\"0\" scrolling=\"NO\" sandbox=\"allow-same-origin allow-scripts allow-popups allow-popups-to-escape-sandbox\"><\/iframe><\/p>\n<div><!-- DO NOT REMOVE THIS LINK --><a href=\"https:\/\/www.meteoblue.com\/sk\/po%C4%8Dasie\/predpove%C4%8F\/t%C3%BD%C5%BEde%C5%88\/l%c3%ba%c4%8dka_slovensk%c3%a1-republika_724253?utm_source=weather_widget&amp;utm_medium=linkus&amp;utm_content=three&amp;utm_campaign=Weather%2BWidget\" target=\"_blank\" rel=\"noopener noreferrer\">meteoblue<\/a><\/div>\n","protected":false},"excerpt":{"rendered":"<p>Menu: Podkateg\u00f3ria: Gemersk\u00e1 \u013eudov\u00e1 architekt\u00fara v obci L\u00fa\u010dka: \u010co v\u0161etko tu m\u00f4\u017eete objavi\u0165? Gemersk\u00e1 \u013eudov\u00e1 architekt\u00fara v obci L\u00fa\u010dka predstavuje jedine\u010dne zachoval\u00fd poklad tradi\u010dn\u00e9ho stavite\u013estva, ktor\u00fd l\u00e1ka milovn\u00edkov hist\u00f3rie, architekt\u00fary [&hellip;]<\/p>\n","protected":false},"author":1,"featured_media":21445,"parent":15,"menu_order":0,"comment_status":"closed","ping_status":"closed","template":"","meta":{"_uag_custom_page_level_css":"","footnotes":""},"class_list":["post-18996","page","type-page","status-publish","has-post-thumbnail","hentry"],"featured_image_src":"https:\/\/www.slovensky-kras.eu\/info\/wp-content\/uploads\/2021\/12\/obec-lucka-domy2.jpg","featured_image_src_square":"https:\/\/www.slovensky-kras.eu\/info\/wp-content\/uploads\/2021\/12\/obec-lucka-domy2.jpg","rbea_author_info":{"display_name":"admin","author_link":"https:\/\/www.slovensky-kras.eu\/info\/author\/admin\/"},"rbea_excerpt_info":"Menu: Podkateg\u00f3ria: Gemersk\u00e1 \u013eudov\u00e1 architekt\u00fara v obci L\u00fa\u010dka: \u010co v\u0161etko tu m\u00f4\u017eete objavi\u0165? Gemersk\u00e1 \u013eudov\u00e1 architekt\u00fara v obci L\u00fa\u010dka predstavuje jedine\u010dne zachoval\u00fd poklad tradi\u010dn\u00e9ho stavite\u013estva, ktor\u00fd l\u00e1ka milovn\u00edkov hist\u00f3rie, architekt\u00fary [&hellip;]","uagb_featured_image_src":{"full":["https:\/\/www.slovensky-kras.eu\/info\/wp-content\/uploads\/2021\/12\/obec-lucka-domy2.jpg",800,533,false],"thumbnail":["https:\/\/www.slovensky-kras.eu\/info\/wp-content\/uploads\/2021\/12\/obec-lucka-domy2-150x150.jpg",150,150,true],"medium":["https:\/\/www.slovensky-kras.eu\/info\/wp-content\/uploads\/2021\/12\/obec-lucka-domy2.jpg",800,533,false],"medium_large":["https:\/\/www.slovensky-kras.eu\/info\/wp-content\/uploads\/2021\/12\/obec-lucka-domy2-768x512.jpg",768,512,true],"large":["https:\/\/www.slovensky-kras.eu\/info\/wp-content\/uploads\/2021\/12\/obec-lucka-domy2.jpg",800,533,false],"1536x1536":["https:\/\/www.slovensky-kras.eu\/info\/wp-content\/uploads\/2021\/12\/obec-lucka-domy2.jpg",800,533,false],"2048x2048":["https:\/\/www.slovensky-kras.eu\/info\/wp-content\/uploads\/2021\/12\/obec-lucka-domy2.jpg",800,533,false]},"uagb_author_info":{"display_name":"admin","author_link":"https:\/\/www.slovensky-kras.eu\/info\/author\/admin\/"},"uagb_comment_info":0,"uagb_excerpt":"Menu: Podkateg\u00f3ria: Gemersk\u00e1 \u013eudov\u00e1 architekt\u00fara v obci L\u00fa\u010dka: \u010co v\u0161etko tu m\u00f4\u017eete objavi\u0165? Gemersk\u00e1 \u013eudov\u00e1 architekt\u00fara v obci L\u00fa\u010dka predstavuje jedine\u010dne zachoval\u00fd poklad tradi\u010dn\u00e9ho stavite\u013estva, ktor\u00fd l\u00e1ka milovn\u00edkov hist\u00f3rie, architekt\u00fary [&hellip;]","_links":{"self":[{"href":"https:\/\/www.slovensky-kras.eu\/info\/wp-json\/wp\/v2\/pages\/18996","targetHints":{"allow":["GET"]}}],"collection":[{"href":"https:\/\/www.slovensky-kras.eu\/info\/wp-json\/wp\/v2\/pages"}],"about":[{"href":"https:\/\/www.slovensky-kras.eu\/info\/wp-json\/wp\/v2\/types\/page"}],"author":[{"embeddable":true,"href":"https:\/\/www.slovensky-kras.eu\/info\/wp-json\/wp\/v2\/users\/1"}],"replies":[{"embeddable":true,"href":"https:\/\/www.slovensky-kras.eu\/info\/wp-json\/wp\/v2\/comments?post=18996"}],"version-history":[{"count":29,"href":"https:\/\/www.slovensky-kras.eu\/info\/wp-json\/wp\/v2\/pages\/18996\/revisions"}],"predecessor-version":[{"id":28840,"href":"https:\/\/www.slovensky-kras.eu\/info\/wp-json\/wp\/v2\/pages\/18996\/revisions\/28840"}],"up":[{"embeddable":true,"href":"https:\/\/www.slovensky-kras.eu\/info\/wp-json\/wp\/v2\/pages\/15"}],"wp:featuredmedia":[{"embeddable":true,"href":"https:\/\/www.slovensky-kras.eu\/info\/wp-json\/wp\/v2\/media\/21445"}],"wp:attachment":[{"href":"https:\/\/www.slovensky-kras.eu\/info\/wp-json\/wp\/v2\/media?parent=18996"}],"curies":[{"name":"wp","href":"https:\/\/api.w.org\/{rel}","templated":true}]}}