{"id":18422,"date":"2020-12-02T10:03:23","date_gmt":"2020-12-02T09:03:23","guid":{"rendered":"http:\/\/www.slovensky-kras.eu\/info\/?page_id=18422"},"modified":"2026-04-13T13:31:32","modified_gmt":"2026-04-13T11:31:32","slug":"jovicke-raselinisko","status":"publish","type":"page","link":"https:\/\/www.slovensky-kras.eu\/info\/kam-do-prirody\/jovicke-raselinisko\/","title":{"rendered":"Pr\u00edrodn\u00e1 pamiatka Jovick\u00e9 ra\u0161elinisko"},"content":{"rendered":"<p><strong>Menu: <\/strong> <a href=\"http:\/\/www.slovensky-kras.eu\/info\/\" class=\"su-button su-button-style-default\" style=\"color:#000000;background-color:#FFCF2F;border-color:#cca626;border-radius:5px\" target=\"_self\"><span style=\"color:#000000;padding:6px 16px;font-size:13px;line-height:20px;border-color:#ffde6e;border-radius:5px;text-shadow:none\"><i class=\"sui sui-arrow-right\" style=\"font-size:13px;color:#000000\"><\/i>  \u00davod \/ Aktuality <\/span><\/a>\n<a href=\"http:\/\/www.slovensky-kras.eu\/info\/kam-do-prirody\/\" class=\"su-button su-button-style-default\" style=\"color:#000000;background-color:#FFCF2F;border-color:#cca626;border-radius:5px\" target=\"_self\"><span style=\"color:#000000;padding:6px 16px;font-size:13px;line-height:20px;border-color:#ffde6e;border-radius:5px;text-shadow:none\"><i class=\"sui sui-arrow-right\" style=\"font-size:13px;color:#000000\"><\/i>  Kam do pr\u00edrody <\/span><\/a>\n<p><strong>Podkateg\u00f3ria: <\/strong> <a href=\"http:\/\/www.slovensky-kras.eu\/info\/kam-do-prirody\/ostane-prirodne-zaujimavosti\/\" class=\"su-button su-button-style-default\" style=\"color:#000000;background-color:#C5ED2C;border-color:#9ebe24;border-radius:5px\" target=\"_self\"><span style=\"color:#000000;padding:6px 16px;font-size:13px;line-height:20px;border-color:#d7f36c;border-radius:5px;text-shadow:none\"><i class=\"sui sui-arrow-right\" style=\"font-size:13px;color:#000000\"><\/i>  Ostan\u00e9 pr\u00edrodn\u00e9 zauj\u00edmavosti <\/span><\/a>\n<div class=\"su-divider su-divider-style-default\" style=\"margin:15px 0;border-width:2px;border-color:#000000\"><\/div>\n<figure id=\"attachment_30121\" aria-describedby=\"caption-attachment-30121\" style=\"width: 900px\" class=\"wp-caption aligncenter\"><a href=\"https:\/\/www.slovensky-kras.eu\/info\/wp-content\/uploads\/2026\/04\/jovicke-raselenisko.jpeg\"><img loading=\"lazy\" decoding=\"async\" class=\"wp-image-30121\" src=\"https:\/\/www.slovensky-kras.eu\/info\/wp-content\/uploads\/2026\/04\/jovicke-raselenisko.jpeg\" alt=\"Jovick\u00e9 ra\u0161elinisko\" width=\"900\" height=\"502\" srcset=\"https:\/\/www.slovensky-kras.eu\/info\/wp-content\/uploads\/2026\/04\/jovicke-raselenisko.jpeg 1376w, https:\/\/www.slovensky-kras.eu\/info\/wp-content\/uploads\/2026\/04\/jovicke-raselenisko-800x447.jpeg 800w, https:\/\/www.slovensky-kras.eu\/info\/wp-content\/uploads\/2026\/04\/jovicke-raselenisko-1024x572.jpeg 1024w, https:\/\/www.slovensky-kras.eu\/info\/wp-content\/uploads\/2026\/04\/jovicke-raselenisko-768x429.jpeg 768w\" sizes=\"auto, (max-width: 900px) 100vw, 900px\" \/><\/a><figcaption id=\"caption-attachment-30121\" class=\"wp-caption-text\">Jovick\u00e9 ra\u0161elinisko<\/figcaption><\/figure>\n<div class=\"su-divider su-divider-style-default\" style=\"margin:15px 0;border-width:2px;border-color:#000000\"><\/div>\n<h2><span style=\"color: #800000;\">Kde sa presne nach\u00e1dza <b>Pr\u00edrodn\u00e1 pamiatka Jovick\u00e9 ra\u0161elinisko<\/b>?<\/span><\/h2>\n<p data-path-to-node=\"3\"><b>Pr\u00edrodn\u00e1 pamiatka Jovick\u00e9 ra\u0161elinisko<\/b> sa nach\u00e1dza v okrese Ro\u017e\u0148ava, ktor\u00fd patr\u00ed do Ko\u0161ick\u00e9ho kraja. Konkr\u00e9tne ju n\u00e1jdete v katastr\u00e1lnom \u00fazem\u00ed malebnej obce <a href=\"https:\/\/www.slovensky-kras.eu\/info\/strediska-a-centra\/obec-jovice\/\">Jovice<\/a>.<\/p>\n<h2><span style=\"color: #800000;\">Kto spravuje t\u00fato jedine\u010dn\u00fa <b>pr\u00edrodn\u00fa pamiatku<\/b> a kedy bola vyhl\u00e1sen\u00e1 za chr\u00e1nen\u00e9 \u00fazemie?<\/span><\/h2>\n<p data-path-to-node=\"6\">Spr\u00e1vu tohto cenn\u00e9ho \u00fazemia zabezpe\u010duje \u0161t\u00e1tna ochrana pr\u00edrody, konkr\u00e9tne Spr\u00e1va <b>Slovensk\u00fd kras<\/b>. <b>Pr\u00edrodn\u00e1 pamiatka Jovick\u00e9 ra\u0161elinisko<\/b> bola ofici\u00e1lne vyhl\u00e1sen\u00e1 za chr\u00e1nen\u00e9 \u00fazemie u\u017e v roku 1990. Rozloha tohto <b>ra\u0161eliniska<\/b> je 0,794 hekt\u00e1ra.<\/p>\n<h2><span style=\"color: #800000;\">Pre\u010do je <b>Jovick\u00e9 ra\u0161elinisko<\/b> takou v\u00fdznamnou <b>lokalitou<\/b> a ak\u00fd je predmet jej ochrany?<\/span><\/h2>\n<p data-path-to-node=\"9\"><b>Pr\u00edrodn\u00e1 pamiatka Jovick\u00e9 ra\u0161elinisko<\/b> bola zriaden\u00e1 na ochranu unik\u00e1tnej <b>lokality ra\u0161eliniska<\/b>. Jej hlavn\u00fd v\u00fdznam spo\u010d\u00edva v tom, \u017ee sa zachovala ako vz\u00e1cny pozostatok z p\u00f4vodn\u00fdch <b>ra\u0161eliniskov\u00fdch lokal\u00edt<\/b> v celom regi\u00f3ne Ro\u017e\u0148avskej kotliny. Z tohto d\u00f4vodu je <b>ra\u0161elinisko<\/b> mimoriadne d\u00f4le\u017eit\u00e9 z <b>vedecko-v\u00fdskumn\u00e9ho<\/b>, <b>n\u00e1u\u010dn\u00e9ho<\/b> a tie\u017e <b>kult\u00farneho h\u013eadiska<\/b>, a pon\u00faka tak cestovate\u013eom jedine\u010dn\u00fd poh\u013ead na pr\u00edrodn\u00e9 dedi\u010dstvo.<\/p>\n<h2 data-path-to-node=\"1\"><span style=\"color: #800000;\">Ako vzniklo Jovick\u00e9 ra\u0161elinisko?<\/span><\/h2>\n<p data-path-to-node=\"2\">Jovick\u00e9 ra\u0161elinisko vzniklo v mieste, kde sa dlhodobo hromadila voda a p\u00f4da bola st\u00e1le podm\u00e1\u010dan\u00e1. Tak\u00e9to prostredie spoma\u013euje rozklad rastlinn\u00fdch zvy\u0161kov, preto sa odumret\u00e9 rastliny postupne ukladaj\u00fa na seba a vytv\u00e1raj\u00fa ra\u0161elinu. Na jeho vzniku sa podie\u013eal aj <b data-path-to-node=\"2\" data-index-in-node=\"260\">Majstrovsk\u00fd potok<\/b>, ktor\u00fd z\u00e1soboval \u00fazemie vodou a udr\u017eiaval ho st\u00e1le vlhk\u00e9.<\/p>\n<h2 data-path-to-node=\"3\"><span style=\"color: #800000;\">Ak\u00e9 rastliny tu m\u00f4\u017eeme n\u00e1js\u0165?<\/span><\/h2>\n<p data-path-to-node=\"4\">V tak\u00fdchto podmienkach sa dar\u00ed typick\u00fdm mokra\u010fov\u00fdm rastlin\u00e1m, najm\u00e4 <b data-path-to-node=\"4\" data-index-in-node=\"68\">ra\u0161elinn\u00edkom<\/b>, ktor\u00e9 sa \u010falej podie\u013eaj\u00fa na tvorbe ra\u0161eliny. Ra\u0161elinisko je preto v\u00fdsledkom pomal\u00e9ho pr\u00edrodn\u00e9ho procesu, ktor\u00fd trval tis\u00edce rokov.<\/p>\n<p data-path-to-node=\"4\">Na Jovickom ra\u0161elinisku rast\u00fa rastliny, ktor\u00e9 s\u00fa prisp\u00f4soben\u00e9 na vlhk\u00e9 a kysl\u00e9 prostredie. Najd\u00f4le\u017eitej\u0161ie s\u00fa ra\u0161elinn\u00edky, ktor\u00e9 sa podie\u013eaj\u00fa na tvorbe ra\u0161eliny. Okrem nich sa tu vyskytuj\u00fa aj r\u00f4zne ostrice, byliny a \u010fal\u0161ie mokra\u010fov\u00e9 rastliny, ktor\u00e9 dokazuj\u00fa, \u017ee ide o vz\u00e1cny pr\u00edrodn\u00fd biotop.<\/p>\n<h2 data-path-to-node=\"5\"><span style=\"color: #800000;\">Pre\u010do je toto \u00fazemie vz\u00e1cne?<\/span><\/h2>\n<p data-path-to-node=\"6\">Dnes je Jovick\u00e9 ra\u0161elinisko cenn\u00e9 najm\u00e4 preto, \u017ee zachov\u00e1va vz\u00e1cny biotop a ukazuje, ako sa v pr\u00edrode vytv\u00e1raj\u00fa mokrade. Je to mal\u00e9 \u00fazemie, ale m\u00e1 ve\u013ek\u00fd v\u00fdznam pre rastliny, \u017eivo\u010d\u00edchy aj ochranu pr\u00edrody.<\/p>\n<h2 data-path-to-node=\"9\"><span style=\"color: #800000;\">Fotogal\u00e9ria<\/span><\/h2>\n<p data-path-to-node=\"9\"><style type=\"text\/css\">\n#foogallery-gallery-30118 .fg-image { width: 200px; }<\/style>\n\t\t\t<div class=\"foogallery foogallery-container foogallery-carousel foogallery-lightbox-foogallery fg-carousel fg-ready fg-light fg-border-medium fg-round-small fg-shadow-medium fg-loading-default fg-loaded-fade-in fg-hover-semi-zoomed fg-hover-fade fg-hover-circle-plus2\" id=\"foogallery-gallery-30118\" data-foogallery=\"{&quot;item&quot;:{&quot;showCaptionTitle&quot;:true,&quot;showCaptionDescription&quot;:true},&quot;lazy&quot;:true,&quot;template&quot;:{&quot;maxItems&quot;:5,&quot;scale&quot;:0.11999999999999999555910790149937383830547332763671875,&quot;gutter&quot;:{&quot;min&quot;:-40,&quot;max&quot;:-20,&quot;unit&quot;:&quot;%&quot;},&quot;autoplay&quot;:{&quot;time&quot;:0,&quot;interaction&quot;:&quot;pause&quot;},&quot;centerOnClick&quot;:true,&quot;align&quot;:&quot;center&quot;,&quot;activePosition&quot;:&quot;center&quot;}}\" data-foogallery-lightbox=\"{&quot;thumbs&quot;:&quot;bottom&quot;,&quot;thumbsCaptions&quot;:false,&quot;thumbsBestFit&quot;:false,&quot;thumbsSmall&quot;:false,&quot;thumbsCaptionsAlign&quot;:&quot;default&quot;,&quot;info&quot;:&quot;bottom&quot;,&quot;infoVisible&quot;:true,&quot;infoOverlay&quot;:true,&quot;infoAlign&quot;:&quot;default&quot;,&quot;transition&quot;:&quot;fade&quot;,&quot;hoverButtons&quot;:false,&quot;fitMedia&quot;:false,&quot;noScrollbars&quot;:true,&quot;preserveButtonSpace&quot;:true,&quot;buttons&quot;:{&quot;fullscreen&quot;:true,&quot;info&quot;:true,&quot;thumbs&quot;:false},&quot;video&quot;:{&quot;autoPlay&quot;:true}}\" style=\"--fg-title-line-clamp: 1; --fg-description-line-clamp: 2;\" >\n\t<button type=\"button\" class=\"fg-carousel-prev\" title=\"Previous\"><\/button>\n\t<div class=\"fg-carousel-inner\">\n\t\t<div class=\"fg-carousel-center\"><\/div>\n\t\t<div class=\"fg-item fg-type-image fg-idle\"><figure class=\"fg-item-inner\"><a href=\"https:\/\/www.slovensky-kras.eu\/info\/wp-content\/uploads\/2026\/04\/jovicke-raselenisko-zima.jpeg\" data-caption-title=\"Jovick\u00e9 ra\u0161elinisko\" data-attachment-id=\"30119\" data-type=\"image\" class=\"fg-thumb\"><span class=\"fg-image-wrap\"><img decoding=\"async\" alt=\"Jovick\u00e9 ra\u0161elinisko\" title=\"Jovick\u00e9 ra\u0161elinisko\" width=\"200\" height=\"200\" class=\"skip-lazy fg-image\" data-src-fg=\"https:\/\/www.slovensky-kras.eu\/info\/wp-content\/uploads\/cache\/2026\/04\/jovicke-raselenisko-zima\/1242904722.jpeg\" src=\"data:image\/svg+xml,%3Csvg%20xmlns%3D%22http%3A%2F%2Fwww.w3.org%2F2000%2Fsvg%22%20width%3D%22200%22%20height%3D%22200%22%20viewBox%3D%220%200%20200%20200%22%3E%3C%2Fsvg%3E\" loading=\"eager\"><\/span><span class=\"fg-image-overlay\"><\/span><\/a><figcaption class=\"fg-caption\"><div class=\"fg-caption-inner\"><div class=\"fg-caption-title\">Jovick\u00e9 ra\u0161elinisko<\/div><\/div><\/figcaption><\/figure><div class=\"fg-loader\"><\/div><\/div><div class=\"fg-item fg-type-image fg-idle\"><figure class=\"fg-item-inner\"><a href=\"https:\/\/www.slovensky-kras.eu\/info\/wp-content\/uploads\/2026\/04\/jovicke-raselenisko-jesen.jpeg\" data-caption-title=\"Jovick\u00e9 ra\u0161elinisko\" data-attachment-id=\"30120\" data-type=\"image\" class=\"fg-thumb\"><span class=\"fg-image-wrap\"><img decoding=\"async\" alt=\"Jovick\u00e9 ra\u0161elinisko\" title=\"Jovick\u00e9 ra\u0161elinisko\" width=\"200\" height=\"200\" class=\"skip-lazy fg-image\" data-src-fg=\"https:\/\/www.slovensky-kras.eu\/info\/wp-content\/uploads\/cache\/2026\/04\/jovicke-raselenisko-jesen\/1443652045.jpeg\" src=\"data:image\/svg+xml,%3Csvg%20xmlns%3D%22http%3A%2F%2Fwww.w3.org%2F2000%2Fsvg%22%20width%3D%22200%22%20height%3D%22200%22%20viewBox%3D%220%200%20200%20200%22%3E%3C%2Fsvg%3E\" loading=\"eager\"><\/span><span class=\"fg-image-overlay\"><\/span><\/a><figcaption class=\"fg-caption\"><div class=\"fg-caption-inner\"><div class=\"fg-caption-title\">Jovick\u00e9 ra\u0161elinisko<\/div><\/div><\/figcaption><\/figure><div class=\"fg-loader\"><\/div><\/div><div class=\"fg-item fg-type-image fg-idle\"><figure class=\"fg-item-inner\"><a href=\"https:\/\/www.slovensky-kras.eu\/info\/wp-content\/uploads\/2026\/04\/jovicke-raselenisko.jpeg\" data-caption-title=\"Jovick\u00e9 ra\u0161elinisko\" data-attachment-id=\"30121\" data-type=\"image\" class=\"fg-thumb\"><span class=\"fg-image-wrap\"><img decoding=\"async\" alt=\"Jovick\u00e9 ra\u0161elinisko\" title=\"Jovick\u00e9 ra\u0161elinisko\" width=\"200\" height=\"200\" class=\"skip-lazy fg-image\" data-src-fg=\"https:\/\/www.slovensky-kras.eu\/info\/wp-content\/uploads\/cache\/2026\/04\/jovicke-raselenisko\/2520670376.jpeg\" src=\"data:image\/svg+xml,%3Csvg%20xmlns%3D%22http%3A%2F%2Fwww.w3.org%2F2000%2Fsvg%22%20width%3D%22200%22%20height%3D%22200%22%20viewBox%3D%220%200%20200%20200%22%3E%3C%2Fsvg%3E\" loading=\"eager\"><\/span><span class=\"fg-image-overlay\"><\/span><\/a><figcaption class=\"fg-caption\"><div class=\"fg-caption-inner\"><div class=\"fg-caption-title\">Jovick\u00e9 ra\u0161elinisko<\/div><\/div><\/figcaption><\/figure><div class=\"fg-loader\"><\/div><\/div>\t<\/div>\n\t<div class=\"fg-carousel-bottom\"><\/div>\n\t<div class=\"fg-carousel-progress\"><\/div>\n\t<button type=\"button\" class=\"fg-carousel-next\" title=\"Next\"><\/button>\n<\/div>\n<h2 data-path-to-node=\"9\"><span style=\"color: #800000;\">Zauj\u00edmav\u00e9 odkazy<\/span><\/h2>\n<h3><span style=\"color: #808000;\">Bl\u00edzke stredisko, turistick\u00e9 centrum, obec alebo mesto<\/span><\/h3>\n<ul>\n<li><a href=\"http:\/\/www.slovensky-kras.eu\/info\/strediska-a-centra\/obec-jovice\/\">Obec Jovice (\u010d\u00edtaj viac&#8230;)<\/a><\/li>\n<\/ul>\n<h2><span style=\"color: #800000;\">Mapy<\/span><\/h2>\n<p><strong>Vrstvy: <\/strong>Turistick\u00e1 mapa, Automapa, Cyklomapa, Ly\u017eiarska mapa, Satelitn\u00e1 mapa a OpenStreetMap.<\/p>\n<p><strong>Kliknut\u00edm na logo &#8222;Freemap.sk&#8220; sa V\u00e1m mapa zobraz\u00ed na celej ploche obrazovky.<\/strong><\/p>\n<p><iframe style=\"width: 900px; height: 600px; border: 0;\" src=\"https:\/\/www.freemap.sk\/?map=16\/48.633909\/20.550923&amp;info-point=48.633909\/20.550923,Jovick\u00e9 ra\u0161elinisko&amp;layers=X&amp;embed=search\" allowfullscreen=\"allowfullscreen\"><\/iframe><\/p>\n<h2><strong><br \/>\n<\/strong><span style=\"color: #808000;\"><span style=\"color: #800000;\">Po\u010dasie<\/span><br \/>\n<\/span><br \/>\n<iframe style=\"width: 900px; height: 610px;\" src=\"https:\/\/www.meteoblue.com\/sk\/po%C4%8Dasie\/widget\/three\/jovice_slovensk%c3%a1-republika_724554?geoloc=fixed&amp;nocurrent=0&amp;noforecast=0&amp;days=6&amp;tempunit=CELSIUS&amp;windunit=KILOMETER_PER_HOUR&amp;layout=image\" frameborder=\"0\" scrolling=\"NO\" sandbox=\"allow-same-origin allow-scripts allow-popups allow-popups-to-escape-sandbox\"><\/iframe><\/h2>\n<div><!-- DO NOT REMOVE THIS LINK --><a href=\"https:\/\/www.meteoblue.com\/sk\/po%C4%8Dasie\/predpove%C4%8F\/t%C3%BD%C5%BEde%C5%88\/jovice_slovensk%c3%a1-republika_724554?utm_source=weather_widget&amp;utm_medium=linkus&amp;utm_content=three&amp;utm_campaign=Weather%2BWidget\" target=\"_blank\" rel=\"noopener noreferrer\">meteoblue<\/a><\/div>\n","protected":false},"excerpt":{"rendered":"<p>Menu: Podkateg\u00f3ria: Kde sa presne nach\u00e1dza Pr\u00edrodn\u00e1 pamiatka Jovick\u00e9 ra\u0161elinisko? Pr\u00edrodn\u00e1 pamiatka Jovick\u00e9 ra\u0161elinisko sa nach\u00e1dza v okrese Ro\u017e\u0148ava, ktor\u00fd patr\u00ed do Ko\u0161ick\u00e9ho kraja. Konkr\u00e9tne ju n\u00e1jdete v katastr\u00e1lnom \u00fazem\u00ed [&hellip;]<\/p>\n","protected":false},"author":1,"featured_media":30121,"parent":13,"menu_order":0,"comment_status":"closed","ping_status":"closed","template":"","meta":{"_uag_custom_page_level_css":"","footnotes":""},"class_list":["post-18422","page","type-page","status-publish","has-post-thumbnail","hentry"],"featured_image_src":"https:\/\/www.slovensky-kras.eu\/info\/wp-content\/uploads\/2026\/04\/jovicke-raselenisko.jpeg","featured_image_src_square":"https:\/\/www.slovensky-kras.eu\/info\/wp-content\/uploads\/2026\/04\/jovicke-raselenisko.jpeg","rbea_author_info":{"display_name":"admin","author_link":"https:\/\/www.slovensky-kras.eu\/info\/author\/admin\/"},"rbea_excerpt_info":"Menu: Podkateg\u00f3ria: Kde sa presne nach\u00e1dza Pr\u00edrodn\u00e1 pamiatka Jovick\u00e9 ra\u0161elinisko? Pr\u00edrodn\u00e1 pamiatka Jovick\u00e9 ra\u0161elinisko sa nach\u00e1dza v okrese Ro\u017e\u0148ava, ktor\u00fd patr\u00ed do Ko\u0161ick\u00e9ho kraja. Konkr\u00e9tne ju n\u00e1jdete v katastr\u00e1lnom \u00fazem\u00ed [&hellip;]","uagb_featured_image_src":{"full":["https:\/\/www.slovensky-kras.eu\/info\/wp-content\/uploads\/2026\/04\/jovicke-raselenisko.jpeg",1376,768,false],"thumbnail":["https:\/\/www.slovensky-kras.eu\/info\/wp-content\/uploads\/2026\/04\/jovicke-raselenisko-150x150.jpeg",150,150,true],"medium":["https:\/\/www.slovensky-kras.eu\/info\/wp-content\/uploads\/2026\/04\/jovicke-raselenisko-800x447.jpeg",800,447,true],"medium_large":["https:\/\/www.slovensky-kras.eu\/info\/wp-content\/uploads\/2026\/04\/jovicke-raselenisko-768x429.jpeg",768,429,true],"large":["https:\/\/www.slovensky-kras.eu\/info\/wp-content\/uploads\/2026\/04\/jovicke-raselenisko-1024x572.jpeg",1024,572,true],"1536x1536":["https:\/\/www.slovensky-kras.eu\/info\/wp-content\/uploads\/2026\/04\/jovicke-raselenisko.jpeg",1376,768,false],"2048x2048":["https:\/\/www.slovensky-kras.eu\/info\/wp-content\/uploads\/2026\/04\/jovicke-raselenisko.jpeg",1376,768,false]},"uagb_author_info":{"display_name":"admin","author_link":"https:\/\/www.slovensky-kras.eu\/info\/author\/admin\/"},"uagb_comment_info":0,"uagb_excerpt":"Menu: Podkateg\u00f3ria: Kde sa presne nach\u00e1dza Pr\u00edrodn\u00e1 pamiatka Jovick\u00e9 ra\u0161elinisko? Pr\u00edrodn\u00e1 pamiatka Jovick\u00e9 ra\u0161elinisko sa nach\u00e1dza v okrese Ro\u017e\u0148ava, ktor\u00fd patr\u00ed do Ko\u0161ick\u00e9ho kraja. Konkr\u00e9tne ju n\u00e1jdete v katastr\u00e1lnom \u00fazem\u00ed [&hellip;]","_links":{"self":[{"href":"https:\/\/www.slovensky-kras.eu\/info\/wp-json\/wp\/v2\/pages\/18422","targetHints":{"allow":["GET"]}}],"collection":[{"href":"https:\/\/www.slovensky-kras.eu\/info\/wp-json\/wp\/v2\/pages"}],"about":[{"href":"https:\/\/www.slovensky-kras.eu\/info\/wp-json\/wp\/v2\/types\/page"}],"author":[{"embeddable":true,"href":"https:\/\/www.slovensky-kras.eu\/info\/wp-json\/wp\/v2\/users\/1"}],"replies":[{"embeddable":true,"href":"https:\/\/www.slovensky-kras.eu\/info\/wp-json\/wp\/v2\/comments?post=18422"}],"version-history":[{"count":12,"href":"https:\/\/www.slovensky-kras.eu\/info\/wp-json\/wp\/v2\/pages\/18422\/revisions"}],"predecessor-version":[{"id":30122,"href":"https:\/\/www.slovensky-kras.eu\/info\/wp-json\/wp\/v2\/pages\/18422\/revisions\/30122"}],"up":[{"embeddable":true,"href":"https:\/\/www.slovensky-kras.eu\/info\/wp-json\/wp\/v2\/pages\/13"}],"wp:featuredmedia":[{"embeddable":true,"href":"https:\/\/www.slovensky-kras.eu\/info\/wp-json\/wp\/v2\/media\/30121"}],"wp:attachment":[{"href":"https:\/\/www.slovensky-kras.eu\/info\/wp-json\/wp\/v2\/media?parent=18422"}],"curies":[{"name":"wp","href":"https:\/\/api.w.org\/{rel}","templated":true}]}}