{"id":18170,"date":"2020-11-25T10:17:17","date_gmt":"2020-11-25T09:17:17","guid":{"rendered":"http:\/\/www.slovensky-kras.eu\/info\/?page_id=18170"},"modified":"2020-11-25T11:24:26","modified_gmt":"2020-11-25T10:24:26","slug":"reformovany-kostol-v-silickej-jablonici","status":"publish","type":"page","link":"https:\/\/www.slovensky-kras.eu\/info\/kam-za-pamiatkami\/reformovany-kostol-v-silickej-jablonici\/","title":{"rendered":"Reformovan\u00fd kostol v Silickej Jablonici"},"content":{"rendered":"<p><strong>Menu: <\/strong><a href=\"http:\/\/www.slovensky-kras.eu\/info\/\" class=\"su-button su-button-style-default\" style=\"color:#000000;background-color:#FFCF2F;border-color:#cca626;border-radius:5px\" target=\"_self\"><span style=\"color:#000000;padding:6px 16px;font-size:13px;line-height:20px;border-color:#ffde6e;border-radius:5px;text-shadow:none\"><i class=\"sui sui-arrow-right\" style=\"font-size:13px;color:#000000\"><\/i>  \u00davod \/ Aktuality <\/span><\/a>\n<a href=\"http:\/\/www.slovensky-kras.eu\/info\/kam-za-pamiatkami\/\" class=\"su-button su-button-style-default\" style=\"color:#000000;background-color:#FFCF2F;border-color:#cca626;border-radius:5px\" target=\"_self\"><span style=\"color:#000000;padding:6px 16px;font-size:13px;line-height:20px;border-color:#ffde6e;border-radius:5px;text-shadow:none\"><i class=\"sui sui-arrow-right\" style=\"font-size:13px;color:#000000\"><\/i>  Kam za pamiatkami <\/span><\/a>\n<div class=\"su-divider su-divider-style-default\" style=\"margin:15px 0;border-width:0px;border-color:#000000\"><\/div>\n<p><strong>Podkateg\u00f3ria: <\/strong> <a href=\"http:\/\/www.slovensky-kras.eu\/info\/kam-za-pamiatkami\/nabozenske-pamiatky\/\" class=\"su-button su-button-style-default\" style=\"color:#000000;background-color:#afd144;border-color:#8ca837;border-radius:5px\" target=\"_self\"><span style=\"color:#000000;padding:6px 16px;font-size:13px;line-height:20px;border-color:#c7df7d;border-radius:5px;text-shadow:none\"><i class=\"sui sui-arrow-right\" style=\"font-size:13px;color:#000000\"><\/i>  N\u00e1bo\u017eensk\u00e9 pamiatky <\/span><\/a>\n<div class=\"su-divider su-divider-style-default\" style=\"margin:15px 0;border-width:2px;border-color:#000000\"><\/div>\n<h3><span style=\"color: #808000;\">V\u0161eobecn\u00e9 inform\u00e1cie<\/span><\/h3>\n<p>Reformovan\u00fd kostol v <a href=\"http:\/\/www.slovensky-kras.eu\/info\/strediska-a-centra\/obec-silicka-jablonica\/\">Silickej Jablonici<\/a> je jednolo\u010fov\u00e1 klasicistick\u00e1 toleran\u010dn\u00e1 stavba s pravouhl\u00fdm z\u00e1verom a predstavanou ve\u017eou.<\/p>\n<figure id=\"attachment_18181\" aria-describedby=\"caption-attachment-18181\" style=\"width: 800px\" class=\"wp-caption aligncenter\"><a href=\"http:\/\/www.slovensky-kras.eu\/info\/wp-content\/uploads\/2020\/11\/Silicka-Jablonica-kostol-768x512-1.png\"><img loading=\"lazy\" decoding=\"async\" class=\"wp-image-18181 size-full\" src=\"http:\/\/www.slovensky-kras.eu\/info\/wp-content\/uploads\/2020\/11\/Silicka-Jablonica-kostol-768x512-1.png\" alt=\"\" width=\"800\" height=\"533\" srcset=\"https:\/\/www.slovensky-kras.eu\/info\/wp-content\/uploads\/2020\/11\/Silicka-Jablonica-kostol-768x512-1.png 800w, https:\/\/www.slovensky-kras.eu\/info\/wp-content\/uploads\/2020\/11\/Silicka-Jablonica-kostol-768x512-1-768x512.png 768w\" sizes=\"auto, (max-width: 800px) 100vw, 800px\" \/><\/a><figcaption id=\"caption-attachment-18181\" class=\"wp-caption-text\">klasicistick\u00fd reformovan\u00fd kostol z roku 1789<\/figcaption><\/figure>\n<p>Bol postaveny v roku 1789 po vydan\u00ed Toleran\u010dn\u00e9ho patentu Jozefom II. z roku 1781, ktor\u00fd po rokoch prenasledovania dovolil evanjelikom stava\u0165 si vlastn\u00e9 chr\u00e1my a obnovi\u0165 cirkevn\u00e9 zbory.<\/p>\n<p>P\u00f4vodne bol p\u00f4vodne postaven\u00fd bez ve\u017ee, ke\u010f\u017ee protestantsk\u00e9 kostoly e\u0161te podliehali ur\u010dit\u00fdm stavebn\u00fdm obmedzeniam.<\/p>\n<figure id=\"attachment_18180\" aria-describedby=\"caption-attachment-18180\" style=\"width: 800px\" class=\"wp-caption aligncenter\"><a href=\"http:\/\/www.slovensky-kras.eu\/info\/wp-content\/uploads\/2020\/11\/silicka-jablonica.jpg\"><img loading=\"lazy\" decoding=\"async\" class=\"wp-image-18180 size-full\" src=\"http:\/\/www.slovensky-kras.eu\/info\/wp-content\/uploads\/2020\/11\/silicka-jablonica.jpg\" alt=\"\" width=\"800\" height=\"534\" srcset=\"https:\/\/www.slovensky-kras.eu\/info\/wp-content\/uploads\/2020\/11\/silicka-jablonica.jpg 800w, https:\/\/www.slovensky-kras.eu\/info\/wp-content\/uploads\/2020\/11\/silicka-jablonica-768x513.jpg 768w\" sizes=\"auto, (max-width: 800px) 100vw, 800px\" \/><\/a><figcaption id=\"caption-attachment-18180\" class=\"wp-caption-text\">klasicistick\u00fd reformovan\u00fd kostol z roku 1789, fotograf: Tibor I\u010do<\/figcaption><\/figure>\n<p data-wp-editing=\"1\">Ve\u017ea bola na objekte doplnen\u00e1 a\u017e v 19. storo\u010d\u00ed.<\/p>\n<p>Kostol pre\u0161iel ve\u013ekou obnovou v roku 1907.<\/p>\n<figure id=\"attachment_18172\" aria-describedby=\"caption-attachment-18172\" style=\"width: 800px\" class=\"wp-caption aligncenter\"><a href=\"http:\/\/www.slovensky-kras.eu\/info\/wp-content\/uploads\/2020\/11\/silicka-jablonica84.jpg\"><img loading=\"lazy\" decoding=\"async\" class=\"wp-image-18172 size-full\" src=\"http:\/\/www.slovensky-kras.eu\/info\/wp-content\/uploads\/2020\/11\/silicka-jablonica84.jpg\" alt=\"\" width=\"800\" height=\"531\" srcset=\"https:\/\/www.slovensky-kras.eu\/info\/wp-content\/uploads\/2020\/11\/silicka-jablonica84.jpg 800w, https:\/\/www.slovensky-kras.eu\/info\/wp-content\/uploads\/2020\/11\/silicka-jablonica84-768x510.jpg 768w\" sizes=\"auto, (max-width: 800px) 100vw, 800px\" \/><\/a><figcaption id=\"caption-attachment-18172\" class=\"wp-caption-text\">Silick\u00e1 Jablonica, fotograf: Tibor I\u010do<\/figcaption><\/figure>\n<p>Jeho interi\u00e9r je zaklenut\u00fd prusk\u00fdmi klenbami.<\/p>\n<p>Nach\u00e1dzaj\u00fa sa tu dve proti\u013eahl\u00e9 dreven\u00e9 empory na krat\u0161\u00edch stran\u00e1ch p\u00f4dorysu a klasicistick\u00e1 kazate\u013enica z konca 18. storo\u010dia.<\/p>\n<p>Prie\u010deliu dominuje v\u00fdrazn\u00fd prelamovan\u00fd \u0161t\u00edt dekoravan kazetami a \u0161tukat\u00farami.<\/p>\n<p>Ve\u017ea so segmentovo ukon\u010dn\u00fdmi rezonan\u010dn\u00fdmi otvormi je \u010dlenen\u00e1 kord\u00f3novou r\u00edmsou a ukon\u010den\u00e1 ihlancovou helmicou.<\/p>\n<h3><span style=\"color: #808000;\">Bl\u00edzke stredisko, turistick\u00e9 centrum, obec alebo mesto:<\/span><\/h3>\n<ul>\n<li><a href=\"http:\/\/www.slovensky-kras.eu\/info\/strediska-a-centra\/obec-silicka-jablonica\/\">Obec Silick\u00e1 Jablonica (\u010d\u00edtaj viac&#8230;)<\/a><\/li>\n<\/ul>\n<h3><span style=\"color: #808000;\">Mapy<\/span><\/h3>\n<p><strong>Vrstvy: <\/strong>Turistick\u00e1 mapa, Automapa, Cyklomapa, Ly\u017eiarska mapa, Satelitn\u00e1 mapa a OpenStreetMap.<\/p>\n<p><strong>Kliknut\u00edm na logo &#8222;Freemap.sk&#8220; sa V\u00e1m mapa zobraz\u00ed na celej ploche obrazovky.<\/strong><\/p>\n<p><iframe style=\"width: 800px; height: 600px; border: 0;\" src=\"https:\/\/www.freemap.sk\/?map=14\/48.558631\/20.610394&amp;info-point=48.558631\/20.610394,Obec Silick\u00e1 Jablonica&amp;layers=T&amp;embed=search\" allowfullscreen=\"allowfullscreen\"><\/iframe><\/p>\n<h3><span style=\"color: #808000;\">Po\u010dasie<\/span><\/h3>\n<p><iframe style=\"width: 800px; height: 610px;\" src=\"https:\/\/www.meteoblue.com\/sk\/po%C4%8Dasie\/widget\/three\/silick%c3%a1-jablonica_slovensk%c3%a1-republika_723619?geoloc=fixed&amp;nocurrent=0&amp;noforecast=0&amp;days=6&amp;tempunit=CELSIUS&amp;windunit=KILOMETER_PER_HOUR&amp;layout=image\" frameborder=\"0\" scrolling=\"NO\" sandbox=\"allow-same-origin allow-scripts allow-popups allow-popups-to-escape-sandbox\"><span data-mce-type=\"bookmark\" style=\"display: inline-block; width: 0px; overflow: hidden; line-height: 0;\" class=\"mce_SELRES_start\">\ufeff<\/span><\/iframe><\/p>\n<div><!-- DO NOT REMOVE THIS LINK --><a href=\"https:\/\/www.meteoblue.com\/sk\/po%C4%8Dasie\/predpove%C4%8F\/t%C3%BD%C5%BEde%C5%88\/silick%c3%a1-jablonica_slovensk%c3%a1-republika_723619?utm_source=weather_widget&amp;utm_medium=linkus&amp;utm_content=three&amp;utm_campaign=Weather%2BWidget\" target=\"_blank\" rel=\"noopener noreferrer\">meteoblue<\/a><\/div>\n","protected":false},"excerpt":{"rendered":"<p>Menu: Podkateg\u00f3ria: V\u0161eobecn\u00e9 inform\u00e1cie Reformovan\u00fd kostol v Silickej Jablonici je jednolo\u010fov\u00e1 klasicistick\u00e1 toleran\u010dn\u00e1 stavba s pravouhl\u00fdm z\u00e1verom a predstavanou ve\u017eou. Bol postaveny v roku 1789 po vydan\u00ed Toleran\u010dn\u00e9ho patentu Jozefom [&hellip;]<\/p>\n","protected":false},"author":1,"featured_media":0,"parent":15,"menu_order":0,"comment_status":"closed","ping_status":"closed","template":"","meta":{"_uag_custom_page_level_css":"","footnotes":""},"class_list":["post-18170","page","type-page","status-publish","hentry"],"featured_image_src":"","featured_image_src_square":false,"rbea_author_info":{"display_name":"admin","author_link":"https:\/\/www.slovensky-kras.eu\/info\/author\/admin\/"},"rbea_excerpt_info":"Menu: Podkateg\u00f3ria: V\u0161eobecn\u00e9 inform\u00e1cie Reformovan\u00fd kostol v Silickej Jablonici je jednolo\u010fov\u00e1 klasicistick\u00e1 toleran\u010dn\u00e1 stavba s pravouhl\u00fdm z\u00e1verom a predstavanou ve\u017eou. Bol postaveny v roku 1789 po vydan\u00ed Toleran\u010dn\u00e9ho patentu Jozefom [&hellip;]","uagb_featured_image_src":{"full":false,"thumbnail":false,"medium":false,"medium_large":false,"large":false,"1536x1536":false,"2048x2048":false},"uagb_author_info":{"display_name":"admin","author_link":"https:\/\/www.slovensky-kras.eu\/info\/author\/admin\/"},"uagb_comment_info":0,"uagb_excerpt":"Menu: Podkateg\u00f3ria: V\u0161eobecn\u00e9 inform\u00e1cie Reformovan\u00fd kostol v Silickej Jablonici je jednolo\u010fov\u00e1 klasicistick\u00e1 toleran\u010dn\u00e1 stavba s pravouhl\u00fdm z\u00e1verom a predstavanou ve\u017eou. Bol postaveny v roku 1789 po vydan\u00ed Toleran\u010dn\u00e9ho patentu Jozefom [&hellip;]","_links":{"self":[{"href":"https:\/\/www.slovensky-kras.eu\/info\/wp-json\/wp\/v2\/pages\/18170","targetHints":{"allow":["GET"]}}],"collection":[{"href":"https:\/\/www.slovensky-kras.eu\/info\/wp-json\/wp\/v2\/pages"}],"about":[{"href":"https:\/\/www.slovensky-kras.eu\/info\/wp-json\/wp\/v2\/types\/page"}],"author":[{"embeddable":true,"href":"https:\/\/www.slovensky-kras.eu\/info\/wp-json\/wp\/v2\/users\/1"}],"replies":[{"embeddable":true,"href":"https:\/\/www.slovensky-kras.eu\/info\/wp-json\/wp\/v2\/comments?post=18170"}],"version-history":[{"count":14,"href":"https:\/\/www.slovensky-kras.eu\/info\/wp-json\/wp\/v2\/pages\/18170\/revisions"}],"predecessor-version":[{"id":18194,"href":"https:\/\/www.slovensky-kras.eu\/info\/wp-json\/wp\/v2\/pages\/18170\/revisions\/18194"}],"up":[{"embeddable":true,"href":"https:\/\/www.slovensky-kras.eu\/info\/wp-json\/wp\/v2\/pages\/15"}],"wp:attachment":[{"href":"https:\/\/www.slovensky-kras.eu\/info\/wp-json\/wp\/v2\/media?parent=18170"}],"curies":[{"name":"wp","href":"https:\/\/api.w.org\/{rel}","templated":true}]}}

Reformovaný kostol v Silickej Jablonici

<p><strong>Menu: </strong><a href="http://www.slovensky-kras.eu/info/" class="su-button su-button-style-default" style="color:#000000;background-color:#FFCF2F;border-color:#cca626;border-radius:5px" target="_self"><span style="color:#000000;padding:6px 16px;font-size:13px;line-height:20px;border-color:#ffde6e;border-radius:5px;text-shadow:none"><i class="sui sui-arrow-right" style="font-size:13px;color:#000000"></i>  Úvod / Aktuality </span></a>
<a href="http://www.slovensky-kras.eu/info/kam-za-pamiatkami/" class="su-button su-button-style-default" style="color:#000000;background-color:#FFCF2F;border-color:#cca626;border-radius:5px" target="_self"><span style="color:#000000;padding:6px 16px;font-size:13px;line-height:20px;border-color:#ffde6e;border-radius:5px;text-shadow:none"><i class="sui sui-arrow-right" style="font-size:13px;color:#000000"></i>  Kam za pamiatkami </span></a>
<div class="su-divider su-divider-style-default" style="margin:15px 0;border-width:0px;border-color:#000000"></div>
<p><strong>Podkategória: </strong> <a href="http://www.slovensky-kras.eu/info/kam-za-pamiatkami/nabozenske-pamiatky/" class="su-button su-button-style-default" style="color:#000000;background-color:#afd144;border-color:#8ca837;border-radius:5px" target="_self"><span style="color:#000000;padding:6px 16px;font-size:13px;line-height:20px;border-color:#c7df7d;border-radius:5px;text-shadow:none"><i class="sui sui-arrow-right" style="font-size:13px;color:#000000"></i>  Náboženské pamiatky </span></a>
<div class="su-divider su-divider-style-default" style="margin:15px 0;border-width:2px;border-color:#000000"></div>
<h3><span style="color: #808000;">Všeobecné informácie</span></h3>
<p>Reformovaný kostol v <a href="http://www.slovensky-kras.eu/info/strediska-a-centra/obec-silicka-jablonica/">Silickej Jablonici</a> je jednoloďová klasicistická tolerančná stavba s pravouhlým záverom a predstavanou vežou.</p>
<figure id="attachment_18181" aria-describedby="caption-attachment-18181" style="width: 800px" class="wp-caption aligncenter"><a href="http://www.slovensky-kras.eu/info/wp-content/uploads/2020/11/Silicka-Jablonica-kostol-768x512-1.png"><img loading="lazy" decoding="async" class="wp-image-18181 size-full" src="http://www.slovensky-kras.eu/info/wp-content/uploads/2020/11/Silicka-Jablonica-kostol-768x512-1.png" alt="" width="800" height="533" srcset="https://www.slovensky-kras.eu/info/wp-content/uploads/2020/11/Silicka-Jablonica-kostol-768x512-1.png 800w, https://www.slovensky-kras.eu/info/wp-content/uploads/2020/11/Silicka-Jablonica-kostol-768x512-1-768x512.png 768w" sizes="auto, (max-width: 800px) 100vw, 800px" /></a><figcaption id="caption-attachment-18181" class="wp-caption-text">klasicistický reformovaný kostol z roku 1789</figcaption></figure>
<p>Bol postaveny v roku 1789 po vydaní Tolerančného patentu Jozefom II. z roku 1781, ktorý po rokoch prenasledovania dovolil evanjelikom stavať si vlastné chrámy a obnoviť cirkevné zbory.</p>
<p>Pôvodne bol pôvodne postavený bez veže, keďže protestantské kostoly ešte podliehali určitým stavebným obmedzeniam.</p>
<figure id="attachment_18180" aria-describedby="caption-attachment-18180" style="width: 800px" class="wp-caption aligncenter"><a href="http://www.slovensky-kras.eu/info/wp-content/uploads/2020/11/silicka-jablonica.jpg"><img loading="lazy" decoding="async" class="wp-image-18180 size-full" src="http://www.slovensky-kras.eu/info/wp-content/uploads/2020/11/silicka-jablonica.jpg" alt="" width="800" height="534" srcset="https://www.slovensky-kras.eu/info/wp-content/uploads/2020/11/silicka-jablonica.jpg 800w, https://www.slovensky-kras.eu/info/wp-content/uploads/2020/11/silicka-jablonica-768x513.jpg 768w" sizes="auto, (max-width: 800px) 100vw, 800px" /></a><figcaption id="caption-attachment-18180" class="wp-caption-text">klasicistický reformovaný kostol z roku 1789, fotograf: Tibor Ičo</figcaption></figure>
<p data-wp-editing="1">Veža bola na objekte doplnená až v 19. storočí.</p>
<p>Kostol prešiel veľkou obnovou v roku 1907.</p>
<figure id="attachment_18172" aria-describedby="caption-attachment-18172" style="width: 800px" class="wp-caption aligncenter"><a href="http://www.slovensky-kras.eu/info/wp-content/uploads/2020/11/silicka-jablonica84.jpg"><img loading="lazy" decoding="async" class="wp-image-18172 size-full" src="http://www.slovensky-kras.eu/info/wp-content/uploads/2020/11/silicka-jablonica84.jpg" alt="" width="800" height="531" srcset="https://www.slovensky-kras.eu/info/wp-content/uploads/2020/11/silicka-jablonica84.jpg 800w, https://www.slovensky-kras.eu/info/wp-content/uploads/2020/11/silicka-jablonica84-768x510.jpg 768w" sizes="auto, (max-width: 800px) 100vw, 800px" /></a><figcaption id="caption-attachment-18172" class="wp-caption-text">Silická Jablonica, fotograf: Tibor Ičo</figcaption></figure>
<p>Jeho interiér je zaklenutý pruskými klenbami.</p>
<p>Nachádzajú sa tu dve protiľahlé drevené empory na kratších stranách pôdorysu a klasicistická kazateľnica z konca 18. storočia.</p>
<p>Priečeliu dominuje výrazný prelamovaný štít dekoravan kazetami a štukatúrami.</p>
<p>Veža so segmentovo ukončnými rezonančnými otvormi je členená kordónovou rímsou a ukončená ihlancovou helmicou.</p>
<h3><span style="color: #808000;">Blízke stredisko, turistické centrum, obec alebo mesto:</span></h3>
<ul>
<li><a href="http://www.slovensky-kras.eu/info/strediska-a-centra/obec-silicka-jablonica/">Obec Silická Jablonica (čítaj viac&#8230;)</a></li>
</ul>
<h3><span style="color: #808000;">Mapy</span></h3>
<p><strong>Vrstvy: </strong>Turistická mapa, Automapa, Cyklomapa, Lyžiarska mapa, Satelitná mapa a OpenStreetMap.</p>
<p><strong>Kliknutím na logo &#8222;Freemap.sk&#8220; sa Vám mapa zobrazí na celej ploche obrazovky.</strong></p>
<p><iframe style="width: 800px; height: 600px; border: 0;" src="https://www.freemap.sk/?map=14/48.558631/20.610394&amp;info-point=48.558631/20.610394,Obec Silická Jablonica&amp;layers=T&amp;embed=search" allowfullscreen="allowfullscreen"></iframe></p>
<h3><span style="color: #808000;">Počasie</span></h3>
<p><iframe style="width: 800px; height: 610px;" src="https://www.meteoblue.com/sk/po%C4%8Dasie/widget/three/silick%c3%a1-jablonica_slovensk%c3%a1-republika_723619?geoloc=fixed&amp;nocurrent=0&amp;noforecast=0&amp;days=6&amp;tempunit=CELSIUS&amp;windunit=KILOMETER_PER_HOUR&amp;layout=image" frameborder="0" scrolling="NO" sandbox="allow-same-origin allow-scripts allow-popups allow-popups-to-escape-sandbox"><span data-mce-type="bookmark" style="display: inline-block; width: 0px; overflow: hidden; line-height: 0;" class="mce_SELRES_start">﻿</span></iframe></p>
<div><!-- DO NOT REMOVE THIS LINK --><a href="https://www.meteoblue.com/sk/po%C4%8Dasie/predpove%C4%8F/t%C3%BD%C5%BEde%C5%88/silick%c3%a1-jablonica_slovensk%c3%a1-republika_723619?utm_source=weather_widget&amp;utm_medium=linkus&amp;utm_content=three&amp;utm_campaign=Weather%2BWidget" target="_blank" rel="noopener noreferrer">meteoblue</a></div>

<p>Menu: Podkategória: Všeobecné informácie Reformovaný kostol v Silickej Jablonici je jednoloďová klasicistická tolerančná stavba s pravouhlým záverom a predstavanou vežou. Bol postaveny v roku 1789 po vydaní Tolerančného patentu Jozefom [&hellip;]</p>

Menu: Podkategória: Všeobecné informácie Reformovaný kostol v Silickej Jablonici je jednoloďová klasicistická tolerančná stavba s pravouhlým záverom a predstavanou vežou. Bol postaveny v roku 1789 po vydaní Tolerančného patentu Jozefom [&hellip;]
