{"id":16520,"date":"2019-12-31T07:44:15","date_gmt":"2019-12-31T06:44:15","guid":{"rendered":"http:\/\/www.slovensky-kras.eu\/info\/?page_id=16520"},"modified":"2023-07-07T05:12:22","modified_gmt":"2023-07-07T03:12:22","slug":"kupalisko-roznava","status":"publish","type":"page","link":"https:\/\/www.slovensky-kras.eu\/info\/aktivity-a-sport\/kupalisko-roznava\/","title":{"rendered":"K\u00fapalisko Ro\u017e\u0148ava"},"content":{"rendered":"<p><strong>Menu: <\/strong><a href=\"http:\/\/www.slovensky-kras.eu\/info\/\" class=\"su-button su-button-style-default\" style=\"color:#000000;background-color:#FFCF2F;border-color:#cca626;border-radius:5px\" target=\"_self\"><span style=\"color:#000000;padding:6px 16px;font-size:13px;line-height:20px;border-color:#ffde6e;border-radius:5px;text-shadow:none\"><i class=\"sui sui-arrow-right\" style=\"font-size:13px;color:#000000\"><\/i>  \u00davod \/ Aktuality <\/span><\/a>\n<a href=\"http:\/\/www.slovensky-kras.eu\/info\/aktivity-a-sport\/\" class=\"su-button su-button-style-default\" style=\"color:#000000;background-color:#FFCF2F;border-color:#cca626;border-radius:5px\" target=\"_self\"><span style=\"color:#000000;padding:6px 16px;font-size:13px;line-height:20px;border-color:#ffde6e;border-radius:5px;text-shadow:none\"><i class=\"sui sui-arrow-right\" style=\"font-size:13px;color:#000000\"><\/i>  Aktivity a \u0161port <\/span><\/a>\n<div class=\"su-divider su-divider-style-default\" style=\"margin:15px 0;border-width:3px;border-color:#000000\"><\/div>\n<p><strong>K\u00fapalisk\u00e1, baz\u00e9ny,\u2026<\/strong><br \/>\n<div class=\"su-divider su-divider-style-default\" style=\"margin:15px 0;border-width:3px;border-color:#000000\"><\/div>\n<h3><span style=\"color: #808000;\">Info o k\u00fapan\u00ed<\/span><\/h3>\n<div class=\"su-box su-box-style-default\" id=\"\" style=\"border-color:#003caf;border-radius:3px;max-width:none\"><div class=\"su-box-title\" style=\"background-color:#226fe2;color:#FFFFFF;border-top-left-radius:1px;border-top-right-radius:1px\">K\u00fapalisko Ro\u017e\u0148ava<\/div><div class=\"su-box-content su-u-clearfix su-u-trim\" style=\"border-bottom-left-radius:1px;border-bottom-right-radius:1px\"><div id=\"tabs-14829\" class=\"tabs-14829 tabs tabs\">\r\n                <style type='text\/css'>\r\n        @media only screen and (min-width: 1024px ){\r\n            #tabs-14829 {\r\n                            width: 100%;\r\n                        }\r\n        }\r\n        @media only screen and ( min-width: 768px ) and ( max-width: 1023px ) {\r\n            #tabs-14829 {\r\n                            width: 100%;\r\n                        }\r\n        }\r\n        @media only screen and ( min-width: 0px ) and ( max-width: 767px ){\r\n            #tabs-14829 {\r\n                            width: 100%;\r\n                        }\r\n        }\r\n        #tabs-14829{\r\n                    text-align: left;\r\n                }\r\n        #tabs-14829{\r\n                    background-color:#ffffff;\r\n                \r\n                }\r\n        #tabs-14829 .tabs-nav{\r\n                    background-color:#23acdd;\r\n                            margin:0px !important;\r\n                            padding:8px 15px !important;\r\n                            float:left !important;\r\n                    border: none;\r\n        }\r\n        #tabs-14829 .tabs-nav:hover{\r\n                    background-color: #217fd1;\r\n                }\r\n        #tabs-14829 .ui-tabs-anchor{\r\n                    color:#000000;\r\n                            font-size:14px;\r\n                    margin:0px !important;\r\n            padding:0px !important;\r\n        }\r\n        #tabs-14829 .tabs-head-title{\r\n                    color:#000000;\r\n                }\r\n        #tabs-14829 .ui-tabs-active{\r\n                    background-color: #217fd1;\r\n                }\r\n        #tabs-14829 .accordion-icons{\r\n                                                }\r\n        #tabs-14829 .tabs-nav:hover .accordion-icons span{\r\n                }\r\n        #tabs-14829 .tabs-content{\r\n                    background-color:#ffffff;\r\n                                color:#000000;\r\n                            font-size:13px;\r\n                                    }\r\n        #tabs-14829 .accordion-icons span{\r\n                        }\r\n            <\/style>\r\n    \r\n    <ul>\r\n                        <li post_id=\"14829\" header_id=\"header-0\" id=\"header-0\" style=\"\" class=\"tabs-nav head0 border-top-round\" toggle-text=\"\" main-text=\"Aktu\u00e1lne podmienky\">\r\n\r\n                    \r\n                    <a style=\"\" class=\"tabs-tab-head\" href=\"#tabs-0\">\r\n                        <span id=\"accordion-icons-0\" class=\"accordion-icons\">\r\n                            <span class=\"accordion-icon-active accordion-plus\"><i class=\"fas fa-chevron-up\"><\/i><\/span>\r\n                            <span class=\"accordion-icon-inactive accordion-minus\"><i class=\"fas fa-chevron-right\"><\/i><\/span>\r\n                        <\/span>\r\n                        <span id=\"header-text-0\" class=\"tabs-head-title\">Aktu\u00e1lne podmienky<\/span>\r\n                    <\/a>\r\n                        \r\n\r\n                <\/li>\r\n\r\n                                <li post_id=\"14829\" header_id=\"header-1545312296075\" id=\"header-1545312296075\" style=\"\" class=\"tabs-nav head1545312296075 border-top-round\" toggle-text=\"\" main-text=\"Baz\u00e9ny\">\r\n\r\n                    \r\n                    <a style=\"\" class=\"tabs-tab-head\" href=\"#tabs-1545312296075\">\r\n                        <span id=\"accordion-icons-1545312296075\" class=\"accordion-icons\">\r\n                            <span class=\"accordion-icon-active accordion-plus\"><i class=\"fas fa-chevron-up\"><\/i><\/span>\r\n                            <span class=\"accordion-icon-inactive accordion-minus\"><i class=\"fas fa-chevron-right\"><\/i><\/span>\r\n                        <\/span>\r\n                        <span id=\"header-text-1545312296075\" class=\"tabs-head-title\">Baz\u00e9ny<\/span>\r\n                    <\/a>\r\n                        \r\n\r\n                <\/li>\r\n\r\n                    <\/ul>\r\n    \r\n\r\n                <div class=\"tabs-content tabs-content0 \" id=\"tabs-0\">\r\n                    <p><table><br \/>\n<tbody><br \/>\n<tr><br \/>\n<th bgcolor=\"#cccccc\"><span style=\"color: #000000\">Baz\u00e9ny<\/span><\/th><br \/>\n<th bgcolor=\"#cccccc\"><span style=\"color: #000000\">Prev\u00e1dzka<\/span><\/th><br \/>\n<th bgcolor=\"#cccccc\"><span style=\"color: #000000\">H\u013abka<\/span><\/th><br \/>\n<th bgcolor=\"#cccccc\"><span style=\"color: #000000\">Teplota vody<\/span><\/th><br \/>\n<\/tr><br \/>\n<tr><br \/>\n<td bgcolor=\"#ffffff\"><span style=\"color: #000000\">4\/4<\/span><\/td><br \/>\n<td bgcolor=\"#ffffff\"><span style=\"color: #000000\">Zatvoren\u00e9<\/span><\/td><br \/>\n<td bgcolor=\"#ffffff\"><span style=\"color: #000000\">0.3 \u2013 1.3 m<\/span><\/td><br \/>\n<td bgcolor=\"#ffffff\"><span style=\"color: #000000\">25 \u2013 26\u00b0C<\/span><\/td><br \/>\n<\/tr><br \/>\n<\/tbody><br \/>\n<\/table><\/p>\n                <\/div>\r\n\r\n                \r\n\r\n                <div class=\"tabs-content tabs-content1545312296075 \" id=\"tabs-1545312296075\">\r\n                    <p><table><colgroup> <col span=\"3\" \/> <col class=\"total\" \/> <\/colgroup><br \/>\n<tbody><br \/>\n<tr><br \/>\n<th bgcolor=\"#cccccc\"><span style=\"color: #000000\">Baz\u00e9ny<\/span><\/th><br \/>\n<th bgcolor=\"#cccccc\"><span style=\"color: #000000\">Typ<\/span><\/th><br \/>\n<th bgcolor=\"#cccccc\"><span style=\"color: #000000\">H\u013abka<\/span><\/th><br \/>\n<th bgcolor=\"#cccccc\"><span style=\"color: #000000\">Ve\u013ekos\u0165<\/span><\/th><br \/>\n<th bgcolor=\"#cccccc\"><span style=\"color: #000000\">Prev\u00e1dzka<\/span><\/th><br \/>\n<\/tr><br \/>\n<tr><br \/>\n<td bgcolor=\"#ffffff\"><span style=\"color: #000000\">Plaveck\u00fd baz\u00e9n<\/span><\/td><br \/>\n<td bgcolor=\"#ffffff\"><span style=\"color: #000000\">Nekryt\u00fd<\/span><\/td><br \/>\n<td bgcolor=\"#ffffff\"><span style=\"color: #000000\">0,3 m<\/span><\/td><br \/>\n<td bgcolor=\"#ffffff\"><span style=\"color: #000000\">50x25 m<\/span><\/td><br \/>\n<td bgcolor=\"#ffffff\"><span style=\"color: #000000\"><img loading=\"lazy\" decoding=\"async\" class=\"alignnone size-full wp-image-26899\" src=\"http:\/\/www.keturist.sk\/info\/wp-content\/uploads\/2018\/12\/yes.png\" alt=\"\" width=\"20\" height=\"21\" \/>\u00a025-26 \u00b0C<\/span><\/td><br \/>\n<\/tr><br \/>\n<tr><br \/>\n<td bgcolor=\"#ffffff\"><span style=\"color: #000000\">Detsk\u00fd baz\u00e9n<\/span><\/td><br \/>\n<td bgcolor=\"#ffffff\"><span style=\"color: #000000\">Nekryt\u00fd<\/span><\/td><br \/>\n<td bgcolor=\"#ffffff\"><span style=\"color: #000000\">0,25 m<\/span><\/td><br \/>\n<td bgcolor=\"#ffffff\"><span style=\"color: #000000\">0x0 m<\/span><\/td><br \/>\n<td bgcolor=\"#ffffff\"><span style=\"color: #000000\"><img loading=\"lazy\" decoding=\"async\" class=\"alignnone size-full wp-image-26899\" src=\"http:\/\/www.keturist.sk\/info\/wp-content\/uploads\/2018\/12\/yes.png\" alt=\"\" width=\"20\" height=\"21\" \/>\u00a0 27\u00b0C<\/span><\/td><br \/>\n<\/tr><br \/>\n<tr><br \/>\n<td bgcolor=\"#ffffff\"><span style=\"color: #000000\">Detsk\u00fd baz\u00e9n<\/span><\/td><br \/>\n<td bgcolor=\"#ffffff\"><span style=\"color: #000000\">Nekryt\u00fd<\/span><\/td><br \/>\n<td bgcolor=\"#ffffff\"><span style=\"color: #000000\">0,4 m<\/span><\/td><br \/>\n<td bgcolor=\"#ffffff\"><span style=\"color: #000000\">0x0 m<\/span><\/td><br \/>\n<td bgcolor=\"#ffffff\"><span style=\"color: #000000\"><img loading=\"lazy\" decoding=\"async\" class=\"alignnone size-full wp-image-26899\" src=\"http:\/\/www.keturist.sk\/info\/wp-content\/uploads\/2018\/12\/yes.png\" alt=\"\" width=\"20\" height=\"21\" \/>\u00a0 26\u00b0C<\/span><\/td><br \/>\n<\/tr><br \/>\n<tr><br \/>\n<td bgcolor=\"#ffffff\"><span style=\"color: #000000\">Detsk\u00fd baz\u00e9n<\/span><\/td><br \/>\n<td bgcolor=\"#ffffff\"><span style=\"color: #000000\">Nekryt\u00fd<\/span><\/td><br \/>\n<td bgcolor=\"#ffffff\"><span style=\"color: #000000\">0,3 m<\/span><\/td><br \/>\n<td bgcolor=\"#ffffff\"><span style=\"color: #000000\">0x0 m<\/span><\/td><br \/>\n<td bgcolor=\"#ffffff\"><span style=\"color: #000000\"><img loading=\"lazy\" decoding=\"async\" class=\"alignnone size-full wp-image-26899\" src=\"http:\/\/www.keturist.sk\/info\/wp-content\/uploads\/2018\/12\/yes.png\" alt=\"\" width=\"20\" height=\"21\" \/>\u00a0 28\u00b0C<\/span><\/td><br \/>\n<\/tr><br \/>\n<\/tbody><br \/>\n<\/table><\/p>\n                <\/div>\r\n\r\n                    <script>\r\n        jQuery(document).ready(function($){\r\n                                tabs_tabs_active_index_14829 = [];\r\n                            })\r\n    <\/script>\r\n        <script>\r\n        jQuery(document).ready(function($){\r\n                        $(\"#tabs-14829\" ).tabs({\r\n                collapsible: true,\r\n                event: \"click\",\r\n                active: 1,\r\n            });\r\n            if(typeof tabs_tabs_active_index_14829 != 'undefined'){\r\n                $(\"#tabs-14829\").tabs(\"option\", \"active\", tabs_tabs_active_index_14829);\r\n            }\r\n        })\r\n    <\/script>\r\n                <\/div><\/div><\/div>\n<h3><span style=\"color: #808000;\">Info o k\u00fapan\u00ed &#8211; ostatn\u00e9 k\u00fapalisk\u00e1<\/span><\/h3>\n<a href=\"http:\/\/www.slovensky-kras.eu\/info\/kupaliska-bazeny\/\" class=\"su-button su-button-style-default\" style=\"color:#000000;background-color:#2D89EF;border-color:#246ec0;border-radius:5px\" target=\"_blank\" rel=\"noopener noreferrer\"><span style=\"color:#000000;padding:6px 16px;font-size:13px;line-height:20px;border-color:#6cadf4;border-radius:5px;text-shadow:none\"><i class=\"sui sui-link\" style=\"font-size:13px;color:#000000\"><\/i>  K\u00fapalisk\u00e1, baz\u00e9ny,\u2026 <\/span><\/a>\n<div class=\"su-divider su-divider-style-default\" style=\"margin:15px 0;border-width:0px;border-color:#000000\"><\/div>\n<h3><span style=\"color: #808000;\">V\u0161eobecn\u00e9 inform\u00e1cie<\/span><\/h3>\n<p>K\u00fapalisko v Ro\u017e\u0148ave tvori rozsiahly are\u00e1l s kapacitou pre 1500 n\u00e1v\u0161tevn\u00edkov.<\/p>\n<p><a href=\"http:\/\/www.slovensky-kras.eu\/info\/wp-content\/uploads\/2020\/02\/roznava-kupalisko-2.jpg\"><img loading=\"lazy\" decoding=\"async\" class=\"aligncenter wp-image-16824 size-full\" src=\"http:\/\/www.slovensky-kras.eu\/info\/wp-content\/uploads\/2020\/02\/roznava-kupalisko-2.jpg\" alt=\"\" width=\"800\" height=\"480\" srcset=\"https:\/\/www.slovensky-kras.eu\/info\/wp-content\/uploads\/2020\/02\/roznava-kupalisko-2.jpg 800w, https:\/\/www.slovensky-kras.eu\/info\/wp-content\/uploads\/2020\/02\/roznava-kupalisko-2-768x461.jpg 768w\" sizes=\"auto, (max-width: 800px) 100vw, 800px\" \/><\/a>S\u00fa\u010das\u0165ou tohto are\u00e1lu je ve\u013ek\u00fd plaveck\u00fd baz\u00e9n s trojposchodov\u00fdm skokansk\u00fdm most\u00edkom o rozmeroch 50 x 25 m s minim\u00e1lnou v\u00fd\u0161kou vody 1,20 m a maxim\u00e1lnou v\u00fd\u0161kou vody 4,0 m.<\/p>\n<p>Pre detsk\u00fdch n\u00e1v\u0161tevn\u00edkov tu maj\u00fa k dispoz\u00edci\u00ed 3 detsk\u00e9 baz\u00e9ny, detsk\u00e9 dopravn\u00e9 ihrisko a detsk\u00e9 ihrisk\u00e1 s pieskoviskami, hojda\u010dkami a preliezkami.<\/p>\n<p>K\u00fapalisko obklopuje mno\u017estvo zelene s parkovou \u00fapravou.<\/p>\n<p>Dostatok listnat\u00fdch stromov poskytuje ochranu pred slnkom a pr\u00edjemn\u00fd chl\u00e1dok.<\/p>\n<p>K\u00fapalisko poskytuje aj minigolf, ihrisko na pl\u00e1\u017eov\u00fd volejbal, tenisov\u00fd kurt, asfaltov\u00e9 ihrisko na basketbal a volejbal.<\/p>\n<p>Ob\u010derstvenie pon\u00faka a\u017e 5 bufetov nach\u00e1dzaj\u00facich sa priamo v are\u00e1li.<\/p>\n<p>Takmer v\u0161etky poskytuj\u00fa aj posedenie na lavi\u010dk\u00e1ch so slne\u010dn\u00edkmi, na krytej letnej terase \u010di v tieni stromov.<\/p>\n<h3><span style=\"color: #808000;\">Otv\u00e1racie hodiny<\/span><\/h3>\n<ul>\n<li><a href=\"https:\/\/www.slovensky-kras.eu\/info\/letne-kupalisko-roznava-otvaracie-hodiny\/\">Letn\u00e9 k\u00fapalisko Ro\u017e\u0148ava: Otv\u00e1racie hodiny (\u010d\u00edtaj viac&#8230;)<\/a><\/li>\n<\/ul>\n<h3><span style=\"color: #808000;\">Kontakt<\/span><\/h3>\n<p>\u0160t\u00edtnick\u00e1 ulica,<br \/>\n04801 Ro\u017e\u0148ava<br \/>\n<strong>Telef\u00f3n:<\/strong> 058\/7324676<br \/>\nWeb: <a href=\"http:\/\/www.roznava.sk\" target=\"_blank\" rel=\"noopener noreferrer\">www.roznava.sk<\/a><br \/>\n<strong>GPS:<\/strong> N 48.660063 E 20.519806<\/p>\n<h3><span style=\"color: #808000;\">Mapy<\/span><\/h3>\n<p><strong>Vrstvy: <\/strong>Turistick\u00e1 mapa, Automapa, Cyklomapa, Ly\u017eiarska mapa, Satelitn\u00e1 mapa a OpenStreetMap.<\/p>\n<p><strong>Kliknut\u00edm na logo &#8222;Freemap.sk&#8220; sa V\u00e1m mapa zobraz\u00ed na celej ploche obrazovky.<\/strong><\/p>\n<p><iframe style=\"width: 800px; height: 600px; border: 0;\" src=\"https:\/\/www.freemap.sk\/?map=14\/48.657414\/20.522515&amp;info-point=48.657414\/20.522515,K\u00fapalisko Ro\u017e\u0148ava&amp;layers=T&amp;embed=search\" allowfullscreen=\"allowfullscreen\"><\/iframe><\/p>\n<h3><span style=\"color: #808000;\">Po\u010dasie<\/span><strong><br \/>\n<\/strong><\/h3>\n<p><iframe style=\"width: 805px; height: 624px;\" src=\"https:\/\/www.meteoblue.com\/sk\/po%C4%8Dasie\/widget\/three\/ro%c5%be%c5%88ava_slovensko_723713?geoloc=fixed&amp;nocurrent=0&amp;noforecast=0&amp;days=7&amp;tempunit=CELSIUS&amp;windunit=KILOMETER_PER_HOUR&amp;layout=image\" frameborder=\"0\" scrolling=\"NO\" sandbox=\"allow-same-origin allow-scripts allow-popups allow-popups-to-escape-sandbox\"><\/iframe><\/p>\n<div><!-- DO NOT REMOVE THIS LINK --><a href=\"https:\/\/www.meteoblue.com\/sk\/po%C4%8Dasie\/t%C3%BD%C5%BEde%C5%88\/ro%c5%be%c5%88ava_slovensko_723713?utm_source=weather_widget&amp;utm_medium=linkus&amp;utm_content=three&amp;utm_campaign=Weather%2BWidget\" target=\"_blank\" rel=\"noopener noreferrer\">meteoblue<\/a><\/div>\n","protected":false},"excerpt":{"rendered":"<p>Menu: K\u00fapalisk\u00e1, baz\u00e9ny,\u2026 Info o k\u00fapan\u00ed Info o k\u00fapan\u00ed &#8211; ostatn\u00e9 k\u00fapalisk\u00e1 V\u0161eobecn\u00e9 inform\u00e1cie K\u00fapalisko v Ro\u017e\u0148ave tvori rozsiahly are\u00e1l s kapacitou pre 1500 n\u00e1v\u0161tevn\u00edkov. S\u00fa\u010das\u0165ou tohto are\u00e1lu je ve\u013ek\u00fd [&hellip;]<\/p>\n","protected":false},"author":1,"featured_media":0,"parent":11,"menu_order":0,"comment_status":"closed","ping_status":"closed","template":"","meta":{"_uag_custom_page_level_css":"","footnotes":""},"class_list":["post-16520","page","type-page","status-publish","hentry"],"featured_image_src":"","featured_image_src_square":false,"rbea_author_info":{"display_name":"admin","author_link":"https:\/\/www.slovensky-kras.eu\/info\/author\/admin\/"},"rbea_excerpt_info":"Menu: K\u00fapalisk\u00e1, baz\u00e9ny,\u2026 Info o k\u00fapan\u00ed Info o k\u00fapan\u00ed &#8211; ostatn\u00e9 k\u00fapalisk\u00e1 V\u0161eobecn\u00e9 inform\u00e1cie K\u00fapalisko v Ro\u017e\u0148ave tvori rozsiahly are\u00e1l s kapacitou pre 1500 n\u00e1v\u0161tevn\u00edkov. S\u00fa\u010das\u0165ou tohto are\u00e1lu je ve\u013ek\u00fd [&hellip;]","uagb_featured_image_src":{"full":false,"thumbnail":false,"medium":false,"medium_large":false,"large":false,"1536x1536":false,"2048x2048":false},"uagb_author_info":{"display_name":"admin","author_link":"https:\/\/www.slovensky-kras.eu\/info\/author\/admin\/"},"uagb_comment_info":0,"uagb_excerpt":"Menu: K\u00fapalisk\u00e1, baz\u00e9ny,\u2026 Info o k\u00fapan\u00ed Info o k\u00fapan\u00ed &#8211; ostatn\u00e9 k\u00fapalisk\u00e1 V\u0161eobecn\u00e9 inform\u00e1cie K\u00fapalisko v Ro\u017e\u0148ave tvori rozsiahly are\u00e1l s kapacitou pre 1500 n\u00e1v\u0161tevn\u00edkov. S\u00fa\u010das\u0165ou tohto are\u00e1lu je ve\u013ek\u00fd [&hellip;]","_links":{"self":[{"href":"https:\/\/www.slovensky-kras.eu\/info\/wp-json\/wp\/v2\/pages\/16520","targetHints":{"allow":["GET"]}}],"collection":[{"href":"https:\/\/www.slovensky-kras.eu\/info\/wp-json\/wp\/v2\/pages"}],"about":[{"href":"https:\/\/www.slovensky-kras.eu\/info\/wp-json\/wp\/v2\/types\/page"}],"author":[{"embeddable":true,"href":"https:\/\/www.slovensky-kras.eu\/info\/wp-json\/wp\/v2\/users\/1"}],"replies":[{"embeddable":true,"href":"https:\/\/www.slovensky-kras.eu\/info\/wp-json\/wp\/v2\/comments?post=16520"}],"version-history":[{"count":4,"href":"https:\/\/www.slovensky-kras.eu\/info\/wp-json\/wp\/v2\/pages\/16520\/revisions"}],"predecessor-version":[{"id":24988,"href":"https:\/\/www.slovensky-kras.eu\/info\/wp-json\/wp\/v2\/pages\/16520\/revisions\/24988"}],"up":[{"embeddable":true,"href":"https:\/\/www.slovensky-kras.eu\/info\/wp-json\/wp\/v2\/pages\/11"}],"wp:attachment":[{"href":"https:\/\/www.slovensky-kras.eu\/info\/wp-json\/wp\/v2\/media?parent=16520"}],"curies":[{"name":"wp","href":"https:\/\/api.w.org\/{rel}","templated":true}]}}