{"id":16120,"date":"2019-12-22T05:58:09","date_gmt":"2019-12-22T04:58:09","guid":{"rendered":"http:\/\/www.slovensky-kras.eu\/info\/?page_id=16120"},"modified":"2019-12-22T06:24:53","modified_gmt":"2019-12-22T05:24:53","slug":"tipy-na-vylety","status":"publish","type":"page","link":"https:\/\/www.slovensky-kras.eu\/info\/tipy-na-vylety\/","title":{"rendered":"TIPY NA V\u00ddLETY"},"content":{"rendered":"<a href=\"http:\/\/www.slovensky-kras.eu\/info\/\" class=\"su-button su-button-style-default\" style=\"color:#000000;background-color:#FFCF2F;border-color:#cca626;border-radius:5px\" target=\"_self\"><span style=\"color:#000000;padding:6px 16px;font-size:13px;line-height:20px;border-color:#ffde6e;border-radius:5px;text-shadow:none\"><i class=\"sui sui-arrow-right\" style=\"font-size:13px;color:#000000\"><\/i>  \u00davod \/ Aktuality <\/span><\/a>\n<a href=\"http:\/\/www.slovensky-kras.eu\/info\/tipy-na-vylety\/\" class=\"su-button su-button-style-default\" style=\"color:#000000;background-color:#FFCF2F;border-color:#cca626;border-radius:5px\" target=\"_self\"><span style=\"color:#000000;padding:6px 16px;font-size:13px;line-height:20px;border-color:#ffde6e;border-radius:5px;text-shadow:none\"><i class=\"sui sui-arrow-right\" style=\"font-size:13px;color:#000000\"><\/i>  TIPY NA V\u00ddLETY <\/span><\/a>\n<div class=\"su-divider su-divider-style-default\" style=\"margin:15px 0;border-width:2px;border-color:#000000\"><\/div>\n<p>&nbsp;<br \/>\n<a href=\"http:\/\/www.slovensky-kras.eu\/info\/strediska-a-centra\/\" class=\"su-button su-button-style-default\" style=\"color:#000000;background-color:#afd144;border-color:#8ca837;border-radius:10px\" target=\"_self\"><span style=\"color:#000000;padding:8px 26px;font-size:20px;line-height:30px;border-color:#c7df7d;border-radius:10px;text-shadow:none\"><i class=\"sui sui-arrow-right\" style=\"font-size:20px;color:#000000\"><\/i>  Turistick\u00e9 v\u00fdchodisk\u00e1  <\/span><\/a>\n<p>&nbsp;<br \/>\n<a href=\"http:\/\/www.slovensky-kras.eu\/info\/kam-do-prirody\/\" class=\"su-button su-button-style-default\" style=\"color:#000000;background-color:#afd144;border-color:#8ca837;border-radius:10px\" target=\"_self\"><span style=\"color:#000000;padding:8px 26px;font-size:20px;line-height:30px;border-color:#c7df7d;border-radius:10px;text-shadow:none\"><i class=\"sui sui-arrow-right\" style=\"font-size:20px;color:#000000\"><\/i>  Kam do pr\u00edrody  <\/span><\/a>\n<p>&nbsp;<br \/>\n<a href=\"http:\/\/www.slovensky-kras.eu\/info\/kam-za-pamiatkami\/\" class=\"su-button su-button-style-default\" style=\"color:#000000;background-color:#afd144;border-color:#8ca837;border-radius:10px\" target=\"_self\"><span style=\"color:#000000;padding:8px 26px;font-size:20px;line-height:30px;border-color:#c7df7d;border-radius:10px;text-shadow:none\"><i class=\"sui sui-arrow-right\" style=\"font-size:20px;color:#000000\"><\/i>  Kam za pamiatkami <\/span><\/a>\n<p>&nbsp;<br \/>\n<a href=\"http:\/\/www.slovensky-kras.eu\/info\/zaujimavosti\/\" class=\"su-button su-button-style-default\" style=\"color:#000000;background-color:#afd144;border-color:#8ca837;border-radius:10px\" target=\"_self\"><span style=\"color:#000000;padding:8px 26px;font-size:20px;line-height:30px;border-color:#c7df7d;border-radius:10px;text-shadow:none\"><i class=\"sui sui-arrow-right\" style=\"font-size:20px;color:#000000\"><\/i>  Zauj\u00edmavosti <\/span><\/a>\n<p>&nbsp;<br \/>\n<a href=\"http:\/\/www.slovensky-kras.eu\/info\/spristupnene-jaskyne-info\/\" class=\"su-button su-button-style-default\" style=\"color:#000000;background-color:#afd144;border-color:#8ca837;border-radius:10px\" target=\"_self\"><span style=\"color:#000000;padding:8px 26px;font-size:20px;line-height:30px;border-color:#c7df7d;border-radius:10px;text-shadow:none\"><i class=\"sui sui-arrow-right\" style=\"font-size:20px;color:#000000\"><\/i>  Spr\u00edstupnen\u00e9 jaskyne \u2013 info <\/span><\/a>\n<div class=\"su-divider su-divider-style-default\" style=\"margin:15px 0;border-width:3px;border-color:#000000\"><\/div>\n","protected":false},"excerpt":{"rendered":"<p>&nbsp; &nbsp; &nbsp; &nbsp; &nbsp;<\/p>\n","protected":false},"author":1,"featured_media":0,"parent":0,"menu_order":0,"comment_status":"closed","ping_status":"closed","template":"","meta":{"_uag_custom_page_level_css":"","footnotes":""},"class_list":["post-16120","page","type-page","status-publish","hentry"],"featured_image_src":"","featured_image_src_square":false,"rbea_author_info":{"display_name":"admin","author_link":"https:\/\/www.slovensky-kras.eu\/info\/author\/admin\/"},"rbea_excerpt_info":"&nbsp; &nbsp; &nbsp; &nbsp; &nbsp;","uagb_featured_image_src":{"full":false,"thumbnail":false,"medium":false,"medium_large":false,"large":false,"1536x1536":false,"2048x2048":false},"uagb_author_info":{"display_name":"admin","author_link":"https:\/\/www.slovensky-kras.eu\/info\/author\/admin\/"},"uagb_comment_info":0,"uagb_excerpt":"&nbsp; &nbsp; &nbsp; &nbsp; &nbsp;","_links":{"self":[{"href":"https:\/\/www.slovensky-kras.eu\/info\/wp-json\/wp\/v2\/pages\/16120","targetHints":{"allow":["GET"]}}],"collection":[{"href":"https:\/\/www.slovensky-kras.eu\/info\/wp-json\/wp\/v2\/pages"}],"about":[{"href":"https:\/\/www.slovensky-kras.eu\/info\/wp-json\/wp\/v2\/types\/page"}],"author":[{"embeddable":true,"href":"https:\/\/www.slovensky-kras.eu\/info\/wp-json\/wp\/v2\/users\/1"}],"replies":[{"embeddable":true,"href":"https:\/\/www.slovensky-kras.eu\/info\/wp-json\/wp\/v2\/comments?post=16120"}],"version-history":[{"count":0,"href":"https:\/\/www.slovensky-kras.eu\/info\/wp-json\/wp\/v2\/pages\/16120\/revisions"}],"wp:attachment":[{"href":"https:\/\/www.slovensky-kras.eu\/info\/wp-json\/wp\/v2\/media?parent=16120"}],"curies":[{"name":"wp","href":"https:\/\/api.w.org\/{rel}","templated":true}]}}